Im Logcat geht die Post ab

Jaiel

Jaiel

Dauergast
235
Hi ich hab etwas was vorher noch nciht da war im Logcat


Ich kriege ständig irgendwelche Infos mti denen ich ncihts anfangen kann und die scheinbar ncihts mit meiner app zu tun haben

aber seht selbst...

PHP:
04-01 00:13:58.927: D/BatteryService(962): level:13, scale:100, status:2, health:2, present:true, voltage: 3661, temperature: 253, technology: Li-ion, AC powered:false, USB powered:true, Wireless powered:false, icon:17303785, invalid charger:0, online:4, current avg:-209, charge type:1, power sharing:false, high voltage charger:false, capacity:322000
04-01 00:13:58.927: D/BatteryService(962): Sending ACTION_BATTERY_CHANGED.
04-01 00:13:58.927: D/KeyguardUpdateMonitor(1191): received broadcast android.intent.action.BATTERY_CHANGED
04-01 00:13:58.927: D/KeyguardUpdateMonitor(1191): handleBatteryUpdate
04-01 00:13:58.927: D/UiModeManager(962): mCoverManager.getCoverState() : true
04-01 00:13:58.937: D/STATUSBAR-PhoneStatusBar(1212):  mBrightnessEnablebySettings = true mBrightnessEnablebyBattery = true mBrightnessEnablebyDisableFlag = true mPmsBrightnessEnablebySettings = true
04-01 00:13:58.957: D/BatteryMeterView(1212): ACTION_BATTERY_CHANGED : level:13 status:2 health:2
04-01 00:13:59.997: D/KeyguardUpdateMonitor(1191): received broadcast android.intent.action.TIME_TICK
04-01 00:13:59.997: D/KeyguardUpdateMonitor(1191): handleTimeUpdate
04-01 00:14:00.027: E/(24953): GFX convertToRaster() in Bitmap.cpp for bitmap size 40x152
04-01 00:14:00.027: I/GFX raster(24953): took 0.125365ms for 40*152 texture 11
04-01 00:14:00.027: E/(24953): GFX convertToRaster() in Bitmap.cpp for bitmap size 104x152
04-01 00:14:00.027: I/GFX raster(24953): took 0.556562ms for 104*152 texture 11
04-01 00:14:00.027: E/(24953): GFX convertToRaster() in Bitmap.cpp for bitmap size 104x152
04-01 00:14:00.027: I/GFX raster(24953): took 0.520625ms for 104*152 texture 11
04-01 00:14:00.027: E/(24953): GFX convertToRaster() in Bitmap.cpp for bitmap size 104x152
04-01 00:14:00.027: I/GFX raster(24953): took 0.472656ms for 104*152 texture 11
04-01 00:14:00.027: E/(24953): GFX convertToRaster() in Bitmap.cpp for bitmap size 104x152
04-01 00:14:00.027: I/GFX raster(24953): took 0.562290ms for 104*152 texture 11
04-01 00:14:00.777: D/STATUSBAR-NetworkController(1212): onSignalStrengthsChanged signalStrength=SignalStrength: 7 -1 -1 -1 -1 -1 -1 99 2147483647 2147483647 2147483647 -1 2147483647 gsm|lte 0x2 level=2
04-01 00:14:00.777: D/STATUSBAR-NetworkController(1212): Nothing, mRoamingIconId = 0
04-01 00:14:00.777: D/STATUSBAR-NetworkController(1212): refreshSignalCluster - setNWBoosterIndicators(false)
04-01 00:14:00.777: D/STATUSBAR-NetworkController(1212): refreshSignalCluster: data=0 bt=false
04-01 00:14:01.217: D/ConnectivityManager(962): getActiveNetworkInfo : null
04-01 00:14:01.457: D/STATUSBAR-NetworkController(1212): onSignalStrengthsChanged signalStrength=SignalStrength: 7 -1 -1 -1 -1 -1 -1 99 2147483647 2147483647 2147483647 -1 2147483647 gsm|lte 0x2 level=2
04-01 00:14:01.467: D/STATUSBAR-NetworkController(1212): Nothing, mRoamingIconId = 0
04-01 00:14:05.037: D/SSRMv3:SsrmController(962): SIOP:: AP = 330, PST = 323
04-01 00:14:05.157: E/Watchdog(962): !@Sync 2997
04-01 00:14:05.897: D/STATUSBAR-NetworkController(1212): onSignalStrengthsChanged signalStrength=SignalStrength: 8 -1 -1 -1 -1 -1 -1 99 2147483647 2147483647 2147483647 -1 2147483647 gsm|lte 0x3 level=3
04-01 00:14:05.897: D/STATUSBAR-NetworkController(1212): Nothing, mRoamingIconId = 0
04-01 00:14:05.897: D/STATUSBAR-NetworkController(1212): refreshSignalCluster - setNWBoosterIndicators(false)
04-01 00:14:05.897: D/STATUSBAR-NetworkController(1212): refreshSignalCluster: data=0 bt=false
04-01 00:14:09.217: D/BatteryService(962): level:13, scale:100, status:2, health:2, present:true, voltage: 3677, temperature: 254, technology: Li-ion, AC powered:false, USB powered:true, Wireless powered:false, icon:17303785, invalid charger:0, online:4, current avg:-220, charge type:1, power sharing:false, high voltage charger:false, capacity:322000
04-01 00:14:09.217: D/BatteryService(962): Sending ACTION_BATTERY_CHANGED.
04-01 00:14:09.217: D/KeyguardUpdateMonitor(1191): received broadcast android.intent.action.BATTERY_CHANGED
04-01 00:14:09.217: D/KeyguardUpdateMonitor(1191): handleBatteryUpdate
04-01 00:14:09.217: D/UiModeManager(962): mCoverManager.getCoverState() : true
04-01 00:14:09.217: D/STATUSBAR-PhoneStatusBar(1212):  mBrightnessEnablebySettings = true mBrightnessEnablebyBattery = true mBrightnessEnablebyDisableFlag = true mPmsBrightnessEnablebySettings = true
04-01 00:14:09.247: D/BatteryMeterView(1212): ACTION_BATTERY_CHANGED : level:13 status:2 health:2
04-01 00:14:11.227: D/ConnectivityManager(962): getActiveNetworkInfo : null
04-01 00:14:11.667: D/STATUSBAR-NetworkController(1212): onSignalStrengthsChanged signalStrength=SignalStrength: 8 -1 -1 -1 -1 -1 -1 99 2147483647 2147483647 2147483647 -1 2147483647 gsm|lte 0x3 level=3
04-01 00:14:11.667: D/STATUSBAR-NetworkController(1212): Nothing, mRoamingIconId = 0
04-01 00:14:15.077: D/SSRMv3:SsrmController(962): SIOP:: AP = 330, PST = 325
04-01 00:14:19.337: D/STATUSBAR-NetworkController(1212): onSignalStrengthsChanged signalStrength=SignalStrength: 9 -1 -1 -1 -1 -1 -1 99 2147483647 2147483647 2147483647 -1 2147483647 gsm|lte 0x3 level=3
04-01 00:14:19.337: D/STATUSBAR-NetworkController(1212): Nothing, mRoamingIconId = 0
04-01 00:14:19.507: D/BatteryService(962): level:13, scale:100, status:2, health:2, present:true, voltage: 3672, temperature: 254, technology: Li-ion, AC powered:false, USB powered:true, Wireless powered:false, icon:17303785, invalid charger:0, online:4, current avg:-219, charge type:1, power sharing:false, high voltage charger:false, capacity:322000
04-01 00:14:19.507: D/BatteryService(962): Sending ACTION_BATTERY_CHANGED.
04-01 00:14:19.507: D/UiModeManager(962): mCoverManager.getCoverState() : true
04-01 00:14:19.517: D/KeyguardUpdateMonitor(1191): received broadcast android.intent.action.BATTERY_CHANGED
04-01 00:14:19.517: D/KeyguardUpdateMonitor(1191): handleBatteryUpdate
04-01 00:14:19.517: D/STATUSBAR-PhoneStatusBar(1212):  mBrightnessEnablebySettings = true mBrightnessEnablebyBattery = true mBrightnessEnablebyDisableFlag = true mPmsBrightnessEnablebySettings = true
04-01 00:14:19.527: D/BatteryMeterView(1212): ACTION_BATTERY_CHANGED : level:13 status:2 health:2
04-01 00:14:21.237: D/ConnectivityManager(962): getActiveNetworkInfo : null
04-01 00:14:23.177: D/STATUSBAR-NetworkController(1212): onSignalStrengthsChanged signalStrength=SignalStrength: 9 -1 -1 -1 -1 -1 -1 99 2147483647 2147483647 2147483647 -1 2147483647 gsm|lte 0x3 level=3
04-01 00:14:23.177: D/STATUSBAR-NetworkController(1212): Nothing, mRoamingIconId = 0
04-01 00:14:25.117: D/SSRMv3:SsrmController(962): SIOP:: AP = 340, PST = 327
04-01 00:14:25.857: D/STATUSBAR-NetworkController(1212): onSignalStrengthsChanged signalStrength=SignalStrength: 9 -1 -1 -1 -1 -1 -1 99 2147483647 2147483647 2147483647 -1 2147483647 gsm|lte 0x3 level=3
04-01 00:14:25.857: D/STATUSBAR-NetworkController(1212): Nothing, mRoamingIconId = 0
04-01 00:14:26.277: D/STATUSBAR-NetworkController(1212): onSignalStrengthsChanged signalStrength=SignalStrength: 9 -1 -1 -1 -1 -1 -1 99 2147483647 2147483647 2147483647 -1 2147483647 gsm|lte 0x3 level=3
04-01 00:14:26.277: D/STATUSBAR-NetworkController(1212): Nothing, mRoamingIconId = 0
04-01 00:14:29.817: D/BatteryService(962): level:13, scale:100, status:2, health:2, present:true, voltage: 3675, temperature: 255, technology: Li-ion, AC powered:false, USB powered:true, Wireless powered:false, icon:17303785, invalid charger:0, online:4, current avg:-203, charge type:1, power sharing:false, high voltage charger:false, capacity:322000
04-01 00:14:29.817: D/BatteryService(962): Sending ACTION_BATTERY_CHANGED.
04-01 00:14:29.817: D/UiModeManager(962): mCoverManager.getCoverState() : true
04-01 00:14:29.827: D/KeyguardUpdateMonitor(1191): received broadcast android.intent.action.BATTERY_CHANGED
04-01 00:14:29.827: D/KeyguardUpdateMonitor(1191): handleBatteryUpdate
04-01 00:14:29.827: D/STATUSBAR-PhoneStatusBar(1212):  mBrightnessEnablebySettings = true mBrightnessEnablebyBattery = true mBrightnessEnablebyDisableFlag = true mPmsBrightnessEnablebySettings = true
04-01 00:14:29.847: D/BatteryMeterView(1212): ACTION_BATTERY_CHANGED : level:13 status:2 health:2
04-01 00:14:30.857: D/STATUSBAR-NetworkController(1212): onSignalStrengthsChanged signalStrength=SignalStrength: 8 -1 -1 -1 -1 -1 -1 99 2147483647 2147483647 2147483647 -1 2147483647 gsm|lte 0x3 level=3
04-01 00:14:30.857: D/STATUSBAR-NetworkController(1212): Nothing, mRoamingIconId = 0
04-01 00:14:31.247: D/ConnectivityManager(962): getActiveNetworkInfo : null
04-01 00:14:35.147: D/SSRMv3:SsrmController(962): SIOP:: AP = 330, PST = 330
04-01 00:14:35.157: E/Watchdog(962): !@Sync 2998
04-01 00:14:38.537: D/STATUSBAR-NetworkController(1212): onSignalStrengthsChanged signalStrength=SignalStrength: 8 -1 -1 -1 -1 -1 -1 99 2147483647 2147483647 2147483647 -1 2147483647 gsm|lte 0x3 level=3
04-01 00:14:38.547: D/STATUSBAR-NetworkController(1212): Nothing, mRoamingIconId = 0
04-01 00:14:39.107: D/STATUSBAR-NetworkController(1212): onSignalStrengthsChanged signalStrength=SignalStrength: 7 -1 -1 -1 -1 -1 -1 99 2147483647 2147483647 2147483647 -1 2147483647 gsm|lte 0x2 level=2
04-01 00:14:39.107: D/STATUSBAR-NetworkController(1212): Nothing, mRoamingIconId = 0
04-01 00:14:39.107: D/STATUSBAR-NetworkController(1212): refreshSignalCluster - setNWBoosterIndicators(false)
04-01 00:14:39.107: D/STATUSBAR-NetworkController(1212): refreshSignalCluster: data=0 bt=false
04-01 00:14:39.137: D/STATUSBAR-NetworkController(1212): onSignalStrengthsChanged signalStrength=SignalStrength: 7 -1 -1 -1 -1 -1 -1 99 2147483647 2147483647 2147483647 -1 2147483647 gsm|lte 0x2 level=2
04-01 00:14:39.147: D/STATUSBAR-NetworkController(1212): Nothing, mRoamingIconId = 0
04-01 00:14:40.117: D/BatteryService(962): level:13, scale:100, status:2, health:2, present:true, voltage: 3677, temperature: 255, technology: Li-ion, AC powered:false, USB powered:true, Wireless powered:false, icon:17303785, invalid charger:0, online:4, current avg:-172, charge type:1, power sharing:false, high voltage charger:false, capacity:322000
04-01 00:14:40.117: D/BatteryService(962): Sending ACTION_BATTERY_CHANGED.
04-01 00:14:40.117: D/KeyguardUpdateMonitor(1191): received broadcast android.intent.action.BATTERY_CHANGED
04-01 00:14:40.117: D/KeyguardUpdateMonitor(1191): handleBatteryUpdate
04-01 00:14:40.117: D/UiModeManager(962): mCoverManager.getCoverState() : true
04-01 00:14:40.117: D/STATUSBAR-PhoneStatusBar(1212):  mBrightnessEnablebySettings = true mBrightnessEnablebyBattery = true mBrightnessEnablebyDisableFlag = true mPmsBrightnessEnablebySettings = true
04-01 00:14:40.147: D/BatteryMeterView(1212): ACTION_BATTERY_CHANGED : level:13 status:2 health:2
04-01 00:14:41.257: D/ConnectivityManager(962): getActiveNetworkInfo : null
04-01 00:14:45.187: D/SSRMv3:SsrmController(962): SIOP:: AP = 330, PST = 330
04-01 00:14:47.307: D/InputReader(962): Input event: value=1
04-01 00:14:47.307: D/InputReader(962): Input event: value=1
04-01 00:14:47.307: I/InputReader(962): Touch event's action is 0x0 (deviceType=0) [pCnt=1, s=0.14959 ] when=89987658845000
04-01 00:14:47.317: I/InputDispatcher(962): Delivering touch to (5849): action: 0x4, toolType: 1
04-01 00:14:47.317: I/InputDispatcher(962): Delivering touch to (17950): action: 0x0, toolType: 1
04-01 00:14:47.317: D/ViewRootImpl(17950): ViewPostImeInputStage ACTION_DOWN
04-01 00:14:47.667: D/dalvikvm(17950): GC_FOR_ALLOC freed 8027K, 29% free 45334K/63072K, paused 17ms, total 18ms
04-01 00:14:48.147: D/dalvikvm(17950): GC_FOR_ALLOC freed 8013K, 28% free 45412K/63072K, paused 12ms, total 13ms
04-01 00:14:48.587: D/dalvikvm(17950): GC_FOR_ALLOC freed 8140K, 29% free 45333K/63072K, paused 9ms, total 9ms
04-01 00:14:49.177: D/dalvikvm(17950): GC_FOR_ALLOC freed 8164K, 29% free 45318K/63072K, paused 14ms, total 15ms
04-01 00:14:49.327: D/PowerManagerService(962): [api] userActivityFromNative : 40 (event: 2 flags: 0) eventTime = 89989670
04-01 00:14:49.637: D/dalvikvm(17950): GC_FOR_ALLOC freed 8029K, 29% free 45325K/63072K, paused 12ms, total 12ms
04-01 00:14:50.167: D/dalvikvm(17950): GC_FOR_ALLOC freed 8164K, 29% free 45308K/63072K, paused 17ms, total 18ms
04-01 00:14:50.417: D/BatteryService(962): level:13, scale:100, status:2, health:2, present:true, voltage: 3675, temperature: 256, technology: Li-ion, AC powered:false, USB powered:true, Wireless powered:false, icon:17303785, invalid charger:0, online:4, current avg:-154, charge type:1, power sharing:false, high voltage charger:false, capacity:322000
04-01 00:14:50.417: D/BatteryService(962): Sending ACTION_BATTERY_CHANGED.
04-01 00:14:50.417: D/KeyguardUpdateMonitor(1191): received broadcast android.intent.action.BATTERY_CHANGED
04-01 00:14:50.417: D/KeyguardUpdateMonitor(1191): handleBatteryUpdate
04-01 00:14:50.417: D/UiModeManager(962): mCoverManager.getCoverState() : true
04-01 00:14:50.417: D/STATUSBAR-PhoneStatusBar(1212):  mBrightnessEnablebySettings = true mBrightnessEnablebyBattery = true mBrightnessEnablebyDisableFlag = true mPmsBrightnessEnablebySettings = true
04-01 00:14:50.437: D/BatteryMeterView(1212): ACTION_BATTERY_CHANGED : level:13 status:2 health:2
04-01 00:14:50.537: D/InputReader(962): Input event: value=0
04-01 00:14:50.537: D/InputReader(962): Input event: value=0
04-01 00:14:50.537: I/InputReader(962): Touch event's action is 0x1 (deviceType=0) [pCnt=1, s=] when=89990886116000
04-01 00:14:50.537: I/InputDispatcher(962): Delivering touch to (17950): action: 0x1, toolType: 1
04-01 00:14:51.267: D/ConnectivityManager(962): getActiveNetworkInfo : null
04-01 00:14:55.217: D/SSRMv3:SsrmController(962): SIOP:: AP = 330, PST = 330
04-01 00:14:57.107: D/STATUSBAR-NetworkController(1212): onSignalStrengthsChanged signalStrength=SignalStrength: 7 -1 -1 -1 -1 -1 -1 99 2147483647 2147483647 2147483647 -1 2147483647 gsm|lte 0x2 level=2
04-01 00:14:57.107: D/STATUSBAR-NetworkController(1212): Nothing, mRoamingIconId = 0
04-01 00:14:59.997: D/KeyguardUpdateMonitor(1191): received broadcast android.intent.action.TIME_TICK
04-01 00:14:59.997: D/KeyguardUpdateMonitor(1191): handleTimeUpdate
04-01 00:15:00.057: E/(24953): GFX convertToRaster() in Bitmap.cpp for bitmap size 40x152
04-01 00:15:00.057: I/GFX raster(24953): took 0.197448ms for 40*152 texture 11
04-01 00:15:00.057: E/(24953): GFX convertToRaster() in Bitmap.cpp for bitmap size 104x152
04-01 00:15:00.057: I/GFX raster(24953): took 1.136094ms for 104*152 texture 11
04-01 00:15:00.057: E/(24953): GFX convertToRaster() in Bitmap.cpp for bitmap size 104x152
04-01 00:15:00.057: I/GFX raster(24953): took 1.098490ms for 104*152 texture 11
04-01 00:15:00.057: E/(24953): GFX convertToRaster() in Bitmap.cpp for bitmap size 104x152
04-01 00:15:00.067: I/GFX raster(24953): took 0.966927ms for 104*152 texture 11
04-01 00:15:00.067: E/(24953): GFX convertToRaster() in Bitmap.cpp for bitmap size 104x152
04-01 00:15:00.067: I/GFX raster(24953): took 1.146302ms for 104*152 texture 11
04-01 00:15:00.537: D/NetworkStatsFactory(962): UpdateStatsForKnox
04-01 00:15:00.737: D/BatteryService(962): level:13, scale:100, status:2, health:2, present:true, voltage: 3659, temperature: 257, technology: Li-ion, AC powered:false, USB powered:true, Wireless powered:false, icon:17303785, invalid charger:0, online:4, current avg:-159, charge type:1, power sharing:false, high voltage charger:false, capacity:322000
04-01 00:15:00.737: D/BatteryService(962): Sending ACTION_BATTERY_CHANGED.
04-01 00:15:00.737: D/KeyguardUpdateMonitor(1191): received broadcast android.intent.action.BATTERY_CHANGED
04-01 00:15:00.737: D/KeyguardUpdateMonitor(1191): handleBatteryUpdate
04-01 00:15:00.737: D/UiModeManager(962): mCoverManager.getCoverState() : true
04-01 00:15:00.737: D/STATUSBAR-PhoneStatusBar(1212):  mBrightnessEnablebySettings = true mBrightnessEnablebyBattery = true mBrightnessEnablebyDisableFlag = true mPmsBrightnessEnablebySettings = true
04-01 00:15:00.757: D/BatteryMeterView(1212): ACTION_BATTERY_CHANGED : level:13 status:2 health:2
04-01 00:15:01.277: D/ConnectivityManager(962): getActiveNetworkInfo : null
04-01 00:15:04.157: D/STATUSBAR-NetworkController(1212): onSignalStrengthsChanged signalStrength=SignalStrength: 7 -1 -1 -1 -1 -1 -1 99 2147483647 2147483647 2147483647 -1 2147483647 gsm|lte 0x2 level=2
04-01 00:15:04.157: D/STATUSBAR-NetworkController(1212): Nothing, mRoamingIconId = 0
04-01 00:15:05.157: E/Watchdog(962): !@Sync 2999
04-01 00:15:05.247: D/SSRMv3:SsrmController(962): SIOP:: AP = 330, PST = 330



was sollen all diese Meldungen ?
 
ist jetzt wieder weg
 
Sind nur Logcatausgaben deines Systems. Mache Entwickler schalten die Logcatausgaben in der App nicht ab, wenn die Apps in Produktion gehen. Die kann man dann lesen.
 
markus.tullius schrieb:
Mache Entwickler schalten die Logcatausgaben in der App nicht ab, wenn die Apps in Produktion gehen. Die kann man dann lesen.

Finde ich MEGA ätzend sowas - vor allem was sich das Hersteller erlauben (LG ist da schon ziemlich krass drauf). Ist meiner Meinung nach auch super unprofessionell, da sich logs auch anderweitig in ein textfile schreiben lassen, sofern das nötig ist. Das hat sogar noch den Vorteil, dass es längerfristig verfügbar ist (Bugreport).
Manchmal soll es eben schnell gehen und man hat nicht die Muße 1000 kleine regex-Filter zu erstellen, nur weil andere zu unfähig sind ordentlich zu programmieren. Ich poste dazu später noch mal ein kleines Tutorial, wie man es verhindern kann dass eine Produktionsapp mit aktiven log Ausgaben raus geht (in der Hoffnung, dass sich das irgendwann mal rumspricht).
Ich hab da ehrlich gesagt null Verständnis dafür - wenn es Argumente gibt, die dafür sprechen log Ausgaben bei Builds drin zu lassen, bitte sagen - mir fällt keins ein. Oo
 
also bevor ein Aufstand ausbricht :D

die sind jetzt wieder weg kamen nur zweimal irgendwie
aber wenn das auch passiert bei der fertigen app beim kunden und dann auch noch performancemäßig auswirkungen hat wäre das schon sehr unschön
 
Misspelled wie kann man diese denn nun abstellen falls sie auftauchen beim User?
 

Ähnliche Themen

S
Antworten
8
Aufrufe
511
swa00
swa00
D
  • djsnoopy
Antworten
6
Aufrufe
617
djsnoopy
D
S
Antworten
17
Aufrufe
554
jogimuc
J
Zurück
Oben Unten