* daemon not running. starting it now on port 5037 * * daemon started successfully *
V/CalWidget( 7525): Refreshed 3x4 (8) : Fri 11. Feb 2011 20:06:31
I/AKMD2 ( 1113): akmd2 : Compass Opened.
I/AKMD2 ( 1113): akmd2 : Compass Closed.
I/AKMD2 ( 1113): akmd2 : Compass Opened.
I/AKMD2 ( 1113): akmd2 : Compass Closed.
I/AKMD2 ( 1113): akmd2 : Compass Opened.
D/KeyguardViewMediator( 1185): wakeWhenReadyLocked(26)
D/KeyguardViewMediator( 1185): handleWakeWhenReady(26)
D/KeyguardViewMediator( 1185): pokeWakelock(5000)
I/power ( 1185): *** set_screen_state 1
I/GASH-ak897x( 1185): ak897x_set_delay: 200 ms for AK8975 Compass
I/GASH-ak897x( 1185): ak897x_set_delay: 200 ms for AK8975 Compass Raw
I/GASH-ak897x( 1185): ak897x_set_delay: 200 ms for AK8975 Magnetic Field
D/ZWallpaperService( 3947): ZEngine.onVisibilityChanged(true)
D/ZGLThread( 3947): 14 ZGLThread.onResume
I/GASH-ak897x( 1185): ak897x_set_delay: 60 ms for AK8975 Compass
I/GASH-ak897x( 1185): ak897x_set_delay: 60 ms for AK8975 Compass Raw
I/GASH-ak897x( 1185): ak897x_set_delay: 60 ms for AK8975 Magnetic Field
I/AKMD2 ( 1113): akmd2 : Compass Closed.
I/ActivityManager( 1185): Process com.google.android.apps.maps (pid 6901) has died.
D/SurfaceFlinger( 1185): Screen about to return, flinger = 0x121000
D/dalvikvm( 7525): GC freed 5607 objects / 444192 bytes in 373ms
V/CalWidget( 7525): Refreshed 3x4 (8) : Fri 11. Feb 2011 20:18:58
D/KeyguardViewMediator( 1185): pokeWakelock(5000)
W/InputManagerService( 1185): Window already focused, ignoring focus gain of: com.android.internal.view.IInputMethodClient$Stub$Proxy@457e5440
I/ActivityManager( 1185): Starting activity: Intent { act=android.intent.action.MAIN cat=[android.intent.category.LAUNCHER] flg=0x10200000 cmp=lysesoft.andexplorer/.SplashActivity }
I/ActivityManager( 1185): Start proc lysesoft.andexplorer for activity lysesoft.andexplorer/.SplashActivity: pid=7550 uid=10095 gids={1015}
I/dalvikvm( 7550): Debugger thread not active, ignoring DDM send (t=0x41504e4d l=38)
I/dalvikvm( 7550): Debugger thread not active, ignoring DDM send (t=0x41504e4d l=44)
D/dalvikvm( 1099): GC freed 295 objects / 11312 bytes in 199ms
D/dalvikvm( 1099): GC freed 47 objects / 2192 bytes in 199ms
D/ZWallpaperService( 3947): ZEngine.onVisibilityChanged(false)
D/ZGLThread( 3947): 14 ZGLThread.onPause
D/dalvikvm( 1099): GC freed 2 objects / 48 bytes in 188ms
I/ActivityManager( 1185): Displayed activity lysesoft.andexplorer/.SplashActivity: 650 ms (total 650 ms)
I/ActivityManager( 1185): Process net.eggenstein.android.calwidget (pid 7525) has died.
I/ActivityManager( 1185): Starting activity: Intent { cmp=lysesoft.andexplorer/.LocalFileChooserActivity }
I/ActivityManager( 1185): Displayed activity lysesoft.andexplorer/.LocalFileChooserActivity: 398 ms (total 398 ms)
D/dalvikvm( 7550): GC freed 4575 objects / 298072 bytes in 144ms
D/dalvikvm( 6250): GC freed 4107 objects / 315416 bytes in 161ms
D/dalvikvm( 1280): GC freed 859 objects / 66016 bytes in 212ms
D/OpenSSLSessionImpl( 1280): Freeing OpenSSL session
I/ActivityManager( 1185): Starting activity: Intent { act=android.intent.action.VIEW dat=file:///sdcard/mini%20suquashi/SuquashiInputMethod.apk typ=application/vnd.android.package-archive cmp=com.android.packageinstaller/.PackageInstallerActivity }
W/WindowManager( 1185): Exception when adding starting window
W/WindowManager( 1185): java.lang.RuntimeException: Binary XML file line #25: You must supply a layout_height attribute.
W/WindowManager( 1185): at android.content.res.TypedArray.getLayoutDimension(TypedArray.java:438)
W/WindowManager( 1185): at android.view.ViewGroup$LayoutParams.setBaseAttributes(ViewGroup.java:3553)
W/WindowManager( 1185): at android.view.ViewGroup$MarginLayoutParams.(ViewGroup.java:3632)
W/WindowManager( 1185): at android.widget.LinearLayout$LayoutParams.(LinearLayout.java:1265)
W/WindowManager( 1185): at android.widget.LinearLayout.generateLayoutParams(LinearLayout.java:1191)
W/WindowManager( 1185): at android.widget.LinearLayout.generateLayoutParams(LinearLayout.java:45)
W/WindowManager( 1185): at android.view.LayoutInflater.rInflate(LayoutInflater.java:620)
W/WindowManager( 1185): at android.view.LayoutInflater.inflate(LayoutInflater.java:407)
W/WindowManager( 1185): at android.view.LayoutInflater.inflate(LayoutInflater.java:320)
W/WindowManager( 1185): at android.view.LayoutInflater.inflate(LayoutInflater.java:276)
W/WindowManager( 1185): at com.android.internal.policy.impl.PhoneWindow.generateLayout(PhoneWindow.java:2153)
W/WindowManager( 1185): at com.android.internal.policy.impl.PhoneWindow.installDecor(PhoneWindow.java:2207)
W/WindowManager( 1185): at com.android.internal.policy.impl.PhoneWindow.getDecorView(PhoneWindow.java:1395)
W/WindowManager( 1185): at com.android.internal.policy.impl.PhoneWindowManager.addStartingWindow(PhoneWindowManager.java:829)
W/WindowManager( 1185): at com.android.server.WindowManagerService$H.handleMessage(WindowManagerService.java:8862)
W/WindowManager( 1185): at android.os.Handler.dispatchMessage(Handler.java:99)
W/WindowManager( 1185): at android.os.Looper.loop(Looper.java:123)
W/WindowManager( 1185): at com.android.server.WindowManagerService$WMThread.run(WindowManagerService.java:535)
I/ActivityManager( 1185): Start proc com.android.packageinstaller for activity com.android.packageinstaller/.PackageInstallerActivity: pid=7573 uid=10043 gids={}
I/dalvikvm( 7573): Debugger thread not active, ignoring DDM send (t=0x41504e4d l=38)
I/dalvikvm( 7573): Debugger thread not active, ignoring DDM send (t=0x41504e4d l=60)
W/PackageParser( 7573): No actions in intent filter at /sdcard/mini suquashi/SuquashiInputMethod.apk Binary XML file line #38
W/PackageParser( 7573): No actions in intent filter at /sdcard/mini suquashi/SuquashiInputMethod.apk Binary XML file line #63
I/ActivityManager( 1185): Process com.android.calendar (pid 7530) has died.
I/installd( 1102): free_cache(3186300) avail 97214464
I/ActivityManager( 1185): Displayed activity com.android.packageinstaller/.PackageInstallerActivity: 837 ms (total 837 ms)
I/ActivityManager( 1185): Starting activity: Intent { dat=file:///sdcard/mini%20suquashi/SuquashiInputMethod.apk cmp=com.android.packageinstaller/.InstallAppProgress (has extras) }
I/ActivityManager( 1185): Displayed activity com.android.packageinstaller/.InstallAppProgress: 520 ms (total 520 ms)
D/PackageParser( 1185): Scanning package: /data/app/vmdl11390.tmp
W/PackageParser( 1185): No actions in intent filter at /data/app/vmdl11390.tmp Binary XML file line #38
W/PackageParser( 1185): No actions in intent filter at /data/app/vmdl11390.tmp Binary XML file line #63
D/dalvikvm( 1185): GC freed 31987 objects / 1756776 bytes in 195ms
I/PackageManager( 1185): /data/app/vmdl11390.tmp changed; unpacking
D/installd( 1102): DexInv: --- BEGIN '/data/app/vmdl11390.tmp' ---
I/EONS ( 1267): LOC updated calling updateSimRecords()
D/NetworkLocationProvider( 1185): onCellLocationChanged [907,39467]
I/EONS ( 1267): Number of OPL records = 10
D/EONS ( 1267): lac1=0 lac2=65534 hLac=907 pnn rec=1
W/EONS ( 1267): lac1=0 lac2=65534 hLac=907 pnn rec=1
I/EONS ( 1267): Number of PNN records = 5
D/EONS ( 1267): PNN record number 1, hex data 430786c516945d9f03ffffffffffffffff
D/EONS ( 1267): PNN longname length : 7
I/EONS ( 1267): PNN longname : E-Plus
E/EONS ( 1267): EF_PNN: No short Name
I/ActivityManager( 1185): Process com.sonyericsson.wappush (pid 6889) has died.
D/dalvikvm( 7578): DexOpt: load 253ms, verify 481ms, opt 14ms
D/installd( 1102): DexInv: --- END '/data/app/vmdl11390.tmp' (success) ---
I/installd( 1102): move /data/dalvik-cache/data@app@vmdl11390.tmp@classes.dex -> /data/dalvik-cache/data@app@com.sonyericsson.android.textinput.apk@classes.dex
D/PackageManager( 1185): New package installed in /data/app/com.sonyericsson.android.textinput.apk
D/dalvikvm( 1185): GC freed 25994 objects / 1534744 bytes in 205ms
I/ActivityManager( 1185): Start proc com.noshufou.android.su for broadcast com.noshufou.android.su/.InstallReceiver: pid=7579 uid=10091 gids={1015, 3003}
W/ResourceType( 1185): Resources don't contain package for resource number 0x7f070006
W/ResourceType( 1185): Resources don't contain package for resource number 0x7f020001
W/ResourceType( 1185): Resources don't contain package for resource number 0x7f040000
W/ResourceType( 1185): Resources don't contain package for resource number 0x7f080029
W/ResourceType( 1185): Resources don't contain package for resource number 0x7f020000
W/ResourceType( 1185): Resources don't contain package for resource number 0x7f020000
W/ResourceType( 1185): Resources don't contain package for resource number 0x7f040000
W/ResourceType( 1185): Resources don't contain package for resource number 0x7f050000
W/ResourceType( 1185): Resources don't contain package for resource number 0x7f020005
W/ResourceType( 1185): Resources don't contain package for resource number 0x7f020004
W/ResourceType( 1185): Resources don't contain package for resource number 0x7f040000
W/ResourceType( 1185): Resources don't contain package for resource number 0x7f020000
W/ResourceType( 1185): Resources don't contain package for resource number 0x7f020000
W/ResourceType( 1185): Resources don't contain package for resource number 0x7f060008
W/ResourceType( 1185): Resources don't contain package for resource number 0x7f020000
W/ResourceType( 1185): Resources don't contain package for resource number 0x7f020000
I/dalvikvm( 7579): Debugger thread not active, ignoring DDM send (t=0x41504e4d l=38)
I/dalvikvm( 7579): Debugger thread not active, ignoring DDM send (t=0x41504e4d l=50)
D/InstallReceiver( 7579): com.sonyericsson.android.textinput
I/ActivityManager( 1185): Start proc com.svox.pico for broadcast com.svox.pico/.VoiceDataInstallerReceiver: pid=7591 uid=10055 gids={}
I/ActivityManager( 1185): Process com.noshufou.android.su (pid 7579) has died.
I/dalvikvm( 7591): Debugger thread not active, ignoring DDM send (t=0x41504e4d l=38)
I/dalvikvm( 7591): Debugger thread not active, ignoring DDM send (t=0x41504e4d l=30)
I/ActivityManager( 1185): Start proc com.android.vending for broadcast com.android.vending/.PackageMonitorReceiver: pid=7602 uid=10041 gids={3003}
I/ActivityManager( 1185): Process com.svox.pico (pid 7591) has died.
I/dalvikvm( 7602): Debugger thread not active, ignoring DDM send (t=0x41504e4d l=38)
I/dalvikvm( 7602): Debugger thread not active, ignoring DDM send (t=0x41504e4d l=42)
I/ActivityThread( 7602): Publishing provider com.android.vending.SuggestionsProvider: com.android.vending.SuggestionsProvider
D/vending ( 7602): [1] VendingApplication.onCreate(): Resetting ServiceLocator from app
D/dalvikvm( 1658): GC freed 1119 objects / 51488 bytes in 445ms
I/InstallAppProgress( 7573): Finished installing com.sonyericsson.android.textinput
I/dalvikvm( 7613): Debugger thread not active, ignoring DDM send (t=0x41504e4d l=38)
D/vending ( 7602): [10] LocalDbSyncService.run(): Syncing local DB with package manager...
I/ActivityManager( 1185): Start proc com.keramidas.TitaniumBackup for broadcast com.keramidas.TitaniumBackup/.PackageEventsReceiver: pid=7613 uid=10097 gids={1015, 3003}
I/ActivityManager( 1185): Process com.android.email (pid 6810) has died.
I/dalvikvm( 7613): Debugger thread not active, ignoring DDM send (t=0x41504e4d l=60)
E/Database( 7602): CREATE TABLE android_metadata failed
E/Database( 7602): Failed to setLocale() when constructing, closing the database
E/Database( 7602): android.database.sqlite.SQLiteException: attempt to write a readonly database
E/Database( 7602): at android.database.sqlite.SQLiteDatabase.native_setLocale(Native Method)
E/Database( 7602): at android.database.sqlite.SQLiteDatabase.setLocale(SQLiteDatabase.java:1751)
E/Database( 7602): at android.database.sqlite.SQLiteDatabase.(SQLiteDatabase.java:1701)
E/Database( 7602): at android.database.sqlite.SQLiteDatabase.openDatabase(SQLiteDatabase.java:739)
E/Database( 7602): at android.database.sqlite.SQLiteDatabase.openOrCreateDatabase(SQLiteDatabase.java:761)
E/Database( 7602): at android.database.sqlite.SQLiteDatabase.openOrCreateDatabase(SQLiteDatabase.java:754)
E/Database( 7602): at android.app.ApplicationContext.openOrCreateDatabase(ApplicationContext.java:477)
E/Database( 7602): at android.content.ContextWrapper.openOrCreateDatabase(ContextWrapper.java:193)
E/Database( 7602): at android.database.sqlite.SQLiteOpenHelper.getWritableDatabase(SQLiteOpenHelper.java:98)
E/Database( 7602): at com.android.vending.api.MultiFileDatabaseHelper.getWritableDatabase(MultiFileDatabaseHelper.java:83)
E/Database( 7602): at com.android.vending.api.LocalAssetDatabase.(LocalAssetDatabase.java:135)
E/Database( 7602): at com.android.vending.ServiceLocator.getLocalAssetDatabase(ServiceLocator.java:103)
E/Database( 7602): at com.android.vending.model.Asset.getLocalInfoForAll(Asset.java:1264)
E/Database( 7602): at com.android.vending.model.LocalAssetCache.buildCache(LocalAssetCache.java:151)
E/Database( 7602): at com.android.vending.model.LocalAssetCache.access$000(LocalAssetCache.java:24)
E/Database( 7602): at com.android.vending.model.LocalAssetCache$1.run(LocalAssetCache.java:87)
E/Database( 7602): at java.lang.Thread.run(Thread.java:1096)
E/vending ( 7602): [8] MultiFileDatabaseHelper.getWritableDatabase(): Caught exception when getting a writeable database. Deleting and recreating.
E/vending ( 7602): android.database.sqlite.SQLiteException: attempt to write a readonly database
E/vending ( 7602): at android.database.sqlite.SQLiteDatabase.native_setLocale(Native Method)
E/vending ( 7602): at android.database.sqlite.SQLiteDatabase.setLocale(SQLiteDatabase.java:1751)
E/vending ( 7602): at android.database.sqlite.SQLiteDatabase.(SQLiteDatabase.java:1701)
E/vending ( 7602): at android.database.sqlite.SQLiteDatabase.openDatabase(SQLiteDatabase.java:739)
E/vending ( 7602): at android.database.sqlite.SQLiteDatabase.openOrCreateDatabase(SQLiteDatabase.java:761)
E/vending ( 7602): at android.database.sqlite.SQLiteDatabase.openOrCreateDatabase(SQLiteDatabase.java:754)
E/vending ( 7602): at android.app.ApplicationContext.openOrCreateDatabase(ApplicationContext.java:477)
E/vending ( 7602): at android.content.ContextWrapper.openOrCreateDatabase(ContextWrapper.java:193)
E/vending ( 7602): at android.database.sqlite.SQLiteOpenHelper.getWritableDatabase(SQLiteOpenHelper.java:98)
E/vending ( 7602): at com.android.vending.api.MultiFileDatabaseHelper.getWritableDatabase(MultiFileDatabaseHelper.java:83)
E/vending ( 7602): at com.android.vending.api.LocalAssetDatabase.(LocalAssetDatabase.java:135)
E/vending ( 7602): at com.android.vending.ServiceLocator.getLocalAssetDatabase(ServiceLocator.java:103)
E/vending ( 7602): at com.android.vending.model.Asset.getLocalInfoForAll(Asset.java:1264)
E/vending ( 7602): at com.android.vending.model.LocalAssetCache.buildCache(LocalAssetCache.java:151)
E/vending ( 7602): at com.android.vending.model.LocalAssetCache.access$000(LocalAssetCache.java:24)
E/vending ( 7602): at com.android.vending.model.LocalAssetCache$1.run(LocalAssetCache.java:87)
E/vending ( 7602): at java.lang.Thread.run(Thread.java:1096)
I/ActivityManager( 1185): Process com.android.packageinstaller (pid 7573) has died.
I/WindowManager( 1185): WIN DEATH: Window{45dd7ce0 com.android.packageinstaller/com.android.packageinstaller.InstallAppProgress paused=false} I/com.keramidas.TitaniumBackup.MainApplication( 7613): onCreate() I/com.keramidas.TitaniumBackup.settings.BackupRestore( 7613): restoreMySettings_ifNeeded() I/com.keramidas.TitaniumBackup.settings.BackupRestore( 7613): Internal settings found => No need to restore.
W/Resources( 7613): Converting to string: TypedValue{t=0x10/d=0x1 a=-1}
W/Resources( 7613): Converting to string: TypedValue{t=0x10/d=0x3 a=-1} I/com.keramidas.TitaniumBackup.MainApplication( 7613): Starting scheduler service ...
D/vending ( 7602): [10] LocalAssetDatabase.syncWithPackageManager(): No INSTALLING or UNINSTALLING assets. I/com.keramidas.TitaniumBackup.schedules.SchedulerService( 7613): onCreate()
D/dalvikvm( 7602): GC freed 4163 objects / 318472 bytes in 116ms
D/vending ( 7602): [11] LocalAssetCache.updateOnePackage(): No local info for com.sonyericsson.android.textinput
D/vending ( 7602): [10] LocalDbSyncService.run(): Syncing done. E/com.keramidas.TitaniumBackup.tools.SQLite( 7613): Refusing to downgrade database: /data/data/com.keramidas.TitaniumBackup/databases/schedules I/com.keramidas.TitaniumBackup.schedules.SchedulerService( 7613): scheduleNextWakeup(): Invoked with idToExcludeForToday=null E/com.keramidas.TitaniumBackup.tools.SQLite( 7613): Refusing to downgrade database: /data/data/com.keramidas.TitaniumBackup/databases/schedules I/com.keramidas.TitaniumBackup.schedules.SchedulerService( 7613): scheduleNextWakeup(): No next wakeup scheduled. I/com.keramidas.TitaniumBackup.schedules.SchedulerService( 7613): onStart() I/com.keramidas.TitaniumBackup.schedules.SchedulerService( 7613): onDestroy()
I/DumpStateReceiver( 1185): Added state dump to 2 crashes
I/ActivityManager( 1185): Process com.keramidas.TitaniumBackup (pid 7613) has died.
W/ActivityManager( 1185): Duplicate finish request for HistoryRecord{45c09520 lysesoft.andexplorer/.LocalFileChooserActivity}
D/ZWallpaperService( 3947): ZEngine.onVisibilityChanged(true)
D/ZGLThread( 3947): 14 ZGLThread.onResume
I/GASH-ak897x( 1185): ak897x_set_delay: 60 ms for AK8975 Compass
I/GASH-ak897x( 1185): ak897x_set_delay: 60 ms for AK8975 Compass Raw
I/GASH-ak897x( 1185): ak897x_set_delay: 60 ms for AK8975 Magnetic Field
I/ActivityManager( 1185): Process lysesoft.andexplorer (pid 7550) has died.
D/dalvikvm( 6769): GC freed 19201 objects / 1288928 bytes in 208ms
D/dalvikvm( 6826): GC freed 875 objects / 73720 bytes in 145ms
I/ActivityManager( 1185): Starting activity: Intent { act=android.intent.action.MAIN cat=[android.intent.category.LAUNCHER] flg=0x10200000 cmp=com.android.settings/.Settings }
I/ActivityManager( 1185): Start proc com.android.settings for activity com.android.settings/.Settings: pid=7631 uid=1000 gids={3003, 1015, 3002, 3001}
I/dalvikvm( 7631): Debugger thread not active, ignoring DDM send (t=0x41504e4d l=38)
I/dalvikvm( 7631): Debugger thread not active, ignoring DDM send (t=0x41504e4d l=44)
D/skia ( 1185): purging 197K from font cache [23 entries]
D/ZWallpaperService( 3947): ZEngine.onVisibilityChanged(false)
D/ZGLThread( 3947): 14 ZGLThread.onPause
I/CustomizationProvider( 5735): No configuration file: /system/etc/customization/settings/com/android/settings/custom_settings.xml
I/CustomizationProvider( 5735): No configuration file: /system/etc/customization/settings/com/android/settings/custom_settings.xml
W/ResourceType( 7631): No package identifier when getting name for resource number 0x00000000
I/ActivityManager( 1185): Displayed activity com.android.settings/.Settings: 2063 ms (total 2063 ms)
D/dalvikvm( 7631): GC freed 3853 objects / 308184 bytes in 67ms
D/dalvikvm( 6820): GC freed 2498 objects / 100736 bytes in 81ms
D/dalvikvm( 7631): GC freed 349 objects / 31592 bytes in 63ms
D/dalvikvm( 7631): GC freed 286 objects / 47000 bytes in 60ms
I/ActivityManager( 1185): Starting activity: Intent { act=android.intent.action.MAIN cmp=com.android.settings/.LanguageSettings }
I/CustomizationProvider( 5735): No configuration file: /system/etc/customization/settings/com/android/settings/custom_settings.xml
I/CustomizationProvider( 5735): No configuration file: /system/etc/customization/settings/com/android/settings/custom_settings.xml
D/ResourceType( 7631): calling getConfigurations
D/ResourceType( 7631): called getConfigurations size=334
D/asset ( 7631): locale 0: ''
D/asset ( 7631): locale 1: 'ca'
D/asset ( 7631): locale 2: 'da'
D/asset ( 7631): locale 3: 'fa'
D/asset ( 7631): locale 4: 'nb'
D/asset ( 7631): locale 5: 'de'
D/asset ( 7631): locale 6: 'bg'
D/asset ( 7631): locale 7: 'th'
D/asset ( 7631): locale 8: 'fi'
D/asset ( 7631): locale 9: 'vi'
D/asset ( 7631): locale 10: 'kk'
D/asset ( 7631): locale 11: 'mk'
D/asset ( 7631): locale 12: 'sk'
D/asset ( 7631): locale 13: 'uk'
D/asset ( 7631): locale 14: 'el'
D/asset ( 7631): locale 15: 'gl'
D/asset ( 7631): locale 16: 'nl'
D/asset ( 7631): locale 17: 'pl'
D/asset ( 7631): locale 18: 'sl'
D/asset ( 7631): locale 19: 'tl'
D/asset ( 7631): locale 20: 'in'
D/asset ( 7631): locale 21: 'ko'
D/asset ( 7631): locale 22: 'ro'
D/asset ( 7631): locale 23: 'sq'
D/asset ( 7631): locale 24: 'ar'
D/asset ( 7631): locale 25: 'fr'
D/asset ( 7631): locale 26: 'hr'
D/asset ( 7631): locale 27: 'sr'
D/asset ( 7631): locale 28: 'tr'
D/asset ( 7631): locale 29: 'bs'
D/asset ( 7631): locale 30: 'cs'
D/asset ( 7631): locale 31: 'es'
D/asset ( 7631): locale 32: 'is'
D/asset ( 7631): locale 33: 'ms'
D/asset ( 7631): locale 34: 'et'
D/asset ( 7631): locale 35: 'it'
D/asset ( 7631): locale 36: 'lt'
D/asset ( 7631): locale 37: 'pt'
D/asset ( 7631): locale 38: 'eu'
D/asset ( 7631): locale 39: 'hu'
D/asset ( 7631): locale 40: 'ru'
D/asset ( 7631): locale 41: 'su'
D/asset ( 7631): locale 42: 'jv'
D/asset ( 7631): locale 43: 'lv'
D/asset ( 7631): locale 44: 'sv'
D/asset ( 7631): locale 45: 'iw'
D/asset ( 7631): locale 46: 'en_CA'
D/asset ( 7631): locale 47: 'fr_CA'
D/asset ( 7631): locale 48: 'es_PA'
D/asset ( 7631): locale 49: 'uk_UA'
D/asset ( 7631): locale 50: 'en_ZA'
D/asset ( 7631): locale 51: 'en_GB'
D/asset ( 7631): locale 52: 'es_EC'
D/asset ( 7631): locale 53: 'en_IE'
D/asset ( 7631): locale 54: 'es_PE'
D/asset ( 7631): locale 55: 'es_VE'
D/asset ( 7631): locale 56: 'bg_BG'
D/asset ( 7631): locale 57: 'en_SG'
D/asset ( 7631): locale 58: 'en_PH'
D/asset ( 7631): locale 59: 'fi_FI'
D/asset ( 7631): locale 60: 'es_NI'
D/asset ( 7631): locale 61: 'sl_SI'
D/asset ( 7631): locale 62: 'zh_HK'
D/asset ( 7631): locale 63: 'en_HK'
D/asset ( 7631): locale 64: 'sk_SK'
D/asset ( 7631): locale 65: 'en_JM'
D/asset ( 7631): locale 66: 'zh_CN'
D/asset ( 7631): locale 67: 'es_HN'
D/asset ( 7631): locale 68: 'en_IN'
D/asset ( 7631): locale 69: 'es_BO'
D/asset ( 7631): locale 70: 'es_DO'
D/asset ( 7631): locale 71: 'pt_BR'
D/asset ( 7631): locale 72: 'es_CR'
D/asset ( 7631): locale 73: 'hr_HR'
D/asset ( 7631): locale 74: 'es_PR'
D/asset ( 7631): locale 75: 'ca_ES'
D/asset ( 7631): locale 76: 'es_ES'
D/asset ( 7631): locale 77: 'en_US'
D/asset ( 7631): locale 78: 'es_GT'
D/asset ( 7631): locale 79: 'lt_LT'
D/asset ( 7631): locale 80: 'pt_PT'
D/asset ( 7631): locale 81: 'en_AU'
D/asset ( 7631): locale 82: 'hu_HU'
D/asset ( 7631): locale 83: 'lv_LV'
D/asset ( 7631): locale 84: 'es_SV'
D/asset ( 7631): locale 85: 'zh_TW'
D/asset ( 7631): locale 86: 'es_PY'
D/asset ( 7631): locale 87: 'es_UY'
D/asset ( 7631): locale 88: 'en_NZ'
D/asset ( 7631): locale 89: 'es_CL'
D/asset ( 7631): locale 90: 'es_CO'
D/asset ( 7631): locale 91: 'es_AR'
D/asset ( 7631): locale 92: 'es_MX'
D/asset ( 7631): locale 93: 'bs_BA'
D/asset ( 7631): locale 94: 'in_ID'
D/asset ( 7631): locale 95: 'su_ID'
D/asset ( 7631): locale 96: 'jv_ID'
D/asset ( 7631): locale 97: 'nl_BE'
D/asset ( 7631): locale 98: 'fr_BE'
D/asset ( 7631): locale 99: 'de_DE'
D/asset ( 7631): locale 100: 'et_EE'
D/asset ( 7631): locale 101: 'sv_SE'
D/asset ( 7631): locale 102: 'ar_EG'
D/asset ( 7631): locale 103: 'de_CH'
D/asset ( 7631): locale 104: 'fr_CH'
D/asset ( 7631): locale 105: 'it_CH'
D/asset ( 7631): locale 106: 'tl_PH'
D/asset ( 7631): locale 107: 'th_TH'
D/asset ( 7631): locale 108: 'de_LI'
D/asset ( 7631): locale 109: 'da_DK'
D/asset ( 7631): locale 110: 'mk_MK'
D/asset ( 7631): locale 111: 'sq_AL'
D/asset ( 7631): locale 112: 'ar_IL'
D/asset ( 7631): locale 113: 'iw_IL'
D/asset ( 7631): locale 114: 'nl_NL'
D/asset ( 7631): locale 115: 'pl_PL'
D/asset ( 7631): locale 116: 'vi_VN'
D/asset ( 7631): locale 117: 'nb_NO'
D/asset ( 7631): locale 118: 'ro_RO'
D/asset ( 7631): locale 119: 'fr_FR'
D/asset ( 7631): locale 120: 'el_GR'
D/asset ( 7631): locale 121: 'fa_IR'
D/asset ( 7631): locale 122: 'ko_KR'
D/asset ( 7631): locale 123: 'tr_TR'
D/asset ( 7631): locale 124: 'gl_ES'
D/asset ( 7631): locale 125: 'eu_ES'
D/asset ( 7631): locale 126: 'is_IS'
D/asset ( 7631): locale 127: 'sr_RS'
D/asset ( 7631): locale 128: 'de_AT'
D/asset ( 7631): locale 129: 'it_IT'
D/asset ( 7631): locale 130: 'ru_RU'
D/asset ( 7631): locale 131: 'ms_MY'
D/asset ( 7631): locale 132: 'cs_CZ'
D/asset ( 7631): locale 133: 'kk_KZ'
D/asset ( 7631): locale 134: 'en'
D/asset ( 7631): locale 135: 'zh'
I/ActivityManager( 1185): Displayed activity com.android.settings/.LanguageSettings: 1690 ms (total 1690 ms)
D/dalvikvm( 7631): GC freed 1211 objects / 118264 bytes in 64ms
D/dalvikvm( 6769): GC freed 2654 objects / 195064 bytes in 193ms
W/InputManagerService( 1185): Window already focused, ignoring focus gain of: com.android.internal.view.IInputMethodClient$Stub$Proxy@45957fd0
I/ActivityManager( 1185): Starting activity: Intent { act=android.intent.action.MAIN cmp=com.sonyericsson.android.textinput/.ExternalSettingsActivity }
D/dalvikvm( 1185): GC freed 22060 objects / 1376872 bytes in 198ms
I/ActivityManager( 1185): Start proc com.sonyericsson.android.textinput for activity com.sonyericsson.android.textinput/.ExternalSettingsActivity: pid=7637 uid=10103 gids={}
I/dalvikvm( 7637): Debugger thread not active, ignoring DDM send (t=0x41504e4d l=38)
I/dalvikvm( 7637): Debugger thread not active, ignoring DDM send (t=0x41504e4d l=72)
I/ActivityManager( 1185): Displayed activity com.sonyericsson.android.textinput/.ExternalSettingsActivity: 532 ms (total 532 ms)
W/InputManagerService( 1185): Starting input on non-focused client com.android.internal.view.IInputMethodClient$Stub$Proxy@45bb03b0 (uid=10103 pid=7637)
D/dalvikvm( 7631): GC freed 1437 objects / 263688 bytes in 91ms
D/dalvikvm( 5735): GC freed 237 objects / 15568 bytes in 150ms
D/dalvikvm( 1658): GC freed 12915 objects / 779176 bytes in 237ms
D/dalvikvm( 7488): GC freed 3054 objects / 186144 bytes in 159ms
D/ZWallpaperService( 3947): ZEngine.onVisibilityChanged(true)
D/ZGLThread( 3947): 14 ZGLThread.onResume
I/GASH-ak897x( 1185): ak897x_set_delay: 60 ms for AK8975 Compass
I/GASH-ak897x( 1185): ak897x_set_delay: 60 ms for AK8975 Compass Raw
I/GASH-ak897x( 1185): ak897x_set_delay: 60 ms for AK8975 Magnetic Field
I/ActivityManager( 1185): Starting activity: Intent { act=android.intent.action.MAIN cat=[android.intent.category.LAUNCHER] flg=0x10200000 cmp=com.sonyericsson.notes/.Notes }
I/ActivityManager( 1185): Start proc com.sonyericsson.notes for activity com.sonyericsson.notes/.Notes: pid=7645 uid=10060 gids={}
I/ActivityManager( 1185): Process com.android.settings (pid 7631) has died.
I/dalvikvm( 7645): Debugger thread not active, ignoring DDM send (t=0x41504e4d l=38)
I/dalvikvm( 7645): Debugger thread not active, ignoring DDM send (t=0x41504e4d l=48)
I/ActivityThread( 7645): Publishing provider com.sonyericsson.notes.notescontentprovider: com.sonyericsson.notes.NotesContentProvider
D/ZWallpaperService( 3947): ZEngine.onVisibilityChanged(false)
D/ZGLThread( 3947): 14 ZGLThread.onPause
I/NotesMultiView( 7645): updateData called
I/ActivityManager( 1185): Displayed activity com.sonyericsson.notes/.Notes: 682 ms (total 682 ms)
I/ActivityManager( 1185): Starting activity: Intent { cmp=com.sonyericsson.notes/.NoteViewActivity }
D/dalvikvm( 7645): GC freed 1514 objects / 106208 bytes in 59ms
I/NotesDBAdapter( 7645): created note with id 1
V/NoteViewActivity( 7645): onItemSelected null 0
D/dalvikvm( 7645): GC freed 994 objects / 50912 bytes in 62ms
I/ActivityManager( 1185): Process com.sonyericsson.android.textinput (pid 7637) has died.
I/ActivityManager( 1185): Displayed activity com.sonyericsson.notes/.NoteViewActivity: 694 ms (total 694 ms)
V/NoteViewActivity( 7645): Edit text active = true
V/NoteViewActivity( 7645): Show soft input = true
D/dalvikvm( 2408): GC freed 756 objects / 33720 bytes in 157ms
W/Process ( 1185): Unable to open /proc/7637/status
I/ActivityManager( 1185): Start proc com.sonyericsson.android.textinput for service com.sonyericsson.android.textinput/.glue.InputMethodServiceGlue: pid=7666 uid=10103 gids={}
W/InputManagerService( 1185): Window already focused, ignoring focus gain of: com.android.internal.view.IInputMethodClient$Stub$Proxy@4585e988
W/InputMethodWrapper( 2408): Input method session reference was null, ignoring message: 110
W/InputMethodWrapper( 2408): Intentional unhandled message code: 110
I/dalvikvm( 7666): Debugger thread not active, ignoring DDM send (t=0x41504e4d l=38)
I/dalvikvm( 7666): Debugger thread not active, ignoring DDM send (t=0x41504e4d l=72)
W/dalvikvm( 7666): Exception Ljava/lang/UnsatisfiedLinkError; thrown during Lcom/sonyericsson/android/textinput/model/zi/ZiEngine;.
D/AndroidRuntime( 7666): Shutting down VM
W/dalvikvm( 7666): threadid=3: thread exiting with uncaught exception (group=0x40026160)
E/AndroidRuntime( 7666): Uncaught handler: thread main exiting due to uncaught exception
E/AndroidRuntime( 7666): java.lang.ExceptionInInitializerError
E/AndroidRuntime( 7666): at com.sonyericsson.android.textinput.model.zi.ZiPrediction.init(ZiPrediction.java:430)
E/AndroidRuntime( 7666): at com.sonyericsson.android.textinput.model.zi.ZiPrediction.init(ZiPrediction.java:415)
E/AndroidRuntime( 7666): at com.sonyericsson.collaboration.ObjectBinder.init(ObjectBinder.java:493)
E/AndroidRuntime( 7666): at com.sonyericsson.android.textinput.glue.InputMethodServiceGlue.onInitializeInterface(InputMethodServiceGlue.java:291)
E/AndroidRuntime( 7666): at android.inputmethodservice.InputMethodService.initialize(InputMethodService.java:574)
E/AndroidRuntime( 7666): at android.inputmethodservice.InputMethodService$InputMethodImpl.bindInput(InputMethodService.java:336)
E/AndroidRuntime( 7666): at android.inputmethodservice.IInputMethodWrapper.executeMessage(IInputMethodWrapper.java:125)
E/AndroidRuntime( 7666): at com.android.internal.os.HandlerCaller$MyHandler.handleMessage(HandlerCaller.java:45)
E/AndroidRuntime( 7666): at android.os.Handler.dispatchMessage(Handler.java:99)
E/AndroidRuntime( 7666): at android.os.Looper.loop(Looper.java:123)
E/AndroidRuntime( 7666): at android.app.ActivityThread.main(ActivityThread.java:4370)
E/AndroidRuntime( 7666): at java.lang.reflect.Method.invokeNative(Native Method)
E/AndroidRuntime( 7666): at java.lang.reflect.Method.invoke(Method.java:521)
E/AndroidRuntime( 7666): at com.android.internal.os.ZygoteInit$MethodAndArgsCaller.run(ZygoteInit.java:868)
E/AndroidRuntime( 7666): at com.android.internal.os.ZygoteInit.main(ZygoteInit.java:626)
E/AndroidRuntime( 7666): at dalvik.system.NativeStart.main(Native Method)
E/AndroidRuntime( 7666): Caused by: java.lang.UnsatisfiedLinkError: Library ZiEngine not found
E/AndroidRuntime( 7666): at java.lang.Runtime.loadLibrary(Runtime.java:489)
E/AndroidRuntime( 7666): at java.lang.System.loadLibrary(System.java:557)
E/AndroidRuntime( 7666): at com.sonyericsson.android.textinput.model.zi.ZiEngine.(ZiEngine.java:850)
E/AndroidRuntime( 7666): ... 16 more
E/SemcCheckin( 7666): Get crash dump level : java.io.FileNotFoundException: /data/semc-checkin/crashdump
W/ActivityManager( 1185): Unable to start service Intent { act=com.sonyericsson.android.jcrashcatcher.action.BUGREPORT_AUTO cmp=com.sonyericsson.android.jcrashcatcher/.JCrashCatcherService (has extras) }: not found
I/Process ( 1185): Sending signal. PID: 7666 SIG: 3
I/dalvikvm( 7666): threadid=7: reacting to signal 3
I/dalvikvm( 7666): Wrote stack trace to '/data/anr/traces.txt'
E/SemcCheckin( 6722): Get Crash Level : java.io.FileNotFoundException: /data/semc-checkin/crashdump
I/ActivityManager( 1185): Start proc com.sonyericsson.wappush for broadcast com.sonyericsson.wappush/.transaction.PushExpiredReceiver: pid=7673 uid=10004 gids={}
I/ActivityThread( 7673): Publishing provider com.sonyericsson.wappush.provider: com.sonyericsson.wappush.provider.PushProvider
I/CustomizationProvider( 5735): No configuration file: /system/etc/customization/settings/com/sonyericsson/wappush/custom_settings.xml
I/ActivityManager( 1185): Process net.cdeguet.smartkeyboardpro (pid 2408) has died.
D/NetworkLocationProvider( 1185): onCellLocationChanged [907,22327]
I/EONS ( 1267): LOC updated calling updateSimRecords()
I/EONS ( 1267): Number of OPL records = 10
D/EONS ( 1267): lac1=0 lac2=65534 hLac=907 pnn rec=1
W/EONS ( 1267): lac1=0 lac2=65534 hLac=907 pnn rec=1
I/EONS ( 1267): Number of PNN records = 5
D/EONS ( 1267): PNN record number 1, hex data 430786c516945d9f03ffffffffffffffff
D/EONS ( 1267): PNN longname length : 7
I/EONS ( 1267): PNN longname : E-Plus
E/EONS ( 1267): EF_PNN: No short Name
W/Process ( 1185): Unable to open /proc/2408/status
I/Process ( 7666): Sending signal. PID: 7666 SIG: 9
I/ActivityManager( 1185): Process com.sonyericsson.android.textinput (pid 7666) has died.
W/ActivityManager( 1185): Scheduling restart of crashed service com.sonyericsson.android.textinput/.glue.InputMethodServiceGlue in 5000ms
W/InputManagerService( 1185): Session failed to close due to remote exception
W/InputManagerService( 1185): android.os.DeadObjectException
W/InputManagerService( 1185): at android.os.BinderProxy.transact(Native Method)
W/InputManagerService( 1185): at com.android.internal.view.IInputMethodSession$Stub$Proxy.finishSession(IInputMethodSession.java:346)
W/InputManagerService( 1185): at com.android.server.InputMethodManagerService.finishSession(InputMethodManagerService.java:861)
W/InputManagerService( 1185): at com.android.server.InputMethodManagerService.clearCurMethodLocked(InputMethodManagerService.java:872)
W/InputManagerService( 1185): at com.android.server.InputMethodManagerService.onServiceDisconnected(InputMethodManagerService.java:889)
W/InputManagerService( 1185): at android.app.ActivityThread$PackageInfo$ServiceDispatcher.doDeath(ActivityThread.java:1112)
W/InputManagerService( 1185): at android.app.ActivityThread$PackageInfo$ServiceDispatcher$RunConnection.run(ActivityThread.java:1126)
W/InputManagerService( 1185): at android.os.Handler.handleCallback(Handler.java:587)
W/InputManagerService( 1185): at android.os.Handler.dispatchMessage(Handler.java:92)
W/InputManagerService( 1185): at android.os.Looper.loop(Looper.java:123)
W/InputManagerService( 1185): at com.android.server.ServerThread.run(SystemServer.java:437)
W/InputManagerService( 1185): Session failed to close due to remote exception
W/InputManagerService( 1185): android.os.DeadObjectException
W/InputManagerService( 1185): at android.os.BinderProxy.transact(Native Method)
W/InputManagerService( 1185): at com.android.internal.view.IInputMethodSession$Stub$Proxy.finishSession(IInputMethodSession.java:346)
W/InputManagerService( 1185): at com.android.server.InputMethodManagerService.finishSession(InputMethodManagerService.java:861)
W/InputManagerService( 1185): at com.android.server.InputMethodManagerService.clearCurMethodLocked(InputMethodManagerService.java:876)
W/InputManagerService( 1185): at com.android.server.InputMethodManagerService.onServiceDisconnected(InputMethodManagerService.java:889)
W/InputManagerService( 1185): at android.app.ActivityThread$PackageInfo$ServiceDispatcher.doDeath(ActivityThread.java:1112)
W/InputManagerService( 1185): at android.app.ActivityThread$PackageInfo$ServiceDispatcher$RunConnection.run(ActivityThread.java:1126)
W/InputManagerService( 1185): at android.os.Handler.handleCallback(Handler.java:587)
W/InputManagerService( 1185): at android.os.Handler.dispatchMessage(Handler.java:92)
W/InputManagerService( 1185): at android.os.Looper.loop(Looper.java:123)
W/InputManagerService( 1185): at com.android.server.ServerThread.run(SystemServer.java:437)
W/InputManagerService( 1185): Window already focused, ignoring focus gain of: com.android.internal.view.IInputMethodClient$Stub$Proxy@45b964e0
D/dalvikvm( 6722): GC freed 1547 objects / 189880 bytes in 58ms
W/InputManagerService( 1185): Window already focused, ignoring focus gain of: com.android.internal.view.IInputMethodClient$Stub$Proxy@4581c538
I/ActivityManager( 1185): Start proc com.sonyericsson.android.textinput for service com.sonyericsson.android.textinput/.glue.InputMethodServiceGlue: pid=7682 uid=10103 gids={}
I/dalvikvm( 7682): Debugger thread not active, ignoring DDM send (t=0x41504e4d l=38)
I/dalvikvm( 7682): Debugger thread not active, ignoring DDM send (t=0x41504e4d l=72)
D/dalvikvm( 1099): GC freed 252 objects / 9648 bytes in 329ms
D/dalvikvm( 1099): GC freed 22 objects / 968 bytes in 163ms
D/dalvikvm( 1099): GC freed 2 objects / 56 bytes in 92ms
W/dalvikvm( 7682): Exception Ljava/lang/UnsatisfiedLinkError; thrown during Lcom/sonyericsson/android/textinput/model/zi/ZiEngine;.
D/AndroidRuntime( 7682): Shutting down VM
W/dalvikvm( 7682): threadid=3: thread exiting with uncaught exception (group=0x40026160)
E/AndroidRuntime( 7682): Uncaught handler: thread main exiting due to uncaught exception
E/AndroidRuntime( 7682): java.lang.ExceptionInInitializerError
E/AndroidRuntime( 7682): at com.sonyericsson.android.textinput.model.zi.ZiPrediction.init(ZiPrediction.java:430)
E/AndroidRuntime( 7682): at com.sonyericsson.android.textinput.model.zi.ZiPrediction.init(ZiPrediction.java:415)
E/AndroidRuntime( 7682): at com.sonyericsson.collaboration.ObjectBinder.init(ObjectBinder.java:493)
E/AndroidRuntime( 7682): at com.sonyericsson.android.textinput.glue.InputMethodServiceGlue.onInitializeInterface(InputMethodServiceGlue.java:291)
E/AndroidRuntime( 7682): at android.inputmethodservice.InputMethodService.initialize(InputMethodService.java:574)
E/AndroidRuntime( 7682): at android.inputmethodservice.InputMethodService.doStartInput(InputMethodService.java:1432)
E/AndroidRuntime( 7682): at android.inputmethodservice.InputMethodService$InputMethodImpl.startInput(InputMethodService.java:354)
E/AndroidRuntime( 7682): at android.inputmethodservice.IInputMethodWrapper.executeMessage(IInputMethodWrapper.java:136)
E/AndroidRuntime( 7682): at com.android.internal.os.HandlerCaller$MyHandler.handleMessage(HandlerCaller.java:45)
E/AndroidRuntime( 7682): at android.os.Handler.dispatchMessage(Handler.java:99)
E/AndroidRuntime( 7682): at android.os.Looper.loop(Looper.java:123)
E/AndroidRuntime( 7682): at android.app.ActivityThread.main(ActivityThread.java:4370)
E/AndroidRuntime( 7682): at java.lang.reflect.Method.invokeNative(Native Method)
E/AndroidRuntime( 7682): at java.lang.reflect.Method.invoke(Method.java:521)
E/AndroidRuntime( 7682): at com.android.internal.os.ZygoteInit$MethodAndArgsCaller.run(ZygoteInit.java:868)
E/AndroidRuntime( 7682): at com.android.internal.os.ZygoteInit.main(ZygoteInit.java:626)
E/AndroidRuntime( 7682): at dalvik.system.NativeStart.main(Native Method)
E/AndroidRuntime( 7682): Caused by: java.lang.UnsatisfiedLinkError: Library ZiEngine not found
E/AndroidRuntime( 7682): at java.lang.Runtime.loadLibrary(Runtime.java:489)
E/AndroidRuntime( 7682): at java.lang.System.loadLibrary(System.java:557)
E/AndroidRuntime( 7682): at com.sonyericsson.android.textinput.model.zi.ZiEngine.(ZiEngine.java:850)
E/AndroidRuntime( 7682): ... 17 more
E/SemcCheckin( 7682): Get crash dump level : java.io.FileNotFoundException: /data/semc-checkin/crashdump
W/ActivityManager( 1185): Unable to start service Intent { act=com.sonyericsson.android.jcrashcatcher.action.BUGREPORT_AUTO cmp=com.sonyericsson.android.jcrashcatcher/.JCrashCatcherService (has extras) }: not found
I/Process ( 1185): Sending signal. PID: 7682 SIG: 3
I/dalvikvm( 7682): threadid=7: reacting to signal 3
I/dalvikvm( 7682): Wrote stack trace to '/data/anr/traces.txt'
E/SemcCheckin( 6722): Get Crash Level : java.io.FileNotFoundException: /data/semc-checkin/crashdump
D/dalvikvm( 6361): GC freed 1861 objects / 237408 bytes in 152ms
I/ActivityManager( 1185): Start proc com.google.android.apps.maps for service com.google.android.apps.maps/com.google.googlenav.prefetch.android.PrefetcherService: pid=7692 uid=10048 gids={3003, 1015}
I/dalvikvm( 7692): Debugger thread not active, ignoring DDM send (t=0x41504e4d l=38)
I/dalvikvm( 7692): Debugger thread not active, ignoring DDM send (t=0x41504e4d l=60)
D/dalvikvm( 7692): GC freed 1786 objects / 145600 bytes in 164ms
I/ActivityThread( 7692): Publishing provider com.google.android.maps.NavigationAvailabilityProvider: com.google.googlenav.android.provider.NavigationAvailabilityProvider
D/dalvikvm( 7692): GC freed 1580 objects / 104472 bytes in 69ms
I/ActivityThread( 7692): Publishing provider com.google.android.maps.LayerInfoProvider: com.google.googlenav.android.layer.LayerInfoProvider
I/ActivityThread( 7692): Publishing provider com.google.android.maps.StarredItemProvider: com.google.googlenav.android.provider.StarredItemProvider
I/ActivityThread( 7692): Publishing provider com.google.android.maps.SuggestionProvider: com.google.googlenav.suggest.android.SuggestProvider
I/ActivityThread( 7692): Publishing provider com.google.android.maps.FriendsProvider: com.google.googlenav.android.friend.FriendsProvider
I/ActivityThread( 7692): Publishing provider com.google.android.maps.SearchHistoryProvider: com.google.googlenav.android.provider.SearchHistoryProvider
I/ActivityThread( 7692): Publishing provider com.google.android.maps.TrafficProvider: com.google.googlenav.android.appwidget.traffic.TrafficProvider
I/ActivityThread( 7692): Publishing provider com.google.android.maps.LocalSuggestionProvider: com.google.googlenav.android.provider.LocalSuggestionProvider
I/EONS ( 1267): LOC updated calling updateSimRecords()
I/EONS ( 1267): Number of OPL records = 10
D/EONS ( 1267): lac1=0 lac2=65534 hLac=907 pnn rec=1
W/EONS ( 1267): lac1=0 lac2=65534 hLac=907 pnn rec=1
I/EONS ( 1267): Number of PNN records = 5
D/EONS ( 1267): PNN record number 1, hex data 430786c516945d9f03ffffffffffffffff
D/EONS ( 1267): PNN longname length : 7
I/EONS ( 1267): PNN longname : E-Plus
E/EONS ( 1267): EF_PNN: No short Name
D/NetworkLocationProvider( 1185): onCellLocationChanged [907,39467]
D/dalvikvm( 1280): GC freed 404 objects / 20992 bytes in 200ms
I/ChargAlg( 1121): USB connected: 1, AC connected: 0
I/ActivityManager( 1185): Start proc com.sonyericsson.idd.agent for broadcast com.sonyericsson.idd.agent/.IDDAutoStart: pid=7725 uid=10080 gids={3003, 1015}
D/MountListener( 1185): handleEvent ums_connected
I/ChargAlg( 1121): USB maximum current: 500
I/dalvikvm( 7725): Debugger thread not active, ignoring DDM send (t=0x41504e4d l=38)
I/dalvikvm( 7725): Debugger thread not active, ignoring DDM send (t=0x41504e4d l=56)
I/ChargAlg( 1121): Safety timer updated to 60 min.
I/ActivityManager( 1185): Start proc android.process.media for content provider com.android.providers.media/.ExtendedMediaProvider: pid=7733 uid=10022 gids={1015, 2001, 3003}
I/dalvikvm( 7733): Debugger thread not active, ignoring DDM send (t=0x41504e4d l=38)
I/ActivityManager( 1185): Start proc com.sonyericsson.pccompanion for broadcast com.sonyericsson.pccompanion/.PowerConnectionReceiver: pid=7739 uid=10042 gids={}
I/dalvikvm( 7733): Debugger thread not active, ignoring DDM send (t=0x41504e4d l=46)
I/ActivityThread( 7733): Publishing provider downloads: com.android.providers.downloads.DownloadProvider
I/ActivityThread( 7733): Publishing provider : com.android.providers.drm.DrmProvider
I/ActivityThread( 7733): Publishing provider media;drm: com.android.providers.media.ExtendedMediaProvider
I/dalvikvm( 7739): Debugger thread not active, ignoring DDM send (t=0x41504e4d l=38)
I/dalvikvm( 7739): Debugger thread not active, ignoring DDM send (t=0x41504e4d l=60)
I/ActivityManager( 1185): Process com.sonyericsson.idd.agent (pid 7725) has died. I/com.sonyericsson.pccompanion.PowerConnectionReceiver( 7739): Top activity is com.sonyericsson.notes.NoteViewActivity
I/ActivityManager( 1185): Starting activity: Intent { flg=0x10000000 cmp=com.sonyericsson.pccompanion/.PcCompanionActivity }
V/MediaProvider( 7733): Attached volume: internal
V/MediaProvider( 7733): /sdcard volume ID: -87024877
I/NoteViewActivity( 7645): Deleting note 1
V/MediaProvider( 7733): Attached volume: external
D/dalvikvm( 7733): Trying to load lib /system/lib/libDxDrmJava.so 0x0
I/ActivityManager( 1185): Process com.google.android.apps.maps (pid 7692) has died.
I/ActivityManager( 1185): Displayed activity com.sonyericsson.pccompanion/.PcCompanionActivity: 584 ms (total 584 ms)
D/dalvikvm( 7733): Added shared lib /system/lib/libDxDrmJava.so 0x0
D/DxDrmJavaWrap( 7733): enter JNI_OnLoad()
D/DxDrmJavaWrap( 7733): Pool was allocated at address: 0x45942c40
D/DxDrmJavaWrap( 7733): exit JNI_OnLoad(65540)
W/MediaPlayer( 1185): info/warning (1, 44)
W/NotificationService( 1185): Notification sound delayed by 2388msecs
W/NotificationService( 1185): Notification stop delayed by 1692msecs
W/MediaPlayer( 1185): info/warning (1, 44)
W/NotificationService( 1185): Notification sound delayed by 1917msecs
W/AudioFlinger( 1100): write blocked for 215 msecs, 27 delayed writes, thread 0xbec0
D/dalvikvm( 6820): GC freed 870 objects / 33976 bytes in 250ms
I/Process ( 7682): Sending signal. PID: 7682 SIG: 9
I/ActivityManager( 1185): Process com.sonyericsson.android.textinput (pid 7682) has died.
W/ActivityManager( 1185): Service crashed 2 times, stopping: ServiceRecord{45f86878 com.sonyericsson.android.textinput/.glue.InputMethodServiceGlue}
W/InputManagerService( 1185): Starting input on non-focused client com.android.internal.view.IInputMethodClient$Stub$Proxy@45aedd70 (uid=10060 pid=7645)
W/InputManagerService( 1185): Session failed to close due to remote exception
W/InputManagerService( 1185): android.os.DeadObjectException
W/InputManagerService( 1185): at android.os.BinderProxy.transact(Native Method)
W/InputManagerService( 1185): at com.android.internal.view.IInputMethodSession$Stub$Proxy.finishSession(IInputMethodSession.java:346)
W/InputManagerService( 1185): at com.android.server.InputMethodManagerService.finishSession(InputMethodManagerService.java:861)
W/InputManagerService( 1185): at com.android.server.InputMethodManagerService.clearCurMethodLocked(InputMethodManagerService.java:872)
W/InputManagerService( 1185): at com.android.server.InputMethodManagerService.onServiceDisconnected(InputMethodManagerService.java:889)
W/InputManagerService( 1185): at android.app.ActivityThread$PackageInfo$ServiceDispatcher.doDeath(ActivityThread.java:1112)
W/InputManagerService( 1185): at android.app.ActivityThread$PackageInfo$ServiceDispatcher$RunConnection.run(ActivityThread.java:1126)
W/InputManagerService( 1185): at android.os.Handler.handleCallback(Handler.java:587)
W/InputManagerService( 1185): at android.os.Handler.dispatchMessage(Handler.java:92)
W/InputManagerService( 1185): at android.os.Looper.loop(Looper.java:123)
W/InputManagerService( 1185): at com.android.server.ServerThread.run(SystemServer.java:437)
W/InputManagerService( 1185): Session failed to close due to remote exception
W/InputManagerService( 1185): android.os.DeadObjectException
W/InputManagerService( 1185): at android.os.BinderProxy.transact(Native Method)
W/InputManagerService( 1185): at com.android.internal.view.IInputMethodSession$Stub$Proxy.finishSession(IInputMethodSession.java:346)
W/InputManagerService( 1185): at com.android.server.InputMethodManagerService.finishSession(InputMethodManagerService.java:861)
W/InputManagerService( 1185): at com.android.server.InputMethodManagerService.clearCurMethodLocked(InputMethodManagerService.java:876)
W/InputManagerService( 1185): at com.android.server.InputMethodManagerService.onServiceDisconnected(InputMethodManagerService.java:889)
W/InputManagerService( 1185): at android.app.ActivityThread$PackageInfo$ServiceDispatcher.doDeath(ActivityThread.java:1112)
W/InputManagerService( 1185): at android.app.ActivityThread$PackageInfo$ServiceDispatcher$RunConnection.run(ActivityThread.java:1126)
W/InputManagerService( 1185): at android.os.Handler.handleCallback(Handler.java:587)
W/InputManagerService( 1185): at android.os.Handler.dispatchMessage(Handler.java:92)
W/InputManagerService( 1185): at android.os.Looper.loop(Looper.java:123)
W/InputManagerService( 1185): at com.android.server.ServerThread.run(SystemServer.java:437)
D/dalvikvm( 1185): GC freed 21742 objects / 1356152 bytes in 176ms I/com.sonyericsson.pccompanion.PcCompanionActivity$DialogClickListener( 7739): button id = 1
D/vold ( 1096): dispatch_cmd(enable_ums): I/com.sonyericsson.pccompanion.MountOperations( 7739): Exposed SD card as mass storage
I/vold ( 1096): volmngr quick stop umount(/sdcard) attempt 1 (Device or resource busy)
D/MountListener( 1185): handleEvent volume_ejecting:/sdcard
I/NotificationService( 1185): enqueueToast pkg=com.sonyericsson.pccompanion callback=android.app.ITransientNotification$Stub$Proxy@45ce7b10 duration=1
V/MediaProvider( 7733): Detached volume: external
I/NoteViewActivity( 7645): Deleting note 1
I/NotesMultiView( 7645): updateData called
I/NotesMultiView( 7645): updateData called
W/InputManagerService( 1185): Starting input on non-focused client com.android.internal.view.IInputMethodClient$Stub$Proxy@45aedd70 (uid=10060 pid=7645)
W/InputManagerService( 1185): Client not active, ignoring focus gain of: com.android.internal.view.IInputMethodClient$Stub$Proxy@45c1da38
W/InputManagerService( 1185): Starting input on non-focused client com.android.internal.view.IInputMethodClient$Stub$Proxy@458f4a40 (uid=10042 pid=7739)
I/vold ( 1096): volmgr_stop_volume(/sdcard): Volume unmounted sucessfully
D/vold ( 1096): ums_enable(/dev/block//vold/179:0, /devices/platform/msm_hsusb/gadget/lun0):
D/MountListener( 1185): handleEvent volume_ums:/sdcard
I/ActivityManager( 1185): Starting activity: Intent { cmp=com.sonyericsson.notes/.NoteViewActivity }
I/NotesDBAdapter( 7645): created note with id 2
V/NoteViewActivity( 7645): onItemSelected null 0
D/dalvikvm( 7645): GC freed 1424 objects / 112824 bytes in 63ms
I/ActivityManager( 1185): Displayed activity com.sonyericsson.notes/.NoteViewActivity: 396 ms (total 396 ms)
V/NoteViewActivity( 7645): Edit text active = true
I/ActivityManager( 1185): Start proc com.sonyericsson.android.textinput for service com.sonyericsson.android.textinput/.glue.InputMethodServiceGlue: pid=7763 uid=10103 gids={}
