V/NoteViewActivity( 7645): Show soft input = false
I/dalvikvm( 7763): Debugger thread not active, ignoring DDM send (t=0x41504e4d l=38)
I/dalvikvm( 7763): Debugger thread not active, ignoring DDM send (t=0x41504e4d l=72)
W/dalvikvm( 7763): Exception Ljava/lang/UnsatisfiedLinkError; thrown during Lcom/sonyericsson/android/textinput/model/zi/ZiEngine;.
D/AndroidRuntime( 7763): Shutting down VM
W/dalvikvm( 7763): threadid=3: thread exiting with uncaught exception (group=0x40026160)
E/AndroidRuntime( 7763): Uncaught handler: thread main exiting due to uncaught exception
E/AndroidRuntime( 7763): java.lang.ExceptionInInitializerError
E/AndroidRuntime( 7763): at com.sonyericsson.android.textinput.model.zi.ZiPrediction.init(ZiPrediction.java:430)
E/AndroidRuntime( 7763): at com.sonyericsson.android.textinput.model.zi.ZiPrediction.init(ZiPrediction.java:415)
E/AndroidRuntime( 7763): at com.sonyericsson.collaboration.ObjectBinder.init(ObjectBinder.java:493)
E/AndroidRuntime( 7763): at com.sonyericsson.android.textinput.glue.InputMethodServiceGlue.onInitializeInterface(InputMethodServiceGlue.java:291)
E/AndroidRuntime( 7763): at android.inputmethodservice.InputMethodService.initialize(InputMethodService.java:574)
E/AndroidRuntime( 7763): at android.inputmethodservice.InputMethodService$InputMethodImpl.bindInput(InputMethodService.java:336)
E/AndroidRuntime( 7763): at android.inputmethodservice.IInputMethodWrapper.executeMessage(IInputMethodWrapper.java:125)
E/AndroidRuntime( 7763): at com.android.internal.os.HandlerCaller$MyHandler.handleMessage(HandlerCaller.java:45)
E/AndroidRuntime( 7763): at android.os.Handler.dispatchMessage(Handler.java:99)
E/AndroidRuntime( 7763): at android.os.Looper.loop(Looper.java:123)
E/AndroidRuntime( 7763): at android.app.ActivityThread.main(ActivityThread.java:4370)
E/AndroidRuntime( 7763): at java.lang.reflect.Method.invokeNative(Native Method)
E/AndroidRuntime( 7763): at java.lang.reflect.Method.invoke(Method.java:521)
E/AndroidRuntime( 7763): at com.android.internal.os.ZygoteInit$MethodAndArgsCaller.run(ZygoteInit.java:868)
E/AndroidRuntime( 7763): at com.android.internal.os.ZygoteInit.main(ZygoteInit.java:626)
E/AndroidRuntime( 7763): at dalvik.system.NativeStart.main(Native Method)
E/AndroidRuntime( 7763): Caused by: java.lang.UnsatisfiedLinkError: Library ZiEngine not found
E/AndroidRuntime( 7763): at java.lang.Runtime.loadLibrary(Runtime.java:489)
E/AndroidRuntime( 7763): at java.lang.System.loadLibrary(System.java:557)
E/AndroidRuntime( 7763): at com.sonyericsson.android.textinput.model.zi.ZiEngine.(ZiEngine.java:850)
E/AndroidRuntime( 7763): ... 16 more
E/SemcCheckin( 7763): Get crash dump level : java.io.FileNotFoundException: /data/semc-checkin/crashdump
W/ActivityManager( 1185): Unable to start service Intent { act=com.sonyericsson.android.jcrashcatcher.action.BUGREPORT_AUTO cmp=com.sonyericsson.android.jcrashcatcher/.JCrashCatcherService (has extras) }: not found
I/Process ( 1185): Sending signal. PID: 7763 SIG: 3
I/dalvikvm( 7763): threadid=7: reacting to signal 3
I/dalvikvm( 7763): Wrote stack trace to '/data/anr/traces.txt'
E/SemcCheckin( 6722): Get Crash Level : java.io.FileNotFoundException: /data/semc-checkin/crashdump
W/WindowManager( 1185): No window to dispatch pointer action 0
I/EONS ( 1267): LOC updated calling updateSimRecords()
I/EONS ( 1267): Number of OPL records = 10
D/EONS ( 1267): lac1=0 lac2=65534 hLac=907 pnn rec=1
W/EONS ( 1267): lac1=0 lac2=65534 hLac=907 pnn rec=1
I/EONS ( 1267): Number of PNN records = 5
D/EONS ( 1267): PNN record number 1, hex data 430786c516945d9f03ffffffffffffffff
D/EONS ( 1267): PNN longname length : 7
I/EONS ( 1267): PNN longname : E-Plus
E/EONS ( 1267): EF_PNN: No short Name
D/NetworkLocationProvider( 1185): onCellLocationChanged [907,22327]
W/WindowManager( 1185): No window to dispatch pointer action 1
D/dalvikvm( 6553): GC freed 5754 objects / 440752 bytes in 136ms
D/dalvikvm( 7488): GC freed 520 objects / 32936 bytes in 126ms
I/ChargAlg( 1121): USB maximum current: 0
I/ChargAlg( 1121): Safety timer updated to 0 min.
D/MountListener( 1185): handleEvent ums_disabled
D/MountListener( 1185): handleEvent ums_disconnected
D/vold ( 1096): Kick-starting volume 179:0 after UMS disable
I/vold ( 1096): Evaluating dev '/devices/platform/msm_sdcc.1/mmc_host/mmc0/mmc0:b368/block/mmcblk0' for mountable filesystems for '/sdcard'
D/MountListener( 1185): setMassStorageCdromEnabled called. Enable = false I/com.sonyericsson.pccompanion.MountOperations( 7739): Exposed(false) image file /system/etc/dop.iso as CD Drive
D/MountListener( 1185): handleEvent volume_checking:/sdcard
D/vold ( 1096): dispatch_cmd(cdrom_ums_disable):
D/vold ( 1096): ums_cdrom_disable: filename: /sys/devices/platform/msm_hsusb/gadget/lun1/file
I//system/bin/fsck_msdos( 1096): ** /dev/block//vold/179:1
I//system/bin/fsck_msdos( 1096): ** Phase 1 - Read and Compare FATs
I//system/bin/fsck_msdos( 1096): Attempting to allocate 956 KB for FAT
D/MediaPlayer( 1185): Couldn't open file on client side, trying server side
W/NotificationService( 1185): error loading sound for content://settings/system/notification_sound
W/NotificationService( 1185): java.io.FileNotFoundException
W/NotificationService( 1185): at com.discretix.drm.api.DxDrmClient.openDrmContent(DxDrmClient.java:187)
W/NotificationService( 1185): at android.media.MediaPlayer.InitConsumptionObject(MediaPlayer.java:1730)
W/NotificationService( 1185): at android.media.MediaPlayer.setDataSourceByPath(MediaPlayer.java:782)
W/NotificationService( 1185): at android.media.MediaPlayer.setDataSource(MediaPlayer.java:769)
W/NotificationService( 1185): at android.media.AsyncPlayer.startSound(AsyncPlayer.java:62)
W/NotificationService( 1185): at android.media.AsyncPlayer.access$200(AsyncPlayer.java:33)
W/NotificationService( 1185): at android.media.AsyncPlayer$Thread.run(AsyncPlayer.java:99)
D/MountListener( 1185): handleEvent ums_cdrom_for_mount
I/ActivityManager( 1185): Process com.sonyericsson.pccompanion (pid 7739) has died.
I//system/bin/fsck_msdos( 1096): Attempting to allocate 956 KB for FAT
D/MountListener( 1185): handleEvent ums_connected
I/ChargAlg( 1121): USB maximum current: 500
I/ChargAlg( 1121): Safety timer updated to 60 min.
I/ActivityManager( 1185): Start proc com.sonyericsson.pccompanion for broadcast com.sonyericsson.pccompanion/.PowerConnectionReceiver: pid=7784 uid=10042 gids={}
W/NotificationService( 1185): STOP command without a player
D/MediaPlayer( 1185): Couldn't open file on client side, trying server side
W/NotificationService( 1185): error loading sound for content://settings/system/notification_sound
W/NotificationService( 1185): java.io.FileNotFoundException
W/NotificationService( 1185): at com.discretix.drm.api.DxDrmClient.openDrmContent(DxDrmClient.java:187)
W/NotificationService( 1185): at android.media.MediaPlayer.InitConsumptionObject(MediaPlayer.java:1730)
W/NotificationService( 1185): at android.media.MediaPlayer.setDataSourceByPath(MediaPlayer.java:782)
W/NotificationService( 1185): at android.media.MediaPlayer.setDataSource(MediaPlayer.java:769)
W/NotificationService( 1185): at android.media.AsyncPlayer.startSound(AsyncPlayer.java:62)
W/NotificationService( 1185): at android.media.AsyncPlayer.access$200(AsyncPlayer.java:33)
W/NotificationService( 1185): at android.media.AsyncPlayer$Thread.run(AsyncPlayer.java:99)
I/dalvikvm( 7784): Debugger thread not active, ignoring DDM send (t=0x41504e4d l=38)
I/dalvikvm( 7784): Debugger thread not active, ignoring DDM send (t=0x41504e4d l=60) I/com.sonyericsson.pccompanion.PowerConnectionReceiver( 7784): Top activity is com.sonyericsson.notes.NoteViewActivity
I/ActivityManager( 1185): Starting activity: Intent { flg=0x10000000 cmp=com.sonyericsson.pccompanion/.PcCompanionActivity }
I/NoteViewActivity( 7645): Deleting note 2
I/ActivityManager( 1185): Process com.sonyericsson.pccompanion (pid 7784) has died.
I/UsageStats( 1185): Unexpected resume of com.sonyericsson.notes while already resumed in com.sonyericsson.pccompanion
I/NoteViewActivity( 7645): Deleting note 2
I/NotesMultiView( 7645): updateData called
I/NotesMultiView( 7645): updateData called
I/ActivityManager( 1185): Process android.process.media (pid 7733) has died.
I//system/bin/fsck_msdos( 1096): ** Phase 2 - Check Cluster Chains
I//system/bin/fsck_msdos( 1096): ** Phase 3 - Checking Directories
I//system/bin/fsck_msdos( 1096): ** Phase 4 - Checking for Lost Files
I//system/bin/fsck_msdos( 1096): Next free cluster in FSInfo block (45117) not free
I//system/bin/fsck_msdos( 1096): 13492 files, 2035584 free (194684 clusters)
I/logwrapper( 1096): /system/bin/fsck_msdos terminated by exit(0)
D/vold ( 1096): Filesystem check completed OK
I/vold ( 1096): Sucessfully mounted vfat filesystem 179:1 on /sdcard (safe-mode on)
D/MountListener( 1185): handleEvent volume_mounted:/sdcard
I/ActivityManager( 1185): Start proc android.process.media for broadcast com.android.providers.media/.MediaScannerReceiver: pid=7796 uid=10022 gids={1015, 2001, 3003}
I/dalvikvm( 7796): Debugger thread not active, ignoring DDM send (t=0x41504e4d l=38)
I/dalvikvm( 7796): Debugger thread not active, ignoring DDM send (t=0x41504e4d l=46)
I/ActivityThread( 7796): Publishing provider downloads: com.android.providers.downloads.DownloadProvider
I/ActivityThread( 7796): Publishing provider : com.android.providers.drm.DrmProvider
I/ActivityThread( 7796): Publishing provider media;drm: com.android.providers.media.ExtendedMediaProvider
V/MediaProvider( 7796): Attached volume: internal
V/MediaProvider( 7796): /sdcard volume ID: -87024877
V/MediaProvider( 7796): Attached volume: external
I/ActivityManager( 1185): Start proc com.sonyericsson.capabilities for broadcast com.sonyericsson.capabilities/.DefCapUpdaterReceiver: pid=7804 uid=10044 gids={1015}
D/MediaScannerService( 7796): start scanning volume external
I/dalvikvm( 7804): Debugger thread not active, ignoring DDM send (t=0x41504e4d l=38)
I/dalvikvm( 7804): Debugger thread not active, ignoring DDM send (t=0x41504e4d l=62)
D/DefCapUpdaterReceiver( 7804): onReceive()
I/MediaUploader( 7400): No need to wake up
D/DefCapUpdaterService( 7804): onStart()
D/DefCapUpdaterService( 7804): onServiceConnected()
D/DefCapUpdaterService( 7804): getInfo()
D/dalvikvm( 6381): +++ not scanning '/system/lib/libwebcore.so' for 'readFsVersion' (wrong CL)
D/dalvikvm( 6381): +++ not scanning '/system/lib/libexif.so' for 'readFsVersion' (wrong CL)
D/dalvikvm( 6381): +++ not scanning '/system/lib/libwebcore.so' for 'readSwVersion' (wrong CL)
D/dalvikvm( 6381): +++ not scanning '/system/lib/libexif.so' for 'readSwVersion' (wrong CL)
D/dalvikvm( 6381): +++ not scanning '/system/lib/libwebcore.so' for 'readS1BootVersion' (wrong CL)
D/dalvikvm( 6381): +++ not scanning '/system/lib/libexif.so' for 'readS1BootVersion' (wrong CL)
D/dalvikvm( 6381): +++ not scanning '/system/lib/libwebcore.so' for 'readCustVersion' (wrong CL)
D/dalvikvm( 6381): +++ not scanning '/system/lib/libexif.so' for 'readCustVersion' (wrong CL)
D/DefCapUpdaterService( 7804): writeXMLFiles()
D/DefCapUpdaterService( 7804): writeDefaultXMLFile()
I/global ( 7804): Default buffer size used in BufferedReader constructor. It would be better to be explicit if an 8k-char buffer is required.
I/global ( 7804): Default buffer size used in BufferedWriter constructor. It would be better to be explicit if an 8k-char buffer is required.
D/dalvikvm( 7804): GC freed 3159 objects / 171792 bytes in 82ms
D/DefCapUpdaterService( 7804): copyCustomizedXMLFile()
D/DefCapUpdaterService( 7804): copyFile()
D/dalvikvm( 7796): Trying to load lib /system/lib/libDxDrmJava.so 0x0
D/dalvikvm( 7796): Added shared lib /system/lib/libDxDrmJava.so 0x0
D/DxDrmJavaWrap( 7796): enter JNI_OnLoad()
D/DxDrmJavaWrap( 7796): Pool was allocated at address: 0x45962ed8
D/DxDrmJavaWrap( 7796): exit JNI_OnLoad(65540)
D/DefCapUpdaterService( 7804): onDestroy()
D/dalvikvm( 7796): GC freed 3425 objects / 208784 bytes in 67ms
I/ActivityManager( 1185): Process com.sonyericsson.capabilities (pid 7804) has died.
D/MediaScanner( 7796): found .nomedia, skipping directory
D/MediaScanner( 7796): prescan time: 861ms
D/MediaScanner( 7796): scan time: 1359ms
D/MediaScanner( 7796): postscan time: 2ms
D/MediaScanner( 7796): total time: 2222ms
D/MediaScannerService( 7796): done scanning volume external
I/ActivityManager( 1185): Start proc com.sonyericsson.camera for broadcast com.sonyericsson.camera/com.sonyericsson.album.storage.MediaScannerFinishedReciever: pid=7815 uid=10058 gids={1006, 1015, 3003}
I/dalvikvm( 7815): Debugger thread not active, ignoring DDM send (t=0x41504e4d l=38)
I/dalvikvm( 7815): Debugger thread not active, ignoring DDM send (t=0x41504e4d l=50)
W/MediaPlayer( 6826): info/warning (1, 44)
I/MediaPlayer( 6826): Info (1,44)
I/ActivityManager( 1185): Process com.sonyericsson.camera (pid 7815) has died.
D/dalvikvm( 7400): GC freed 815 objects / 67176 bytes in 122ms
D/dalvikvm( 6820): GC freed 1285 objects / 50936 bytes in 118ms
D/dalvikvm( 7488): GC freed 279 objects / 14872 bytes in 118ms
I/ChargAlg( 1121): Good charger detected. Charger can give enough current to charge battery
D/dalvikvm( 6820): GC freed 509 objects / 20448 bytes in 116ms
I/power ( 1185): *** set_screen_state 0
D/SurfaceFlinger( 1185): About to give-up screen, flinger = 0x121000
D/dalvikvm( 1185): GC freed 21543 objects / 1105768 bytes in 349ms
I/ActivityManager( 1185): Start proc com.android.settings for broadcast com.android.settings/.widget.SettingsAppWidgetProvider: pid=7832 uid=1000 gids={3003, 1015, 3002, 3001}
I/dalvikvm( 7832): Debugger thread not active, ignoring DDM send (t=0x41504e4d l=38)
I/dalvikvm( 7832): Debugger thread not active, ignoring DDM send (t=0x41504e4d l=44)
I/ActivityManager( 1185): Process com.android.settings (pid 7832) has died.
D/dalvikvm( 1658): GC freed 853 objects / 32872 bytes in 143ms
D/dalvikvm( 1280): GC freed 61 objects / 2400 bytes in 179ms
D/KeyguardViewMediator( 1185): wakeWhenReadyLocked(26)
D/KeyguardViewMediator( 1185): handleWakeWhenReady(26)
D/KeyguardViewMediator( 1185): pokeWakelock(5000)
I/power ( 1185): *** set_screen_state 1
I/GASH-ak897x( 1185): ak897x_set_delay: 200 ms for AK8975 Compass
I/GASH-ak897x( 1185): ak897x_set_delay: 200 ms for AK8975 Compass Raw
I/GASH-ak897x( 1185): ak897x_set_delay: 200 ms for AK8975 Magnetic Field
I/NotesMultiView( 7645): updateData called
I/NotesMultiView( 7645): updateData called
D/ZWallpaperService( 3947): ZEngine.onVisibilityChanged(true)
D/ZGLThread( 3947): 14 ZGLThread.onResume
I/GASH-ak897x( 1185): ak897x_set_delay: 60 ms for AK8975 Compass
I/GASH-ak897x( 1185): ak897x_set_delay: 60 ms for AK8975 Compass Raw
I/GASH-ak897x( 1185): ak897x_set_delay: 60 ms for AK8975 Magnetic Field
D/SurfaceFlinger( 1185): Screen about to return, flinger = 0x121000
D/KeyguardViewMediator( 1185): pokeWakelock(5000)
D/ZWallpaperService( 3947): ZEngine.onVisibilityChanged(false)
D/ZGLThread( 3947): 14 ZGLThread.onPause
I/Process ( 7763): Sending signal. PID: 7763 SIG: 9
I/ActivityManager( 1185): Process com.sonyericsson.android.textinput (pid 7763) has died.
W/ActivityManager( 1185): Scheduling restart of crashed service com.sonyericsson.android.textinput/.glue.InputMethodServiceGlue in 5000ms
W/InputManagerService( 1185): Session failed to close due to remote exception
W/InputManagerService( 1185): android.os.DeadObjectException
W/InputManagerService( 1185): at android.os.BinderProxy.transact(Native Method)
W/InputManagerService( 1185): at com.android.internal.view.IInputMethodSession$Stub$Proxy.finishSession(IInputMethodSession.java:346)
W/InputManagerService( 1185): at com.android.server.InputMethodManagerService.finishSession(InputMethodManagerService.java:861)
W/InputManagerService( 1185): at com.android.server.InputMethodManagerService.clearCurMethodLocked(InputMethodManagerService.java:872)
W/InputManagerService( 1185): at com.android.server.InputMethodManagerService.onServiceDisconnected(InputMethodManagerService.java:889)
W/InputManagerService( 1185): at android.app.ActivityThread$PackageInfo$ServiceDispatcher.doDeath(ActivityThread.java:1112)
W/InputManagerService( 1185): at android.app.ActivityThread$PackageInfo$ServiceDispatcher$RunConnection.run(ActivityThread.java:1126)
W/InputManagerService( 1185): at android.os.Handler.handleCallback(Handler.java:587)
W/InputManagerService( 1185): at android.os.Handler.dispatchMessage(Handler.java:92)
W/InputManagerService( 1185): at android.os.Looper.loop(Looper.java:123)
W/InputManagerService( 1185): at com.android.server.ServerThread.run(SystemServer.java:437)
W/InputManagerService( 1185): Session failed to close due to remote exception
W/InputManagerService( 1185): android.os.DeadObjectException
W/InputManagerService( 1185): at android.os.BinderProxy.transact(Native Method)
W/InputManagerService( 1185): at com.android.internal.view.IInputMethodSession$Stub$Proxy.finishSession(IInputMethodSession.java:346)
W/InputManagerService( 1185): at com.android.server.InputMethodManagerService.finishSession(InputMethodManagerService.java:861)
W/InputManagerService( 1185): at com.android.server.InputMethodManagerService.clearCurMethodLocked(InputMethodManagerService.java:876)
W/InputManagerService( 1185): at com.android.server.InputMethodManagerService.onServiceDisconnected(InputMethodManagerService.java:889)
W/InputManagerService( 1185): at android.app.ActivityThread$PackageInfo$ServiceDispatcher.doDeath(ActivityThread.java:1112)
W/InputManagerService( 1185): at android.app.ActivityThread$PackageInfo$ServiceDispatcher$RunConnection.run(ActivityThread.java:1126)
W/InputManagerService( 1185): at android.os.Handler.handleCallback(Handler.java:587)
W/InputManagerService( 1185): at android.os.Handler.dispatchMessage(Handler.java:92)
W/InputManagerService( 1185): at android.os.Looper.loop(Looper.java:123)
W/InputManagerService( 1185): at com.android.server.ServerThread.run(SystemServer.java:437)
I/ActivityManager( 1185): Starting activity: Intent { cmp=com.sonyericsson.notes/.NoteViewActivity }
I/NotesDBAdapter( 7645): created note with id 3
V/NoteViewActivity( 7645): onItemSelected null 0
D/dalvikvm( 7645): GC freed 2349 objects / 141312 bytes in 62ms
I/ActivityManager( 1185): Displayed activity com.sonyericsson.notes/.NoteViewActivity: 389 ms (total 154982 ms)
V/NoteViewActivity( 7645): Edit text active = true
I/ActivityManager( 1185): Start proc com.sonyericsson.android.textinput for service com.sonyericsson.android.textinput/.glue.InputMethodServiceGlue: pid=7850 uid=10103 gids={}
V/NoteViewActivity( 7645): Show soft input = false
I/dalvikvm( 7850): Debugger thread not active, ignoring DDM send (t=0x41504e4d l=38)
I/dalvikvm( 7850): Debugger thread not active, ignoring DDM send (t=0x41504e4d l=72)
D/dalvikvm( 1099): GC freed 274 objects / 10448 bytes in 172ms
D/dalvikvm( 1099): GC freed 37 objects / 1672 bytes in 154ms
D/dalvikvm( 1099): GC freed 2 objects / 48 bytes in 126ms
W/dalvikvm( 7850): Exception Ljava/lang/UnsatisfiedLinkError; thrown during Lcom/sonyericsson/android/textinput/model/zi/ZiEngine;.
D/AndroidRuntime( 7850): Shutting down VM
W/dalvikvm( 7850): threadid=3: thread exiting with uncaught exception (group=0x40026160)
E/AndroidRuntime( 7850): Uncaught handler: thread main exiting due to uncaught exception
E/AndroidRuntime( 7850): java.lang.ExceptionInInitializerError
E/AndroidRuntime( 7850): at com.sonyericsson.android.textinput.model.zi.ZiPrediction.init(ZiPrediction.java:430)
E/AndroidRuntime( 7850): at com.sonyericsson.android.textinput.model.zi.ZiPrediction.init(ZiPrediction.java:415)
E/AndroidRuntime( 7850): at com.sonyericsson.collaboration.ObjectBinder.init(ObjectBinder.java:493)
E/AndroidRuntime( 7850): at com.sonyericsson.android.textinput.glue.InputMethodServiceGlue.onInitializeInterface(InputMethodServiceGlue.java:291)
E/AndroidRuntime( 7850): at android.inputmethodservice.InputMethodService.initialize(InputMethodService.java:574)
E/AndroidRuntime( 7850): at android.inputmethodservice.InputMethodService.doStartInput(InputMethodService.java:1432)
E/AndroidRuntime( 7850): at android.inputmethodservice.InputMethodService$InputMethodImpl.startInput(InputMethodService.java:354)
E/AndroidRuntime( 7850): at android.inputmethodservice.IInputMethodWrapper.executeMessage(IInputMethodWrapper.java:136)
E/AndroidRuntime( 7850): at com.android.internal.os.HandlerCaller$MyHandler.handleMessage(HandlerCaller.java:45)
E/AndroidRuntime( 7850): at android.os.Handler.dispatchMessage(Handler.java:99)
E/AndroidRuntime( 7850): at android.os.Looper.loop(Looper.java:123)
E/AndroidRuntime( 7850): at android.app.ActivityThread.main(ActivityThread.java:4370)
E/AndroidRuntime( 7850): at java.lang.reflect.Method.invokeNative(Native Method)
E/AndroidRuntime( 7850): at java.lang.reflect.Method.invoke(Method.java:521)
E/AndroidRuntime( 7850): at com.android.internal.os.ZygoteInit$MethodAndArgsCaller.run(ZygoteInit.java:868)
E/AndroidRuntime( 7850): at com.android.internal.os.ZygoteInit.main(ZygoteInit.java:626)
E/AndroidRuntime( 7850): at dalvik.system.NativeStart.main(Native Method)
E/AndroidRuntime( 7850): Caused by: java.lang.UnsatisfiedLinkError: Library ZiEngine not found
E/AndroidRuntime( 7850): at java.lang.Runtime.loadLibrary(Runtime.java:489)
E/AndroidRuntime( 7850): at java.lang.System.loadLibrary(System.java:557)
E/AndroidRuntime( 7850): at com.sonyericsson.android.textinput.model.zi.ZiEngine.(ZiEngine.java:850)
E/AndroidRuntime( 7850): ... 17 more
E/SemcCheckin( 7850): Get crash dump level : java.io.FileNotFoundException: /data/semc-checkin/crashdump
W/ActivityManager( 1185): Unable to start service Intent { act=com.sonyericsson.android.jcrashcatcher.action.BUGREPORT_AUTO cmp=com.sonyericsson.android.jcrashcatcher/.JCrashCatcherService (has extras) }: not found
I/Process ( 1185): Sending signal. PID: 7850 SIG: 3
I/dalvikvm( 7850): threadid=7: reacting to signal 3
I/dalvikvm( 7850): Wrote stack trace to '/data/anr/traces.txt'
E/SemcCheckin( 6722): Get Crash Level : java.io.FileNotFoundException: /data/semc-checkin/crashdump
D/dalvikvm( 6722): GC freed 1938 objects / 417368 bytes in 128ms
D/dalvikvm( 6361): GC freed 2478 objects / 293728 bytes in 123ms
D/dalvikvm( 7488): GC freed 334 objects / 18152 bytes in 115ms
D/dalvikvm( 6820): GC freed 1265 objects / 50864 bytes in 125ms
D/dalvikvm( 7673): GC freed 1065 objects / 75752 bytes in 122ms
D/dalvikvm( 7488): GC freed 278 objects / 14816 bytes in 113ms