E/SpannableStringBuilder( 4107): SPAN_EXCLUSIVE_EXCLUSIVE spans cannot have a ze ro length
D/KeyguardViewMediator( 2244): setHidden false
I/power ( 2244): *** release_dvfs_lock : lockType : 1
D/KeyguardViewMediator( 2244): setHidden false
D/PowerManagerService( 2244): releaseDVFSLockLocked : all DVFS_MIN_LIMIT are rel eased
W/ActivityManager( 2244): mDVFSLock.release()
I/SurfaceFlinger( 1910): id=64 Removed Tettings idx=3 MapSz=3
I/SurfaceFlinger( 1910): id=64 Removed Tettings idx=-2 MapSz=3
D/KeyguardViewMediator( 2244): setHidden false
I/InputReader( 2244): Touch event's action is 0x0 (deviceType=0) [pCnt=1, s=0.87 ]
I/InputDispatcher( 2244): Delivering touch to current input target: action: 0x0
I/InputDispatcher( 2244): Delivering touch to current input target: action: 0x0
I/InputDispatcher( 2244): Delivering touch to current input target: action: 0x0
I/DVFSHelper( 4107): acquire::
I/DVFSHelper( 4107): prepareIntent:: BOOST_TYPE_TOUCH
I/TwDVFSBroadcastReceiver( 2544): onListViewScrollIntent
D/PowerManager( 2544): DVFSLock : acquire : timeout : 15000
I/power ( 2244): *** acquire_dvfs_lock : lockType : 1 freq : 800000
D/PowerManagerService( 2244): acquireDVFSLockLocked : type : DVFS_MIN_LIMIT fre quency : 800000 uid : 1000 pid : 2544 tag : TwDVFSBroadcastReceiver
I/InputReader( 2244): Touch event's action is 0x1 (deviceType=0) [pCnt=1, s=]
I/InputDispatcher( 2244): Delivering touch to current input target: action: 0x1
I/InputDispatcher( 2244): Delivering touch to current input target: action: 0x1
I/InputDispatcher( 2244): Delivering touch to current input target: action: 0x1
I/DVFSHelper( 4107): release::
I/power ( 2244): *** release_dvfs_lock : lockType : 1
D/PowerManagerService( 2244): releaseDVFSLockLocked : all DVFS_MIN_LIMIT are rel eased
W/SignalStrength( 2244): getGsmLevel=3
W/SignalStrength( 2525): getGsmLevel=3
W/SignalStrength( 2525): getLevel=3 (SignalStrength: 9 -1 -1 -1 -1 -1 -1 -1 -1 - 1 -1 -1 gsm|lte 3)
W/SignalStrength( 2244): getLevel=3 (SignalStrength: 9 -1 -1 -1 -1 -1 -1 -1 -1 - 1 -1 -1 gsm|lte 3)
W/SignalStrength( 2525): getGsmLevel=3
D/STATUSBAR-NetworkController( 2525): onSignalStrengthsChanged signalStrength=Si gnalStrength: 9 -1 -1 -1 -1 -1 -1 -1 -1 -1 -1 -1 gsm|lte 3 level=3
W/SignalStrength( 2525): getLevel=3 (SignalStrength: 9 -1 -1 -1 -1 -1 -1 -1 -1 - 1 -1 -1 gsm|lte 3)
W/SignalStrength( 2244): getGsmDbm=-95
W/SignalStrength( 2244): getDbm=-95
W/SignalStrength( 2244): getGsmAsuLevel=9
W/SignalStrength( 2244): getAsuLevel=9
W/AlarmManager( 2244): FACTORY_ON= 0
D/dalvikvm( 2244): GC_CONCURRENT freed 16034K, 46% free 26786K/49031K, paused 11 ms+9ms, total 155ms
I/InputReader( 2244): Touch event's action is 0x0 (deviceType=0) [pCnt=1, s=0.88 ]
I/InputDispatcher( 2244): Delivering touch to current input target: action: 0x0
I/InputDispatcher( 2244): Delivering touch to current input target: action: 0x0
I/InputDispatcher( 2244): Delivering touch to current input target: action: 0x0
D/AlarmManagerService( 2244): Kernel timezone updated to -120 minutes west of GM T
D/PopupuiReceiver( 5573): onReceive() getAction : android.intent.action.NETWORK_ SET_TIMEZONE
D/PopupuiReceiver( 5573): NETWORK_SET_TIME prevMCCvalue : -111
D/PopupuiReceiver( 5573): gsm.operator.numeric : 262
D/PopupuiReceiver( 5573): MCC init : mccstrcmp
W/SignalStrength( 2525): getGsmLevel=3
W/SignalStrength( 2525): getLevel=3 (SignalStrength: 9 -1 -1 -1 -1 -1 -1 -1 -1 - 1 -1 -1 gsm|lte 3)
D/STATUSBAR-NetworkController( 2525): onServiceStateChanged state=0
D/STATUSBAR-NetworkController( 2525): updateDataNetType()
D/STATUSBAR-NetworkController( 2525): Nothing, mRoamingIconId = 0
I/WifiService( 2244): Booster FLAG : 1
I/WifiService( 2244): mBoosterFLAG : 1
I/WifiService( 2244): current booster mode : FullMode
D/ContextualPageReceiver( 2764): mContextualPageReceiver: ACTION_SERVICE_STATE_C HANGED isRoaming : false
D/WifiService( 2244): onDataConnectionStateChanged: state -2, networkType - UMTS
D/STATUSBAR-NetworkController( 2525): onDataConnectionStateChanged: state=2 type =3
D/STATUSBAR-NetworkController( 2525): Nothing, mRoamingIconId = 0
D/dalvikvm( 1911): GC_EXPLICIT freed <1K, 7% free 12118K/12931K, paused 2ms+2ms, total 22ms
D/ContextualPageReceiver( 2764): mContextualPageReceiver: ACTION_SERVICE_STATE_C HANGED isRoaming : false
D/PhoneApp( 2693): mReceiver: ACTION_ANY_DATA_CONNECTION_STATE_CHANGED
D/MobileDataStateTracker( 2244): default: Received state=DISCONNECTED, old=DISCO NNECTED, reason=nwTypeChanged
W/AlarmManager( 2244): FACTORY_ON= 0
W/AlarmManager( 2244): FACTORY_ON= 0
D/GCM (13821): COMPAT: Single user
D/dalvikvm( 2809): GC_CONCURRENT freed 406K, 8% free 13188K/14215K, paused 4ms+3 ms, total 40ms
I/ActivityThread(13841): Pub com.google.android.apps.uploader.PicasaUploadProvid er: com.google.android.picasasync.PicasaContentProvider
D/dalvikvm(13841): GC_CONCURRENT freed 461K, 8% free 12162K/13191K, paused 17ms+ 3ms, total 50ms
D/dalvikvm(13841): WAIT_FOR_CONCURRENT_GC blocked 9ms
D/dalvikvm(13855): WAIT_FOR_CONCURRENT_GC blocked 0ms
D/PicasaUploader(13841): wifiOnlyPhoto changed to true
D/PicasaUploader(13841): wifiOnlyVideo changed to true
D/PicasaUploader(13841): syncOnBattery changed to true
D/PicasaUploaderSync(13841): sync account database
D/AudioHardwareTinyALSA( 1913): Entering AudioStreamOutALSA standby mode
I/AudioHardwareTinyALSA( 1913): Close mHandle:423a40d8
D/PicasaUploaderSync(13841): accounts in DB=0
D/PicasaUploaderSyncManager(13841): active network: null
D/PicasaUploaderSyncManager(13841): background data: true
D/PicasaUploaderSyncManager(13841): battery info: true
D/dalvikvm(13855): GC_CONCURRENT freed 155K, 6% free 12468K/13191K, paused 12ms+ 2ms, total 30ms
D/dalvikvm(13855): WAIT_FOR_CONCURRENT_GC blocked 8ms
I/ActivityThread(13855): Pub com.google.android.apps.plus.content.ApiProvider: c om.google.android.apps.plus.content.EsApiProvider
I/ActivityThread(13855): Pub com.google.android.apps.plus.content.EsGooglePhotoP rovider: com.google.android.picasasync.PicasaContentProvider
D/dalvikvm(13855): GC_CONCURRENT freed 367K, 7% free 12636K/13575K, paused 12ms+ 3ms, total 28ms
D/dalvikvm(13855): WAIT_FOR_CONCURRENT_GC blocked 5ms
I/ActivityThread(13855): Pub com.google.android.apps.plus.content.EsPicasaStoreP rovider: com.google.android.picasastore.PicasaPhotoContentProvider
I/ActivityThread(13855): Pub com.google.plus.platform: com.google.android.apps.p lus.content.AdsProvider
I/ActivityThread(13855): Pub com.google.android.apps.plus.iu.EsGoogleIuProvider: com.google.android.apps.plus.iu.InstantUploadProvider
D/dalvikvm(13855): GC_CONCURRENT freed 508K, 8% free 12689K/13767K, paused 2ms+2 ms, total 22ms
D/dalvikvm(13855): WAIT_FOR_CONCURRENT_GC blocked 11ms
D/dalvikvm(13855): WAIT_FOR_CONCURRENT_GC blocked 11ms
I/ActivityThread(13855): Pub com.google.android.apps.plus.content.EsProvider: co m.google.android.apps.plus.content.EsProvider
D/dalvikvm(13855): GC_CONCURRENT freed 428K, 8% free 12831K/13831K, paused 12ms+ 3ms, total 33ms
D/dalvikvm(13855): WAIT_FOR_CONCURRENT_GC blocked 11ms
D/dalvikvm(13855): WAIT_FOR_CONCURRENT_GC blocked 11ms
D/dalvikvm(13855): GC_CONCURRENT freed 124K, 6% free 13245K/13959K, paused 12ms+ 3ms, total 34ms
D/dalvikvm(13855): WAIT_FOR_CONCURRENT_GC blocked 7ms
D/dalvikvm(13855): GC_CONCURRENT freed 294K, 7% free 13451K/14343K, paused 2ms+2 ms, total 21ms
D/dalvikvm(13855): WAIT_FOR_CONCURRENT_GC blocked 16ms
D/dalvikvm(13855): GC_FOR_ALLOC freed 62K, 6% free 13515K/14343K, paused 45ms, t otal 45ms
D/dalvikvm(13855): GC_FOR_ALLOC freed 126K, 7% free 13643K/14599K, paused 21ms, total 21ms
D/dalvikvm(13855): GC_CONCURRENT freed 373K, 8% free 13686K/14727K, paused 12ms+ 2ms, total 31ms
D/dalvikvm(13855): WAIT_FOR_CONCURRENT_GC blocked 17ms
D/dalvikvm(13855): GC_FOR_ALLOC freed 126K, 7% free 13814K/14727K, paused 28ms, total 28ms
D/dalvikvm(13855): GC_FOR_ALLOC freed 369K, 8% free 13856K/14919K, paused 25ms, total 25ms
D/dalvikvm(13855): GC_FOR_ALLOC freed 126K, 7% free 13983K/14919K, paused 20ms, total 21ms
D/dalvikvm(13855): GC_CONCURRENT freed 363K, 7% free 14296K/15239K, paused 11ms+ 2ms, total 31ms
D/dalvikvm(13855): GC_CONCURRENT freed 153K, 5% free 14902K/15623K, paused 12ms+ 4ms, total 52ms
D/dalvikvm(13855): WAIT_FOR_CONCURRENT_GC blocked 7ms
D/dalvikvm(13855): GC_CONCURRENT freed 565K, 7% free 15322K/16455K, paused 3ms+3 ms, total 38ms
D/dalvikvm(13855): WAIT_FOR_CONCURRENT_GC blocked 16ms
D/dalvikvm( 2244): WAIT_FOR_CONCURRENT_GC blocked 0ms
D/dalvikvm(13855): GC_CONCURRENT freed 705K, 8% free 15591K/16903K, paused 12ms+ 2ms, total 81ms
D/gp.PicasaPhotoCP(13855): set fsid first time:-1
D/dalvikvm( 2244): GC_EXPLICIT freed 16141K, 40% free 31775K/52679K, paused 7ms+ 10ms, total 111ms
W/dalvikvm(13855): 67108880 byte allocation exceeds the 67108864 byte maximum he ap size
I/dalvikvm-heap(13855): Forcing collection of SoftReferences for 67108880-byte a llocation
D/dalvikvm(13855): GC_BEFORE_OOM freed 41K, 8% free 15600K/16903K, paused 47ms, total 48ms
D/dalvikvm(13855): GC_FOR_ALLOC freed 3K, 2% free 81133K/82503K, paused 70ms, to tal 70ms
D/dalvikvm(13855): GC_CONCURRENT freed 5K, 2% free 81139K/82503K, paused 13ms+18 ms, total 82ms
D/gp.PicasaSync(13855): sync account database
D/MediaScannerConnection(13855): Connected to MediaScanner
D/MediaScannerConnection(13855): Scanning file 7klwibgf7kdcbid(7Uwlrercblrwuk7pb ugwnl_druglwuf5v,b
E/MTPPlaObsrvr( 4469): On change is called.false
E/MTPPlaObsrvr( 4469): URI of the playlistcontent://media/external/audio/playlis ts
E/MTPPlaObsrvr( 4469): Content resolver is not null
D/MediaScanner( 2907): Constructor set externalStorageSdPath : /storage/extSdCar d
D/MediaScanner( 2907): scanSingleFile : 7klwibgf7kdcbid(7Uwlrercblrwuk7pbugwnl_d ruglwuf5v,b
I/dalvikvm(13879): Turning on JNI app bug workarounds for target SDK version 7.. .
W/AlarmManager( 2244): FACTORY_ON= 0
W/AlarmManager( 2244): FACTORY_ON= 0
W/AlarmManager( 2244): FACTORY_ON= 0
W/AlarmManager( 2244): FACTORY_ON= 0
W/AlarmManager( 2244): FACTORY_ON= 0
W/AlarmManager( 2244): FACTORY_ON= 0
E/MTPPlaObsrvr( 4469): Count0mCount0
E/MTPPlaObsrvr( 4469): Neither deleted nor added. Could be rename
V/MediaPlayerService( 1913): Create new media retriever from pid 2907
D/gp.PicasaSync(13855): accounts in DB=0
D/gp.PicasaSyncManager(13855): active network: null
D/gp.PicasaSyncManager(13855): background data: true
D/gp.PicasaSyncManager(13855): battery info: true
D/MediaScannerConnection(13855): Disconnecting from MediaScanner
I/ActivityThread(13879): Pub com.sec.spp.provider: com.sec.spp.push.provider.Pus hClientProvider
D/SPPClientService(13879): [PushClientApplication] (main) PushClientApplication. onCreate()
E/SPPClientService(13879): [PushClient SystemStateMonitorService] (IntentService [SystemStateMonitorService]) SystemStateMonitorService onHandleIntent
E/WifiP2pStateTracker( 2244): getNetworkInfo : NetworkInfo: type: wifi_p2p[], st ate: UNKNOWN/IDLE, reason: (unspecified), extra: (none), roaming: false, failove r: false, isAvailable: false
E/WifiP2pStateTracker( 2244): getNetworkInfo : NetworkInfo: type: wifi_p2p[], st ate: UNKNOWN/IDLE, reason: (unspecified), extra: (none), roaming: false, failove r: false, isAvailable: false
E/WifiP2pStateTracker( 2244): getNetworkInfo : NetworkInfo: type: wifi_p2p[], st ate: UNKNOWN/IDLE, reason: (unspecified), extra: (none), roaming: false, failove r: false, isAvailable: false
E/WifiP2pStateTracker( 2244): getNetworkInfo : NetworkInfo: type: wifi_p2p[], st ate: UNKNOWN/IDLE, reason: (unspecified), extra: (none), roaming: false, failove r: false, isAvailable: false
E/WifiP2pStateTracker( 2244): getNetworkInfo : NetworkInfo: type: wifi_p2p[], st ate: UNKNOWN/IDLE, reason: (unspecified), extra: (none), roaming: false, failove r: false, isAvailable: false
E/WifiP2pStateTracker( 2244): getNetworkInfo : NetworkInfo: type: wifi_p2p[], st ate: UNKNOWN/IDLE, reason: (unspecified), extra: (none), roaming: false, failove r: false, isAvailable: false
E/WifiP2pStateTracker( 2244): getNetworkInfo : NetworkInfo: type: wifi_p2p[], st ate: UNKNOWN/IDLE, reason: (unspecified), extra: (none), roaming: false, failove r: false, isAvailable: false
E/WifiP2pStateTracker( 2244): getNetworkInfo : NetworkInfo: type: wifi_p2p[], st ate: UNKNOWN/IDLE, reason: (unspecified), extra: (none), roaming: false, failove r: false, isAvailable: false
E/WifiP2pStateTracker( 2244): getNetworkInfo : NetworkInfo: type: wifi_p2p[], st ate: UNKNOWN/IDLE, reason: (unspecified), extra: (none), roaming: false, failove r: false, isAvailable: false
D/dalvikvm(11580): GC_CONCURRENT freed 406K, 7% free 13290K/14279K, paused 24ms+ 4ms, total 75ms
E/WifiP2pStateTracker( 2244): getNetworkInfo : NetworkInfo: type: wifi_p2p[], st ate: UNKNOWN/IDLE, reason: (unspecified), extra: (none), roaming: false, failove r: false, isAvailable: false
E/WifiP2pStateTracker( 2244): getNetworkInfo : NetworkInfo: type: wifi_p2p[], st ate: UNKNOWN/IDLE, reason: (unspecified), extra: (none), roaming: false, failove r: false, isAvailable: false
I/SecDownloader( 2907): Broadcast: Network Down
D/PhoneNumberLocatorBootCompletedReceiver( 2693): onReceive
D/PhoneNumberLocatorBootCompletedReceiver( 2693): Phone number locator feature i s dsiabled
D/dalvikvm(13895): WAIT_FOR_CONCURRENT_GC blocked 0ms
D/dalvikvm(13895): GC_CONCURRENT freed 159K, 6% free 12464K/13191K, paused 9ms+2 ms, total 27ms
D/dalvikvm(13895): WAIT_FOR_CONCURRENT_GC blocked 9ms
I/ActivityThread(13895): Pub com.google.android.youtube.SuggestionProvider: com. google.android.youtube.core.suggest.SuggestionProvider
D/dalvikvm(13895): GC_CONCURRENT freed 279K, 7% free 12610K/13511K, paused 8ms+1 1ms, total 63ms
D/UsbHostManager( 2244): onUEvent(device) :: action = remove, devtype = usb_inte rface, device = /proc/bus/usb/001/002, product = 1519/20/1274, type = 2/0/0, int erface = 2/2/1, devpath = /devices/platform/s5p-ehci/usb1/1-2/1-2:1.0
E/UsbHostManager( 2244): usbDeviceRemoved :: deviceName = /dev/bus/usb/001/002
D/UsbHostManager( 2244): onUEvent(device) :: action = remove, devtype = usb_inte rface, device = /proc/bus/usb/001/002, product = 1519/20/1274, type = 2/0/0, int erface = 10/0/0, devpath = /devices/platform/s5p-ehci/usb1/1-2/1-2:1.1
D/UsbHostManager( 2244): onUEvent(device) :: action = remove, devtype = usb_inte rface, device = /proc/bus/usb/001/002, product = 1519/20/1274, type = 2/0/0, int erface = 2/2/1, devpath = /devices/platform/s5p-ehci/usb1/1-2/1-2:1.2
D/UsbHostManager( 2244): onUEvent(device) :: action = remove, devtype = usb_inte rface, device = /proc/bus/usb/001/002, product = 1519/20/1274, type = 2/0/0, int erface = 10/0/0, devpath = /devices/platform/s5p-ehci/usb1/1-2/1-2:1.3
D/UsbHostManager( 2244): onUEvent(device) :: action = remove, devtype = usb_inte rface, device = /proc/bus/usb/001/002, product = 1519/20/1274, type = 2/0/0, int erface = 2/2/1, devpath = /devices/platform/s5p-ehci/usb1/1-2/1-2:1.4
D/UsbHostManager( 2244): onUEvent(device) :: action = remove, devtype = usb_inte rface, device = /proc/bus/usb/001/002, product = 1519/20/1274, type = 2/0/0, int erface = 10/0/0, devpath = /devices/platform/s5p-ehci/usb1/1-2/1-2:1.5
D/UsbHostManager( 2244): onUEvent(device) :: action = remove, devtype = usb_inte rface, device = /proc/bus/usb/001/002, product = 1519/20/1274, type = 2/0/0, int erface = 2/2/1, devpath = /devices/platform/s5p-ehci/usb1/1-2/1-2:1.6
D/UsbHostManager( 2244): onUEvent(device) :: action = remove, devtype = usb_inte rface, device = /proc/bus/usb/001/002, product = 1519/20/1274, type = 2/0/0, int erface = 10/0/0, devpath = /devices/platform/s5p-ehci/usb1/1-2/1-2:1.7
D/dalvikvm(13895): GC_CONCURRENT freed 235K, 7% free 12846K/13703K, paused 2ms+1 3ms, total 34ms
D/dalvikvm(13895): DexOpt: --- BEGIN 'ads17525797.jar' (bootstrap=0) ---
D/dalvikvm(13930): DexOpt: load 8ms, verify+opt 15ms, 139988 bytes
D/dalvikvm(13895): DexOpt: --- END 'ads17525797.jar' (success) ---
D/dalvikvm(13895): DEX prep '/data/data/com.google.android.youtube/cache/ads1752 5797.jar': unzip in 0ms, rewrite 186ms
I/ConversionPing(13895): Sending ping: http://googleads.g.doubleclick.net/pagead /viewthroughconversion/1001680686/?label=8cu4CIrA3gMQrt7R3QM&muid=uXFL1e6fTx3wL- OzzR2LYg
E/ConversionPing(13895): ConversionPing could not reach the url, no conversion s ent.
I/Process (13943): Sending signal. PID: 13943 SIG: 9
I/ActivityManager( 2244): Process com.sec.android.sCloudBackupApp (pid 13943) (a dj 0) has died.
D/dalvikvm(13895): GC_CONCURRENT freed 267K, 7% free 13018K/13895K, paused 14ms+ 33ms, total 83ms
W/SyncManager( 2244): Writing sync state before shutdown...
E/MediaProvider( 2907): mShutdownReceiver - Intent.getAction : android.intent.ac tion.ACTION_SHUTDOWN
E/MediaProvider( 2907): mShutdownReceiver - SHUTDOWN intent received! bIsShuttin gDown false -> true
D/com.samsung.app( 3147): [MSC_HERO_Accu_JB]>>> WCS:251 [0:0] BR act = androidi ntentactionACTION_SHUTDOWN
D/widget ( 2764): [MSC_HERO_Accu_JB]>>> WC:557 [0:0] mSHandler SD
D/widget ( 2764): [MSC_HERO_Accu_JB]>>> DBH:143 [0:0] ud lsl
D/widget ( 2764): [MSC_HERO_Accu_JB]>>> SM:1288 [0:0] bTCC WCV = 100
D/widget ( 2764): [MSC_HERO_Accu_JB]>>> WC:1664 [0:0] drw 1nd Tm dt = 0053
I/PhoneErrorReceiver(13957): onReceive
V/PhoneErrorReceiver(13957): beginStartingService
V/PhoneErrService(13957): Creating SmsReceiverService
V/PhoneErrService(13957): Starting #1: Bundle[mParcelledData.dataSize=36]
I/PhoneErrService(13957): mResultCode: 0
V/PhoneErrService(13957): Handling incoming message: { what=0 when=0 arg1=1 obj= Intent { act=android.intent.action.ACTION_SHUTDOWN flg=0x10 cmp=com.sec.app.RilE rrorNotifier/.PhoneErrService (has extras) } }
V/PhoneErrorReceiver(13957): finishStartingService
V/PhoneErrService(13957): Destroying PhoneErrorReceiverService
I/Process (13970): Sending signal. PID: 13970 SIG: 9
I/ShutdownThread( 2244): !@Shutting down activity manager...
I/ActivityManager( 2244): Process com.sec.android.sCloudBackupApp (pid 13970) (a dj 0) has died.
I/UsageStats( 2244): Writing usage stats before shutdown...
D/PopupuiReceiver( 5573): onReceive() getAction : android.intent.action.NETWORK_ SET_TIMEZONE
D/PopupuiReceiver( 5573): NETWORK_SET_TIME prevMCCvalue : -111
D/PopupuiReceiver( 5573): gsm.operator.numeric : 262
D/PopupuiReceiver( 5573): MCC init : mccstrcmp
D/StatusChecker( 4731): onReceive : android.intent.action.SERVICE_STATE
D/StatusChecker( 4731): Service state changed : 0
W/BatteryStats( 2244): Writing battery stats before shutdown...
D/ShutdownThread( 2244): !@before Bluetooth
I/ShutdownThread( 2244): !@Waiting for NFC, Bluetooth and Radio...
I/ShutdownThread( 2244): !@PhoneOff req resp
I/ShutdownThread( 2244): !@NFC, Radio, Bluetooth and WiFi shutdown complete.
I/ShutdownThread( 2244): !@Shutting down MountService
W/ShutdownThread( 2244): !@Result code 0 from MountService.shutdown
I/MountService( 2244): Shutting down
I/ActivityThread(13984): Pub com.google.android.gms.plus;com.google.android.gms. plus.action: com.google.android.gms.plus.provider.PlusProvider
I/Recovery(13984): Received: Intent { act=com.google.android.gms.INITIALIZE flg= 0x10 pkg=com.google.android.gms cmp=com.google.android.gms/.recovery.AccountReco veryService$Receiver }
I/ActivityThread(14009): Pub com.sec.android.widgetapp.alarmclock: com.sec.andro id.widgetapp.alarmclock.ClockAlarmDataProvider
E/ClockAlarmWidget(14009): [AlarmWidgetIdManager] getListItem() : itemIndex=0, w idgetID:1
E/ClockAlarmWidget(14009): [AlarmWidgetIdManager] getListItem() : ItemIndex exce ed ListItemCount. itemIndex=1
E/ClockAlarmWidget(14009): [AlarmWidgetIdManager] getListItem() : itemIndex=1, w idgetID:1
D/ClockAlarmDataProvider(14009): getAlarm() - too many same ID alarm data. nCoun t: 0
W/AlarmManager( 2244): FACTORY_ON= 0
I/ShutdownThread( 2244): Performing low-level shutdown...
E/PowerManagerService-JNI( 2244): [LEGO] read_batt_info = Charging
E/PowerManagerService-JNI( 2244): [LEGO] read_batt_info = 3920625
E/PowerManagerService-JNI( 2244): Could not open '/sys/class/power_supply/batter y/batt_temp'
E/PowerManagerService-JNI( 2244): [LEGO] read_batt_info = SDI_SDI
E/PowerManagerService-JNI( 2244): [LEGO] read_batt_info = 0
E/PowerManagerService-JNI( 2244): [LEGO] read_batt_info = 56
E/PowerManagerService-JNI( 2244): [LEGO] read_batt_info = Good
D/dalvikvm( 2244): GC_CONCURRENT freed 5298K, 46% free 28525K/52679K, paused 3ms +10ms, total 128ms
D/dalvikvm( 2244): WAIT_FOR_CONCURRENT_GC blocked 53ms
I/Recovery(13984): Received: Intent { act=com.google.android.gms.INITIALIZE flg= 0x10 pkg=com.google.android.gms cmp=com.google.android.gms/.recovery.AccountReco veryService$Receiver }
W/AlarmManager( 2244): FACTORY_ON= 0
I/Recovery(13984): Received: Intent { act=com.google.android.gms.INITIALIZE flg= 0x10 pkg=com.google.android.gms cmp=com.google.android.gms/.recovery.AccountReco veryService$Receiver }
W/AlarmManager( 2244): FACTORY_ON= 0 C:\Users\Andreas\Desktop\Handy\EFS Professional\ADB>