C:\Users\Andreas\Desktop\Handy\EFS Professional\ADB>adb get-serialno 4df7a6206802cf71 C:\Users\Andreas\Desktop\Handy\EFS Professional\ADB> LOGCAT: 5ms, total 38ms
D/AbsListView( 4107): [unregisterDoubleTapMotionListener]
I/MotionRecognitionManager( 4107): .unregisterListener : / listener count = 0- >0, listener=android.widget.AbsListView$4@41e95878
D/AbsListView( 4107): [unregisterDoubleTapMotionListener]
I/MotionRecognitionManager( 4107): .unregisterListener : / listener count = 0- >0, listener=android.widget.AbsListView$4@41e153a8
D/WindowManager( 2244): mInputFocus is not null.
I/SurfaceFlinger( 1910): id=65(6) createSurf 0x400f2edc (1x1),1 flag=400, TubSet tings
I/SurfaceFlinger( 1910): SurfaceFlinger : eMagnificationFactorChanged. magnific ationFactor=1.0
I/SurfaceFlinger( 1910): SurfaceFlinger : eZoomPositionChanged. zoomX=0.0 zoomY =0.0
D/WindowManager( 2244): PhoneWindowManager: focusChangedLw
D/KeyguardViewMediator( 2244): setHidden false
D/STATUSBAR-StatusBarManagerService( 2244): setSystemUiVisibility(0x0)
D/STATUSBAR-StatusBarManagerService( 2244): manageDisableList what=0x0 pkg=Windo wManager.LayoutParams
V/LvOutput( 1913): initCheck: 0
V/LvOutput( 1913): detachEffects: detach processing for output 2, stream 1, sess ion 78
V/LvOutput( 1913): detachEffects: no output processing was attached to this stre am
V/AudioPolicyManagerBase( 1913): stopOutput() output 2, stream 1, session 78
V/AudioPolicyManagerBase( 1913): changeRefCount() stream 1, count 0
V/AudioPolicyManagerBase( 1913): getNewDevice() selected device 0
V/AudioPolicyManagerBase( 1913): setOutputDevice() output 2 device 0000 force 0 delayMs 184
V/AudioPolicyManagerBase( 1913): setOutputDevice() prevDevice 0002
V/AudioPolicyManagerBase( 1913): setOutputDevice() setting same device 0000 or n ull device for output 2
W/System.err( 4107): Removed 2131428263
W/System.err( 4107): Removed 2131428276
D/KeyguardViewMediator( 2244): setHidden false
D/KeyguardViewMediator( 2244): setHidden false
I/ClipboardServiceEx( 2244): Send intent for dismiss clipboard dialog inside hid eCurrentInputLocked() !
D/KeyguardViewMediator( 2244): setHidden false
W/System.err( 4107): Removed 2131428263
W/System.err( 4107): Removed 2131428276
D/KeyguardViewMediator( 2244): setHidden false
E/SpannableStringBuilder( 4107): SPAN_EXCLUSIVE_EXCLUSIVE spans cannot have a ze ro length
E/SpannableStringBuilder( 4107): SPAN_EXCLUSIVE_EXCLUSIVE spans cannot have a ze ro length
D/KeyguardViewMediator( 2244): setHidden false
I/power ( 2244): *** release_dvfs_lock : lockType : 1
D/KeyguardViewMediator( 2244): setHidden false
D/PowerManagerService( 2244): releaseDVFSLockLocked : all DVFS_MIN_LIMIT are rel eased
W/ActivityManager( 2244): mDVFSLock.release()
I/SurfaceFlinger( 1910): id=64 Removed Tettings idx=3 MapSz=3
I/SurfaceFlinger( 1910): id=64 Removed Tettings idx=-2 MapSz=3
D/KeyguardViewMediator( 2244): setHidden false
I/InputReader( 2244): Touch event's action is 0x0 (deviceType=0) [pCnt=1, s=0.87 ]
I/InputDispatcher( 2244): Delivering touch to current input target: action: 0x0
I/InputDispatcher( 2244): Delivering touch to current input target: action: 0x0
I/InputDispatcher( 2244): Delivering touch to current input target: action: 0x0
I/DVFSHelper( 4107): acquire::
I/DVFSHelper( 4107): prepareIntent:: BOOST_TYPE_TOUCH
I/TwDVFSBroadcastReceiver( 2544): onListViewScrollIntent
D/PowerManager( 2544): DVFSLock : acquire : timeout : 15000
I/power ( 2244): *** acquire_dvfs_lock : lockType : 1 freq : 800000
D/PowerManagerService( 2244): acquireDVFSLockLocked : type : DVFS_MIN_LIMIT fre quency : 800000 uid : 1000 pid : 2544 tag : TwDVFSBroadcastReceiver
I/InputReader( 2244): Touch event's action is 0x1 (deviceType=0) [pCnt=1, s=]
I/InputDispatcher( 2244): Delivering touch to current input target: action: 0x1
I/InputDispatcher( 2244): Delivering touch to current input target: action: 0x1
I/InputDispatcher( 2244): Delivering touch to current input target: action: 0x1
I/DVFSHelper( 4107): release::
I/power ( 2244): *** release_dvfs_lock : lockType : 1
D/PowerManagerService( 2244): releaseDVFSLockLocked : all DVFS_MIN_LIMIT are rel eased
W/SignalStrength( 2244): getGsmLevel=3
W/SignalStrength( 2525): getGsmLevel=3
W/SignalStrength( 2525): getLevel=3 (SignalStrength: 9 -1 -1 -1 -1 -1 -1 -1 -1 - 1 -1 -1 gsm|lte 3)
W/SignalStrength( 2244): getLevel=3 (SignalStrength: 9 -1 -1 -1 -1 -1 -1 -1 -1 - 1 -1 -1 gsm|lte 3)
W/SignalStrength( 2525): getGsmLevel=3
D/STATUSBAR-NetworkController( 2525): onSignalStrengthsChanged signalStrength=Si gnalStrength: 9 -1 -1 -1 -1 -1 -1 -1 -1 -1 -1 -1 gsm|lte 3 level=3
W/SignalStrength( 2525): getLevel=3 (SignalStrength: 9 -1 -1 -1 -1 -1 -1 -1 -1 - 1 -1 -1 gsm|lte 3)
W/SignalStrength( 2244): getGsmDbm=-95
W/SignalStrength( 2244): getDbm=-95
W/SignalStrength( 2244): getGsmAsuLevel=9
W/SignalStrength( 2244): getAsuLevel=9
W/AlarmManager( 2244): FACTORY_ON= 0
D/dalvikvm( 2244): GC_CONCURRENT freed 16034K, 46% free 26786K/49031K, paused 11 ms+9ms, total 155ms
I/InputReader( 2244): Touch event's action is 0x0 (deviceType=0) [pCnt=1, s=0.88 ]
I/InputDispatcher( 2244): Delivering touch to current input target: action: 0x0
I/InputDispatcher( 2244): Delivering touch to current input target: action: 0x0
I/InputDispatcher( 2244): Delivering touch to current input target: action: 0x0
D/AlarmManagerService( 2244): Kernel timezone updated to -120 minutes west of GM T
D/PopupuiReceiver( 5573): onReceive() getAction : android.intent.action.NETWORK_ SET_TIMEZONE
D/PopupuiReceiver( 5573): NETWORK_SET_TIME prevMCCvalue : -111
D/PopupuiReceiver( 5573): gsm.operator.numeric : 262
D/PopupuiReceiver( 5573): MCC init : mccstrcmp
W/SignalStrength( 2525): getGsmLevel=3
W/SignalStrength( 2525): getLevel=3 (SignalStrength: 9 -1 -1 -1 -1 -1 -1 -1 -1 - 1 -1 -1 gsm|lte 3)
D/STATUSBAR-NetworkController( 2525): onServiceStateChanged state=0
D/STATUSBAR-NetworkController( 2525): updateDataNetType()
D/STATUSBAR-NetworkController( 2525): Nothing, mRoamingIconId = 0
I/WifiService( 2244): Booster FLAG : 1
I/WifiService( 2244): mBoosterFLAG : 1
I/WifiService( 2244): current booster mode : FullMode
D/ContextualPageReceiver( 2764): mContextualPageReceiver: ACTION_SERVICE_STATE_C HANGED isRoaming : false
D/WifiService( 2244): onDataConnectionStateChanged: state -2, networkType - UMTS
D/STATUSBAR-NetworkController( 2525): onDataConnectionStateChanged: state=2 type =3
D/STATUSBAR-NetworkController( 2525): updateDataNetType()
D/STATUSBAR-NetworkController( 2525): Nothing, mRoamingIconId = 0
D/STATUSBAR-NetworkController( 2525): refreshSignalCluster: data=2 bt=false
D/STATUSBAR-SignalClusterView( 2525): mSeparateMobileGroup=0
D/STATUSBAR-SignalClusterView( 2525): mSeparateMobileGroup=0
D/STATUSBAR-SignalClusterView( 2525): mSeparateMobileGroup=0
D/StatusChecker( 4731): onReceive : android.intent.action.SERVICE_STATE
D/StatusChecker( 4731): Service state changed : 0
D/PhoneApp( 2693): mReceiver: ACTION_ANY_DATA_CONNECTION_STATE_CHANGED
D/NotificationMgr( 2693): hideDataDisconnectedRoaming()...
D/MobileDataStateTracker( 2244): default: Received state=CONNECTED, old=CONNECTE D, reason=nwTypeChanged
W/AlarmManager( 2244): FACTORY_ON= 0
I/DVFSHelper( 4107): acquire::
I/DVFSHelper( 4107): prepareIntent:: BOOST_TYPE_TOUCH
W/AlarmManager( 2244): FACTORY_ON= 0
I/TwDVFSBroadcastReceiver( 2544): onListViewScrollIntent
I/InputReader( 2244): Touch event's action is 0x1 (deviceType=0) [pCnt=1, s=]
D/PowerManager( 2544): DVFSLock : acquire : timeout : 15000
I/power ( 2244): *** acquire_dvfs_lock : lockType : 1 freq : 800000
I/InputDispatcher( 2244): Delivering touch to current input target: action: 0x1
I/InputDispatcher( 2244): Delivering touch to current input target: action: 0x1
I/InputDispatcher( 2244): Delivering touch to current input target: action: 0x1
D/PowerManagerService( 2244): acquireDVFSLockLocked : type : DVFS_MIN_LIMIT fre quency : 800000 uid : 1000 pid : 2544 tag : TwDVFSBroadcastReceiver
I/DVFSHelper( 4107): release::
I/power ( 2244): *** release_dvfs_lock : lockType : 1
D/PowerManagerService( 2244): releaseDVFSLockLocked : all DVFS_MIN_LIMIT are rel eased
I/InputReader( 2244): Touch event's action is 0x0 (deviceType=0) [pCnt=1, s=0.89 ]
I/InputDispatcher( 2244): Delivering touch to current input target: action: 0x0
I/InputDispatcher( 2244): Delivering touch to current input target: action: 0x0
I/InputDispatcher( 2244): Delivering touch to current input target: action: 0x0
I/DVFSHelper( 4107): acquire::
I/DVFSHelper( 4107): prepareIntent:: BOOST_TYPE_TOUCH
I/InputReader( 2244): Touch event's action is 0x1 (deviceType=0) [pCnt=1, s=]
I/InputDispatcher( 2244): Delivering touch to current input target: action: 0x1
I/InputDispatcher( 2244): Delivering touch to current input target: action: 0x1
I/InputDispatcher( 2244): Delivering touch to current input target: action: 0x1
I/TwDVFSBroadcastReceiver( 2544): onListViewScrollIntent
D/PowerManager( 2544): DVFSLock : acquire : timeout : 15000
I/DVFSHelper( 4107): release::
I/power ( 2244): *** acquire_dvfs_lock : lockType : 1 freq : 800000
D/PowerManagerService( 2244): acquireDVFSLockLocked : type : DVFS_MIN_LIMIT fre quency : 800000 uid : 1000 pid : 2544 tag : TwDVFSBroadcastReceiver
D/AlarmManagerService( 2244): Kernel timezone updated to -120 minutes west of GM T
W/SignalStrength( 2525): getGsmLevel=3
W/SignalStrength( 2525): getLevel=3 (SignalStrength: 9 -1 -1 -1 -1 -1 -1 -1 -1 - 1 -1 -1 gsm|lte 3)
D/STATUSBAR-NetworkController( 2525): onServiceStateChanged state=0
D/STATUSBAR-NetworkController( 2525): updateDataNetType()
D/STATUSBAR-NetworkController( 2525): Nothing, mRoamingIconId = 0
I/WifiService( 2244): Booster FLAG : 1
I/WifiService( 2244): mBoosterFLAG : 1
I/WifiService( 2244): current booster mode : FullMode
D/WifiService( 2244): onDataConnectionStateChanged: state -2, networkType - HSDP A
D/STATUSBAR-NetworkController( 2525): onDataConnectionStateChanged: state=2 type =8
D/STATUSBAR-NetworkController( 2525): updateDataNetType()
D/STATUSBAR-NetworkController( 2525): Nothing, mRoamingIconId = 0
D/STATUSBAR-NetworkController( 2525): refreshSignalCluster: data=2 bt=false
D/STATUSBAR-SignalClusterView( 2525): mSeparateMobileGroup=0
D/STATUSBAR-SignalClusterView( 2525): mSeparateMobileGroup=0
D/STATUSBAR-SignalClusterView( 2525): mSeparateMobileGroup=0
D/dalvikvm( 2544): GC_CONCURRENT freed 382K, 8% free 12187K/13191K, paused 6ms+4 ms, total 33ms
D/ContextualPageReceiver( 2764): mContextualPageReceiver: ACTION_SERVICE_STATE_C HANGED isRoaming : false
I/power ( 2244): *** release_dvfs_lock : lockType : 1
D/PowerManagerService( 2244): releaseDVFSLockLocked : all DVFS_MIN_LIMIT are rel eased
D/PhoneApp( 2693): mReceiver: ACTION_ANY_DATA_CONNECTION_STATE_CHANGED
D/NotificationMgr( 2693): hideDataDisconnectedRoaming()...
D/PopupuiReceiver( 5573): onReceive() getAction : android.intent.action.NETWORK_ SET_TIMEZONE
D/PopupuiReceiver( 5573): NETWORK_SET_TIME prevMCCvalue : -111
D/PopupuiReceiver( 5573): gsm.operator.numeric : 262
D/PopupuiReceiver( 5573): MCC init : mccstrcmp
D/MobileDataStateTracker( 2244): default: Received state=CONNECTED, old=CONNECTE D, reason=nwTypeChanged
W/AlarmManager( 2244): FACTORY_ON= 0
W/AlarmManager( 2244): FACTORY_ON= 0
D/StatusChecker( 4731): onReceive : android.intent.action.SERVICE_STATE
D/StatusChecker( 4731): Service state changed : 0
D/AudioHardwareTinyALSA( 1913): Entering AudioStreamOutALSA standby mode
I/AudioHardwareTinyALSA( 1913): Close mHandle:41b62b40
D/PowerManagerService( 2244): mIsLockZone = true mTiltAngle : 54.537903 value : 2
V/WindowOrientationListener( 2244): nearestRotation : 0 Angle: 315 tilt: 60
D/PowerManagerService( 2244): mIsLockZone = false mTiltAngle : 66.14981 value : 1
W/PowerManagerService( 2244): Timer 0x7->0x3|0x0
D/lights ( 2244): button : 2 +
I/PowerManagerService( 2244): Ulight 0x7->0x3|0x0
D/lights ( 2244): button : 2 -
D/KeyguardViewMediator( 2244): handleTimeout
D/PowerManagerService( 2244): lightSensorChangedLocked value=0 immediate=false
I/PowerManagerService( 2244): fileWriteInt : /sys/class/backlight/panel/auto_bri ghtness value : 1
D/PowerManagerService( 2244): getAutoBrightnessValue : mDynamicAutoBrightnessVal ue = 20 ( 0 < 0 <= 15 )
I/PowerManagerService( 2244): fileWriteInt : /sys/class/backlight/panel/auto_bri ghtness value : 1
D/PowerManagerService( 2244): getAutoBrightnessValue : mDynamicAutoBrightnessVal ue = 20 ( 0 < 0 <= 15 )
D/PowerManagerService( 2244): lcdValue 20
D/PowerManagerService( 2244): buttonValue 20
D/PowerManagerService( 2244): keyboardValue 0
D/PowerManagerService( 2244): lightSensorChangedLocked : mSystemPowerSaveModeEna bled:: lcdValue:10
D/PowerManagerService( 2244): lightSensorChangedLocked : mKeyboardLight : 0
D/STATUSBAR-NetworkController( 2525): onDataActivity: direction=2
D/STATUSBAR-NetworkController( 2525): refreshSignalCluster: data=2 bt=false
D/STATUSBAR-SignalClusterView( 2525): mSeparateMobileGroup=0
D/STATUSBAR-SignalClusterView( 2525): mSeparateMobileGroup=0
D/STATUSBAR-SignalClusterView( 2525): mSeparateMobileGroup=0
V/AlarmManager( 2244): waitForAlarm result :8
D/dalvikvm( 5908): GC_FOR_ALLOC freed 424K, 10% free 14625K/16199K, paused 20ms, total 20ms
D/STATUSBAR-NetworkController( 2525): onDataActivity: direction=0
D/STATUSBAR-NetworkController( 2525): refreshSignalCluster: data=2 bt=false
D/STATUSBAR-SignalClusterView( 2525): mSeparateMobileGroup=0
D/STATUSBAR-SignalClusterView( 2525): mSeparateMobileGroup=0
D/STATUSBAR-SignalClusterView( 2525): mSeparateMobileGroup=0
W/SignalStrength( 2525): getGsmLevel=3
W/SignalStrength( 2244): getGsmLevel=3
W/SignalStrength( 2244): getLevel=3 (SignalStrength: 8 -1 -1 -1 -1 -1 -1 -1 -1 - 1 -1 -1 gsm|lte 3)
W/SignalStrength( 2525): getLevel=3 (SignalStrength: 8 -1 -1 -1 -1 -1 -1 -1 -1 - 1 -1 -1 gsm|lte 3)
W/SignalStrength( 2525): getGsmLevel=3
W/SignalStrength( 2525): getLevel=3 (SignalStrength: 8 -1 -1 -1 -1 -1 -1 -1 -1 - 1 -1 -1 gsm|lte 3)
D/STATUSBAR-NetworkController( 2525): onSignalStrengthsChanged signalStrength=Si gnalStrength: 8 -1 -1 -1 -1 -1 -1 -1 -1 -1 -1 -1 gsm|lte 3 level=3
W/SignalStrength( 2244): getGsmDbm=-97
W/SignalStrength( 2244): getDbm=-97
W/SignalStrength( 2244): getGsmAsuLevel=8
W/SignalStrength( 2244): getAsuLevel=8
W/AlarmManager( 2244): FACTORY_ON= 0
W/SignalStrength( 2244): getGsmLevel=2
W/SignalStrength( 2525): getGsmLevel=2
W/SignalStrength( 2525): getLevel=2 (SignalStrength: 8 -1 -1 -1 -1 -1 -1 -1 -1 - 1 -1 -1 gsm|lte 2)
W/SignalStrength( 2244): getLevel=2 (SignalStrength: 8 -1 -1 -1 -1 -1 -1 -1 -1 - 1 -1 -1 gsm|lte 2)
W/SignalStrength( 2525): getGsmLevel=2
W/SignalStrength( 2525): getLevel=2 (SignalStrength: 8 -1 -1 -1 -1 -1 -1 -1 -1 - 1 -1 -1 gsm|lte 2)
D/STATUSBAR-NetworkController( 2525): onSignalStrengthsChanged signalStrength=Si gnalStrength: 8 -1 -1 -1 -1 -1 -1 -1 -1 -1 -1 -1 gsm|lte 2 level=2
W/SignalStrength( 2244): getGsmDbm=-97
W/SignalStrength( 2244): getDbm=-97
W/SignalStrength( 2244): getGsmAsuLevel=8
W/SignalStrength( 2244): getAsuLevel=8
W/SignalStrength( 2244): getGsmLevel=2
W/AlarmManager( 2244): FACTORY_ON= 0
W/SignalStrength( 2244): getLevel=2 (SignalStrength: 7 -1 -1 -1 -1 -1 -1 -1 -1 - 1 -1 -1 gsm|lte 2)
D/STATUSBAR-NetworkController( 2525): refreshSignalCluster: data=2 bt=false
D/STATUSBAR-SignalClusterView( 2525): mSeparateMobileGroup=0
W/SignalStrength( 2244): getGsmDbm=-99
W/SignalStrength( 2244): getDbm=-99
W/SignalStrength( 2244): getGsmAsuLevel=7
W/SignalStrength( 2244): getAsuLevel=7
W/SignalStrength( 2525): getGsmLevel=2
W/SignalStrength( 2525): getLevel=2 (SignalStrength: 7 -1 -1 -1 -1 -1 -1 -1 -1 - 1 -1 -1 gsm|lte 2)
W/SignalStrength( 2525): getGsmLevel=2
W/SignalStrength( 2525): getLevel=2 (SignalStrength: 7 -1 -1 -1 -1 -1 -1 -1 -1 - 1 -1 -1 gsm|lte 2)
D/STATUSBAR-SignalClusterView( 2525): mSeparateMobileGroup=0
D/STATUSBAR-SignalClusterView( 2525): mSeparateMobileGroup=0
D/STATUSBAR-NetworkController( 2525): onSignalStrengthsChanged signalStrength=Si gnalStrength: 7 -1 -1 -1 -1 -1 -1 -1 -1 -1 -1 -1 gsm|lte 2 level=2
W/AlarmManager( 2244): FACTORY_ON= 0 5ms, total 38ms
D/AbsListView( 4107): [unregisterDoubleTapMotionListener]
I/MotionRecognitionManager( 4107): .unregisterListener : / listener count = 0- >0, listener=android.widget.AbsListView$4@41e95878
D/AbsListView( 4107): [unregisterDoubleTapMotionListener]
I/MotionRecognitionManager( 4107): .unregisterListener : / listener count = 0- >0, listener=android.widget.AbsListView$4@41e153a8
D/WindowManager( 2244): mInputFocus is not null.
I/SurfaceFlinger( 1910): id=65(6) createSurf 0x400f2edc (1x1),1 flag=400, TubSet tings
I/SurfaceFlinger( 1910): SurfaceFlinger : eMagnificationFactorChanged. magnific ationFactor=1.0
I/SurfaceFlinger( 1910): SurfaceFlinger : eZoomPositionChanged. zoomX=0.0 zoomY =0.0
D/WindowManager( 2244): PhoneWindowManager: focusChangedLw
D/KeyguardViewMediator( 2244): setHidden false
D/STATUSBAR-StatusBarManagerService( 2244): setSystemUiVisibility(0x0)
D/STATUSBAR-StatusBarManagerService( 2244): manageDisableList what=0x0 pkg=Windo wManager.LayoutParams
V/LvOutput( 1913): initCheck: 0
V/LvOutput( 1913): detachEffects: detach processing for output 2, stream 1, sess ion 78
V/LvOutput( 1913): detachEffects: no output processing was attached to this stre am
V/AudioPolicyManagerBase( 1913): stopOutput() output 2, stream 1, session 78
V/AudioPolicyManagerBase( 1913): changeRefCount() stream 1, count 0
V/AudioPolicyManagerBase( 1913): getNewDevice() selected device 0
V/AudioPolicyManagerBase( 1913): setOutputDevice() output 2 device 0000 force 0 delayMs 184
V/AudioPolicyManagerBase( 1913): setOutputDevice() prevDevice 0002
V/AudioPolicyManagerBase( 1913): setOutputDevice() setting same device 0000 or n ull device for output 2
W/System.err( 4107): Removed 2131428263
W/System.err( 4107): Removed 2131428276
D/KeyguardViewMediator( 2244): setHidden false
D/KeyguardViewMediator( 2244): setHidden false
I/ClipboardServiceEx( 2244): Send intent for dismiss clipboard dialog inside hid eCurrentInputLocked() !
D/KeyguardViewMediator( 2244): setHidden false
W/System.err( 4107): Removed 2131428263
W/System.err( 4107): Removed 2131428276
D/KeyguardViewMediator( 2244): setHidden false
E/SpannableStringBuilder( 4107): SPAN_EXCLUSIVE_EXCLUSIVE spans cannot have a ze ro length
E/SpannableStringBuilder( 4107): SPAN_EXCLUSIVE_EXCLUSIVE spans cannot have a ze ro length
D/KeyguardViewMediator( 2244): setHidden false
I/power ( 2244): *** release_dvfs_lock : lockType : 1
D/KeyguardViewMediator( 2244): setHidden false
D/PowerManagerService( 2244): releaseDVFSLockLocked : all DVFS_MIN_LIMIT are rel eased
W/ActivityManager( 2244): mDVFSLock.release()
I/SurfaceFlinger( 1910): id=64 Removed Tettings idx=3 MapSz=3
I/SurfaceFlinger( 1910): id=64 Removed Tettings idx=-2 MapSz=3
D/KeyguardViewMediator( 2244): setHidden false
I/InputReader( 2244): Touch event's action is 0x0 (deviceType=0) [pCnt=1, s=0.87 ]
I/InputDispatcher( 2244): Delivering touch to current input target: action: 0x0
I/InputDispatcher( 2244): Delivering touch to current input target: action: 0x0
I/InputDispatcher( 2244): Delivering touch to current input target: action: 0x0
I/DVFSHelper( 4107): acquire::
I/DVFSHelper( 4107): prepareIntent:: BOOST_TYPE_TOUCH
I/TwDVFSBroadcastReceiver( 2544): onListViewScrollIntent
D/PowerManager( 2544): DVFSLock : acquire : timeout : 15000
I/power ( 2244): *** acquire_dvfs_lock : lockType : 1 freq : 800000
D/PowerManagerService( 2244): acquireDVFSLockLocked : type : DVFS_MIN_LIMIT fre quency : 800000 uid : 1000 pid : 2544 tag : TwDVFSBroadcastReceiver
I/InputReader( 2244): Touch event's action is 0x1 (deviceType=0) [pCnt=1, s=]
I/InputDispatcher( 2244): Delivering touch to current input target: action: 0x1
I/InputDispatcher( 2244): Delivering touch to current input target: action: 0x1
I/InputDispatcher( 2244): Delivering touch to current input target: action: 0x1
I/DVFSHelper( 4107): release::
I/power ( 2244): *** release_dvfs_lock : lockType : 1
D/PowerManagerService( 2244): releaseDVFSLockLocked : all DVFS_MIN_LIMIT are rel eased
W/SignalStrength( 2244): getGsmLevel=3
W/SignalStrength( 2525): getGsmLevel=3
W/SignalStrength( 2525): getLevel=3 (SignalStrength: 9 -1 -1 -1 -1 -1 -1 -1 -1 - 1 -1 -1 gsm|lte 3)
W/SignalStrength( 2244): getLevel=3 (SignalStrength: 9 -1 -1 -1 -1 -1 -1 -1 -1 - 1 -1 -1 gsm|lte 3)
W/SignalStrength( 2525): getGsmLevel=3
D/STATUSBAR-NetworkController( 2525): onSignalStrengthsChanged signalStrength=Si gnalStrength: 9 -1 -1 -1 -1 -1 -1 -1 -1 -1 -1 -1 gsm|lte 3 level=3
W/SignalStrength( 2525): getLevel=3 (SignalStrength: 9 -1 -1 -1 -1 -1 -1 -1 -1 - 1 -1 -1 gsm|lte 3)
W/SignalStrength( 2244): getGsmDbm=-95
W/SignalStrength( 2244): getDbm=-95
W/SignalStrength( 2244): getGsmAsuLevel=9
W/SignalStrength( 2244): getAsuLevel=9
W/AlarmManager( 2244): FACTORY_ON= 0
D/dalvikvm( 2244): GC_CONCURRENT freed 16034K, 46% free 26786K/49031K, paused 11 ms+9ms, total 155ms
I/InputReader( 2244): Touch event's action is 0x0 (deviceType=0) [pCnt=1, s=0.88 ]
I/InputDispatcher( 2244): Delivering touch to current input target: action: 0x0
I/InputDispatcher( 2244): Delivering touch to current input target: action: 0x0
I/InputDispatcher( 2244): Delivering touch to current input target: action: 0x0
D/AlarmManagerService( 2244): Kernel timezone updated to -120 minutes west of GM T
D/PopupuiReceiver( 5573): onReceive() getAction : android.intent.action.NETWORK_ SET_TIMEZONE
D/PopupuiReceiver( 5573): NETWORK_SET_TIME prevMCCvalue : -111
D/PopupuiReceiver( 5573): gsm.operator.numeric : 262
D/PopupuiReceiver( 5573): MCC init : mccstrcmp
W/SignalStrength( 2525): getGsmLevel=3
W/SignalStrength( 2525): getLevel=3 (SignalStrength: 9 -1 -1 -1 -1 -1 -1 -1 -1 - 1 -1 -1 gsm|lte 3)
D/STATUSBAR-NetworkController( 2525): onServiceStateChanged state=0
D/STATUSBAR-NetworkController( 2525): updateDataNetType()
D/STATUSBAR-NetworkController( 2525): Nothing, mRoamingIconId = 0
I/WifiService( 2244): Booster FLAG : 1
I/WifiService( 2244): mBoosterFLAG : 1
I/WifiService( 2244): current booster mode : FullMode
D/ContextualPageReceiver( 2764): mContextualPageReceiver: ACTION_SERVICE_STATE_C HANGED isRoaming : false
D/WifiService( 2244): onDataConnectionStateChanged: state -2, networkType - UMTS
D/STATUSBAR-NetworkController( 2525): onDataConnectionStateChanged: state=2 type =3
D/STATUSBAR-NetworkController( 2525): updateDataNetType()
D/STATUSBAR-NetworkController( 2525): Nothing, mRoamingIconId = 0
D/STATUSBAR-NetworkController( 2525): refreshSignalCluster: data=2 bt=false
D/STATUSBAR-SignalClusterView( 2525): mSeparateMobileGroup=0
D/STATUSBAR-SignalClusterView( 2525): mSeparateMobileGroup=0
D/STATUSBAR-SignalClusterView( 2525): mSeparateMobileGroup=0
D/StatusChecker( 4731): onReceive : android.intent.action.SERVICE_STATE
D/StatusChecker( 4731): Service state changed : 0
D/PhoneApp( 2693): mReceiver: ACTION_ANY_DATA_CONNECTION_STATE_CHANGED
D/NotificationMgr( 2693): hideDataDisconnectedRoaming()...
D/MobileDataStateTracker( 2244): default: Received state=CONNECTED, old=CONNECTE D, reason=nwTypeChanged
W/AlarmManager( 2244): FACTORY_ON= 0
I/DVFSHelper( 4107): acquire::
I/DVFSHelper( 4107): prepareIntent:: BOOST_TYPE_TOUCH
W/AlarmManager( 2244): FACTORY_ON= 0
I/TwDVFSBroadcastReceiver( 2544): onListViewScrollIntent
I/InputReader( 2244): Touch event's action is 0x1 (deviceType=0) [pCnt=1, s=]
D/PowerManager( 2544): DVFSLock : acquire : timeout : 15000
I/power ( 2244): *** acquire_dvfs_lock : lockType : 1 freq : 800000
I/InputDispatcher( 2244): Delivering touch to current input target: action: 0x1
I/InputDispatcher( 2244): Delivering touch to current input target: action: 0x1
I/InputDispatcher( 2244): Delivering touch to current input target: action: 0x1
D/PowerManagerService( 2244): acquireDVFSLockLocked : type : DVFS_MIN_LIMIT fre quency : 800000 uid : 1000 pid : 2544 tag : TwDVFSBroadcastReceiver
I/DVFSHelper( 4107): release::
I/power ( 2244): *** release_dvfs_lock : lockType : 1
D/PowerManagerService( 2244): releaseDVFSLockLocked : all DVFS_MIN_LIMIT are rel eased
I/InputReader( 2244): Touch event's action is 0x0 (deviceType=0) [pCnt=1, s=0.89 ]
I/InputDispatcher( 2244): Delivering touch to current input target: action: 0x0
I/InputDispatcher( 2244): Delivering touch to current input target: action: 0x0
I/InputDispatcher( 2244): Delivering touch to current input target: action: 0x0
I/DVFSHelper( 4107): acquire::
I/DVFSHelper( 4107): prepareIntent:: BOOST_TYPE_TOUCH
I/InputReader( 2244): Touch event's action is 0x1 (deviceType=0) [pCnt=1, s=]
I/InputDispatcher( 2244): Delivering touch to current input target: action: 0x1
I/InputDispatcher( 2244): Delivering touch to current input target: action: 0x1
I/InputDispatcher( 2244): Delivering touch to current input target: action: 0x1
I/TwDVFSBroadcastReceiver( 2544): onListViewScrollIntent
D/PowerManager( 2544): DVFSLock : acquire : timeout : 15000
I/DVFSHelper( 4107): release::
I/power ( 2244): *** acquire_dvfs_lock : lockType : 1 freq : 800000
D/PowerManagerService( 2244): acquireDVFSLockLocked : type : DVFS_MIN_LIMIT fre quency : 800000 uid : 1000 pid : 2544 tag : TwDVFSBroadcastReceiver
D/AlarmManagerService( 2244): Kernel timezone updated to -120 minutes west of GM T
W/SignalStrength( 2525): getGsmLevel=3
W/SignalStrength( 2525): getLevel=3 (SignalStrength: 9 -1 -1 -1 -1 -1 -1 -1 -1 - 1 -1 -1 gsm|lte 3)
D/STATUSBAR-NetworkController( 2525): onServiceStateChanged state=0
D/STATUSBAR-NetworkController( 2525): updateDataNetType()
D/STATUSBAR-NetworkController( 2525): Nothing, mRoamingIconId = 0
I/WifiService( 2244): Booster FLAG : 1
I/WifiService( 2244): mBoosterFLAG : 1
I/WifiService( 2244): current booster mode : FullMode
D/WifiService( 2244): onDataConnectionStateChanged: state -2, networkType - HSDP A
D/STATUSBAR-NetworkController( 2525): onDataConnectionStateChanged: state=2 type =8
D/STATUSBAR-NetworkController( 2525): updateDataNetType()
D/STATUSBAR-NetworkController( 2525): Nothing, mRoamingIconId = 0
D/STATUSBAR-NetworkController( 2525): refreshSignalCluster: data=2 bt=false
D/STATUSBAR-SignalClusterView( 2525): mSeparateMobileGroup=0
D/STATUSBAR-SignalClusterView( 2525): mSeparateMobileGroup=0
D/STATUSBAR-SignalClusterView( 2525): mSeparateMobileGroup=0
D/dalvikvm( 2544): GC_CONCURRENT freed 382K, 8% free 12187K/13191K, paused 6ms+4 ms, total 33ms
D/ContextualPageReceiver( 2764): mContextualPageReceiver: ACTION_SERVICE_STATE_C HANGED isRoaming : false
I/power ( 2244): *** release_dvfs_lock : lockType : 1
D/PowerManagerService( 2244): releaseDVFSLockLocked : all DVFS_MIN_LIMIT are rel eased
D/PhoneApp( 2693): mReceiver: ACTION_ANY_DATA_CONNECTION_STATE_CHANGED
D/NotificationMgr( 2693): hideDataDisconnectedRoaming()...
D/PopupuiReceiver( 5573): onReceive() getAction : android.intent.action.NETWORK_ SET_TIMEZONE
D/PopupuiReceiver( 5573): NETWORK_SET_TIME prevMCCvalue : -111
D/PopupuiReceiver( 5573): gsm.operator.numeric : 262
D/PopupuiReceiver( 5573): MCC init : mccstrcmp
D/MobileDataStateTracker( 2244): default: Received state=CONNECTED, old=CONNECTE D, reason=nwTypeChanged
W/AlarmManager( 2244): FACTORY_ON= 0
W/AlarmManager( 2244): FACTORY_ON= 0
D/StatusChecker( 4731): onReceive : android.intent.action.SERVICE_STATE
D/StatusChecker( 4731): Service state changed : 0
D/AudioHardwareTinyALSA( 1913): Entering AudioStreamOutALSA standby mode
I/AudioHardwareTinyALSA( 1913): Close mHandle:41b62b40
D/PowerManagerService( 2244): mIsLockZone = true mTiltAngle : 54.537903 value : 2
V/WindowOrientationListener( 2244): nearestRotation : 0 Angle: 315 tilt: 60
D/PowerManagerService( 2244): mIsLockZone = false mTiltAngle : 66.14981 value : 1
W/PowerManagerService( 2244): Timer 0x7->0x3|0x0
D/lights ( 2244): button : 2 +
I/PowerManagerService( 2244): Ulight 0x7->0x3|0x0
D/lights ( 2244): button : 2 -
D/KeyguardViewMediator( 2244): handleTimeout
D/PowerManagerService( 2244): lightSensorChangedLocked value=0 immediate=false
I/PowerManagerService( 2244): fileWriteInt : /sys/class/backlight/panel/auto_bri ghtness value : 1
D/PowerManagerService( 2244): getAutoBrightnessValue : mDynamicAutoBrightnessVal ue = 20 ( 0 < 0 <= 15 )
I/PowerManagerService( 2244): fileWriteInt : /sys/class/backlight/panel/auto_bri ghtness value : 1
D/PowerManagerService( 2244): getAutoBrightnessValue : mDynamicAutoBrightnessVal ue = 20 ( 0 < 0 <= 15 )
D/PowerManagerService( 2244): lcdValue 20
D/PowerManagerService( 2244): buttonValue 20
D/PowerManagerService( 2244): keyboardValue 0
D/PowerManagerService( 2244): lightSensorChangedLocked : mSystemPowerSaveModeEna bled:: lcdValue:10
D/PowerManagerService( 2244): lightSensorChangedLocked : mKeyboardLight : 0
D/STATUSBAR-NetworkController( 2525): onDataActivity: direction=2
D/STATUSBAR-NetworkController( 2525): refreshSignalCluster: data=2 bt=false
D/STATUSBAR-SignalClusterView( 2525): mSeparateMobileGroup=0
D/STATUSBAR-SignalClusterView( 2525): mSeparateMobileGroup=0
D/STATUSBAR-SignalClusterView( 2525): mSeparateMobileGroup=0
V/AlarmManager( 2244): waitForAlarm result :8
D/dalvikvm( 5908): GC_FOR_ALLOC freed 424K, 10% free 14625K/16199K, paused 20ms, total 20ms
D/STATUSBAR-NetworkController( 2525): onDataActivity: direction=0
D/STATUSBAR-NetworkController( 2525): refreshSignalCluster: data=2 bt=false
D/STATUSBAR-SignalClusterView( 2525): mSeparateMobileGroup=0
D/STATUSBAR-SignalClusterView( 2525): mSeparateMobileGroup=0
D/STATUSBAR-SignalClusterView( 2525): mSeparateMobileGroup=0
W/SignalStrength( 2525): getGsmLevel=3
W/SignalStrength( 2244): getGsmLevel=3
W/SignalStrength( 2244): getLevel=3 (SignalStrength: 8 -1 -1 -1 -1 -1 -1 -1 -1 - 1 -1 -1 gsm|lte 3)
W/SignalStrength( 2525): getLevel=3 (SignalStrength: 8 -1 -1 -1 -1 -1 -1 -1 -1 - 1 -1 -1 gsm|lte 3)
W/SignalStrength( 2525): getGsmLevel=3
W/SignalStrength( 2525): getLevel=3 (SignalStrength: 8 -1 -1 -1 -1 -1 -1 -1 -1 - 1 -1 -1 gsm|lte 3)
D/STATUSBAR-NetworkController( 2525): onSignalStrengthsChanged signalStrength=Si gnalStrength: 8 -1 -1 -1 -1 -1 -1 -1 -1 -1 -1 -1 gsm|lte 3 level=3
W/SignalStrength( 2244): getGsmDbm=-97
W/SignalStrength( 2244): getDbm=-97
W/SignalStrength( 2244): getGsmAsuLevel=8
W/SignalStrength( 2244): getAsuLevel=8
W/AlarmManager( 2244): FACTORY_ON= 0
W/SignalStrength( 2244): getGsmLevel=2
W/SignalStrength( 2525): getGsmLevel=2
W/SignalStrength( 2525): getLevel=2 (SignalStrength: 8 -1 -1 -1 -1 -1 -1 -1 -1 - 1 -1 -1 gsm|lte 2)
W/SignalStrength( 2244): getLevel=2 (SignalStrength: 8 -1 -1 -1 -1 -1 -1 -1 -1 - 1 -1 -1 gsm|lte 2)
W/SignalStrength( 2525): getGsmLevel=2
W/SignalStrength( 2525): getLevel=2 (SignalStrength: 8 -1 -1 -1 -1 -1 -1 -1 -1 - 1 -1 -1 gsm|lte 2)
D/STATUSBAR-NetworkController( 2525): onSignalStrengthsChanged signalStrength=Si gnalStrength: 8 -1 -1 -1 -1 -1 -1 -1 -1 -1 -1 -1 gsm|lte 2 level=2
W/SignalStrength( 2244): getGsmDbm=-97
W/SignalStrength( 2244): getDbm=-97
W/SignalStrength( 2244): getGsmAsuLevel=8
W/SignalStrength( 2244): getAsuLevel=8
W/SignalStrength( 2244): getGsmLevel=2
W/AlarmManager( 2244): FACTORY_ON= 0
W/SignalStrength( 2244): getLevel=2 (SignalStrength: 7 -1 -1 -1 -1 -1 -1 -1 -1 - 1 -1 -1 gsm|lte 2)
D/STATUSBAR-NetworkController( 2525): refreshSignalCluster: data=2 bt=false
D/STATUSBAR-SignalClusterView( 2525): mSeparateMobileGroup=0
W/SignalStrength( 2244): getGsmDbm=-99
W/SignalStrength( 2244): getDbm=-99
W/SignalStrength( 2244): getGsmAsuLevel=7
W/SignalStrength( 2244): getAsuLevel=7
W/SignalStrength( 2525): getGsmLevel=2 5ms, total 38ms
D/AbsListView( 4107): [unregisterDoubleTapMotionListener]
I/MotionRecognitionManager( 4107): .unregisterListener : / listener count = 0- >0, listener=android.widget.AbsListView$4@41e95878
D/AbsListView( 4107): [unregisterDoubleTapMotionListener]
I/MotionRecognitionManager( 4107): .unregisterListener : / listener count = 0- >0, listener=android.widget.AbsListView$4@41e153a8
D/WindowManager( 2244): mInputFocus is not null.
I/SurfaceFlinger( 1910): id=65(6) createSurf 0x400f2edc (1x1),1 flag=400, TubSet tings
I/SurfaceFlinger( 1910): SurfaceFlinger : eMagnificationFactorChanged. magnific ationFactor=1.0
I/SurfaceFlinger( 1910): SurfaceFlinger : eZoomPositionChanged. zoomX=0.0 zoomY =0.0
D/WindowManager( 2244): PhoneWindowManager: focusChangedLw
D/KeyguardViewMediator( 2244): setHidden false
D/STATUSBAR-StatusBarManagerService( 2244): setSystemUiVisibility(0x0)
D/STATUSBAR-StatusBarManagerService( 2244): manageDisableList what=0x0 pkg=Windo wManager.LayoutParams
V/LvOutput( 1913): initCheck: 0
V/LvOutput( 1913): detachEffects: detach processing for output 2, stream 1, sess ion 78
V/LvOutput( 1913): detachEffects: no output processing was attached to this stre am
V/AudioPolicyManagerBase( 1913): stopOutput() output 2, stream 1, session 78
V/AudioPolicyManagerBase( 1913): changeRefCount() stream 1, count 0
V/AudioPolicyManagerBase( 1913): getNewDevice() selected device 0
V/AudioPolicyManagerBase( 1913): setOutputDevice() output 2 device 0000 force 0 delayMs 184
V/AudioPolicyManagerBase( 1913): setOutputDevice() prevDevice 0002
V/AudioPolicyManagerBase( 1913): setOutputDevice() setting same device 0000 or n ull device for output 2
W/System.err( 4107): Removed 2131428263
W/System.err( 4107): Removed 2131428276
D/KeyguardViewMediator( 2244): setHidden false
D/KeyguardViewMediator( 2244): setHidden false
I/ClipboardServiceEx( 2244): Send intent for dismiss clipboard dialog inside hid eCurrentInputLocked() !
D/KeyguardViewMediator( 2244): setHidden false
W/System.err( 4107): Removed 2131428263
W/System.err( 4107): Removed 2131428276
D/KeyguardViewMediator( 2244): setHidden false
E/SpannableStringBuilder( 4107): SPAN_EXCLUSIVE_EXCLUSIVE spans cannot have a ze ro length
E/SpannableStringBuilder( 4107): SPAN_EXCLUSIVE_EXCLUSIVE spans cannot have a ze ro length
D/KeyguardViewMediator( 2244): setHidden false
I/power ( 2244): *** release_dvfs_lock : lockType : 1
D/KeyguardViewMediator( 2244): setHidden false
D/PowerManagerService( 2244): releaseDVFSLockLocked : all DVFS_MIN_LIMIT are rel eased
W/ActivityManager( 2244): mDVFSLock.release()
I/SurfaceFlinger( 1910): id=64 Removed Tettings idx=3 MapSz=3
I/SurfaceFlinger( 1910): id=64 Removed Tettings idx=-2 MapSz=3
D/KeyguardViewMediator( 2244): setHidden false
I/InputReader( 2244): Touch event's action is 0x0 (deviceType=0) [pCnt=1, s=0.87 ]
I/InputDispatcher( 2244): Delivering touch to current input target: action: 0x0
I/InputDispatcher( 2244): Delivering touch to current input target: action: 0x0
I/InputDispatcher( 2244): Delivering touch to current input target: action: 0x0
I/DVFSHelper( 4107): acquire::
I/DVFSHelper( 4107): prepareIntent:: BOOST_TYPE_TOUCH
I/TwDVFSBroadcastReceiver( 2544): onListViewScrollIntent
D/PowerManager( 2544): DVFSLock : acquire : timeout : 15000
I/power ( 2244): *** acquire_dvfs_lock : lockType : 1 freq : 800000
D/PowerManagerService( 2244): acquireDVFSLockLocked : type : DVFS_MIN_LIMIT fre quency : 800000 uid : 1000 pid : 2544 tag : TwDVFSBroadcastReceiver
I/InputReader( 2244): Touch event's action is 0x1 (deviceType=0) [pCnt=1, s=]
I/InputDispatcher( 2244): Delivering touch to current input target: action: 0x1
I/InputDispatcher( 2244): Delivering touch to current input target: action: 0x1
I/InputDispatcher( 2244): Delivering touch to current input target: action: 0x1
I/DVFSHelper( 4107): release::
I/power ( 2244): *** release_dvfs_lock : lockType : 1
D/PowerManagerService( 2244): releaseDVFSLockLocked : all DVFS_MIN_LIMIT are rel eased
W/SignalStrength( 2244): getGsmLevel=3
W/SignalStrength( 2525): getGsmLevel=3
W/SignalStrength( 2525): getLevel=3 (SignalStrength: 9 -1 -1 -1 -1 -1 -1 -1 -1 - 1 -1 -1 gsm|lte 3)
W/SignalStrength( 2244): getLevel=3 (SignalStrength: 9 -1 -1 -1 -1 -1 -1 -1 -1 - 1 -1 -1 gsm|lte 3)
W/SignalStrength( 2525): getGsmLevel=3
D/STATUSBAR-NetworkController( 2525): onSignalStrengthsChanged signalStrength=Si gnalStrength: 9 -1 -1 -1 -1 -1 -1 -1 -1 -1 -1 -1 gsm|lte 3 level=3
W/SignalStrength( 2525): getLevel=3 (SignalStrength: 9 -1 -1 -1 -1 -1 -1 -1 -1 - 1 -1 -1 gsm|lte 3)
W/SignalStrength( 2244): getGsmDbm=-95
W/SignalStrength( 2244): getDbm=-95
W/SignalStrength( 2244): getGsmAsuLevel=9
W/SignalStrength( 2244): getAsuLevel=9
W/AlarmManager( 2244): FACTORY_ON= 0
D/dalvikvm( 2244): GC_CONCURRENT freed 16034K, 46% free 26786K/49031K, paused 11 ms+9ms, total 155ms
I/InputReader( 2244): Touch event's action is 0x0 (deviceType=0) [pCnt=1, s=0.88 ]
I/InputDispatcher( 2244): Delivering touch to current input target: action: 0x0
I/InputDispatcher( 2244): Delivering touch to current input target: action: 0x0
I/InputDispatcher( 2244): Delivering touch to current input target: action: 0x0
D/AlarmManagerService( 2244): Kernel timezone updated to -120 minutes west of GM T
D/PopupuiReceiver( 5573): onReceive() getAction : android.intent.action.NETWORK_ SET_TIMEZONE
D/PopupuiReceiver( 5573): NETWORK_SET_TIME prevMCCvalue : -111
D/PopupuiReceiver( 5573): gsm.operator.numeric : 262
D/PopupuiReceiver( 5573): MCC init : mccstrcmp
W/SignalStrength( 2525): getGsmLevel=3
W/SignalStrength( 2525): getLevel=3 (SignalStrength: 9 -1 -1 -1 -1 -1 -1 -1 -1 - 1 -1 -1 gsm|lte 3)
D/STATUSBAR-NetworkController( 2525): onServiceStateChanged state=0
D/STATUSBAR-NetworkController( 2525): updateDataNetType()
D/STATUSBAR-NetworkController( 2525): Nothing, mRoamingIconId = 0
I/WifiService( 2244): Booster FLAG : 1
I/WifiService( 2244): mBoosterFLAG : 1
I/WifiService( 2244): current booster mode : FullMode
D/ContextualPageReceiver( 2764): mContextualPageReceiver: ACTION_SERVICE_STATE_C HANGED isRoaming : false
D/WifiService( 2244): onDataConnectionStateChanged: state -2, networkType - UMTS
D/STATUSBAR-NetworkController( 2525): onDataConnectionStateChanged: state=2 type =3
D/STATUSBAR-NetworkController( 2525): updateDataNetType()
D/STATUSBAR-NetworkController( 2525): Nothing, mRoamingIconId = 0
D/STATUSBAR-NetworkController( 2525): refreshSignalCluster: data=2 bt=false
D/STATUSBAR-SignalClusterView( 2525): mSeparateMobileGroup=0
D/STATUSBAR-SignalClusterView( 2525): mSeparateMobileGroup=0
D/STATUSBAR-SignalClusterView( 2525): mSeparateMobileGroup=0
D/StatusChecker( 4731): onReceive : android.intent.action.SERVICE_STATE
D/StatusChecker( 4731): Service state changed : 0
D/PhoneApp( 2693): mReceiver: ACTION_ANY_DATA_CONNECTION_STATE_CHANGED
D/NotificationMgr( 2693): hideDataDisconnectedRoaming()...
D/MobileDataStateTracker( 2244): default: Received state=CONNECTED, old=CONNECTE D, reason=nwTypeChanged
W/AlarmManager( 2244): FACTORY_ON= 0
I/DVFSHelper( 4107): acquire::
I/DVFSHelper( 4107): prepareIntent:: BOOST_TYPE_TOUCH
W/AlarmManager( 2244): FACTORY_ON= 0
I/TwDVFSBroadcastReceiver( 2544): onListViewScrollIntent
I/InputReader( 2244): Touch event's action is 0x1 (deviceType=0) [pCnt=1, s=]
D/PowerManager( 2544): DVFSLock : acquire : timeout : 15000
I/power ( 2244): *** acquire_dvfs_lock : lockType : 1 freq : 800000
I/InputDispatcher( 2244): Delivering touch to current input target: action: 0x1
I/InputDispatcher( 2244): Delivering touch to current input target: action: 0x1
I/InputDispatcher( 2244): Delivering touch to current input target: action: 0x1
D/PowerManagerService( 2244): acquireDVFSLockLocked : type : DVFS_MIN_LIMIT fre quency : 800000 uid : 1000 pid : 2544 tag : TwDVFSBroadcastReceiver
I/DVFSHelper( 4107): release::
I/power ( 2244): *** release_dvfs_lock : lockType : 1
D/PowerManagerService( 2244): releaseDVFSLockLocked : all DVFS_MIN_LIMIT are rel eased
I/InputReader( 2244): Touch event's action is 0x0 (deviceType=0) [pCnt=1, s=0.89 ]
I/InputDispatcher( 2244): Delivering touch to current input target: action: 0x0
I/InputDispatcher( 2244): Delivering touch to current input target: action: 0x0
I/InputDispatcher( 2244): Delivering touch to current input target: action: 0x0
I/DVFSHelper( 4107): acquire::
I/DVFSHelper( 4107): prepareIntent:: BOOST_TYPE_TOUCH
I/InputReader( 2244): Touch event's action is 0x1 (deviceType=0) [pCnt=1, s=]
I/InputDispatcher( 2244): Delivering touch to current input target: action: 0x1
I/InputDispatcher( 2244): Delivering touch to current input target: action: 0x1
I/InputDispatcher( 2244): Delivering touch to current input target: action: 0x1
I/TwDVFSBroadcastReceiver( 2544): onListViewScrollIntent
D/PowerManager( 2544): DVFSLock : acquire : timeout : 15000
I/DVFSHelper( 4107): release::
I/power ( 2244): *** acquire_dvfs_lock : lockType : 1 freq : 800000
D/PowerManagerService( 2244): acquireDVFSLockLocked : type : DVFS_MIN_LIMIT fre quency : 800000 uid : 1000 pid : 2544 tag : TwDVFSBroadcastReceiver
D/AlarmManagerService( 2244): Kernel timezone updated to -120 minutes west of GM T
W/SignalStrength( 2525): getGsmLevel=3
W/SignalStrength( 2525): getLevel=3 (SignalStrength: 9 -1 -1 -1 -1 -1 -1 -1 -1 - 1 -1 -1 gsm|lte 3)
D/STATUSBAR-NetworkController( 2525): onServiceStateChanged state=0
D/STATUSBAR-NetworkController( 2525): updateDataNetType()
D/STATUSBAR-NetworkController( 2525): Nothing, mRoamingIconId = 0
I/WifiService( 2244): Booster FLAG : 1
I/WifiService( 2244): mBoosterFLAG : 1
I/WifiService( 2244): current booster mode : FullMode
D/WifiService( 2244): onDataConnectionStateChanged: state -2, networkType - HSDP A
D/STATUSBAR-NetworkController( 2525): onDataConnectionStateChanged: state=2 type =8
D/STATUSBAR-NetworkController( 2525): updateDataNetType()
D/STATUSBAR-NetworkController( 2525): Nothing, mRoamingIconId = 0
D/STATUSBAR-NetworkController( 2525): refreshSignalCluster: data=2 bt=false
D/STATUSBAR-SignalClusterView( 2525): mSeparateMobileGroup=0
D/STATUSBAR-SignalClusterView( 2525): mSeparateMobileGroup=0
D/STATUSBAR-SignalClusterView( 2525): mSeparateMobileGroup=0
D/dalvikvm( 2544): GC_CONCURRENT freed 382K, 8% free 12187K/13191K, paused 6ms+4 ms, total 33ms
D/ContextualPageReceiver( 2764): mContextualPageReceiver: ACTION_SERVICE_STATE_C HANGED isRoaming : false
I/power ( 2244): *** release_dvfs_lock : lockType : 1
D/PowerManagerService( 2244): releaseDVFSLockLocked : all DVFS_MIN_LIMIT are rel eased
D/PhoneApp( 2693): mReceiver: ACTION_ANY_DATA_CONNECTION_STATE_CHANGED
D/NotificationMgr( 2693): hideDataDisconnectedRoaming()...
D/PopupuiReceiver( 5573): onReceive() getAction : android.intent.action.NETWORK_ SET_TIMEZONE
D/PopupuiReceiver( 5573): NETWORK_SET_TIME prevMCCvalue : -111
D/PopupuiReceiver( 5573): gsm.operator.numeric : 262
D/PopupuiReceiver( 5573): MCC init : mccstrcmp
D/MobileDataStateTracker( 2244): default: Received state=CONNECTED, old=CONNECTE D, reason=nwTypeChanged
W/AlarmManager( 2244): FACTORY_ON= 0
W/AlarmManager( 2244): FACTORY_ON= 0
D/StatusChecker( 4731): onReceive : android.intent.action.SERVICE_STATE
D/StatusChecker( 4731): Service state changed : 0
D/AudioHardwareTinyALSA( 1913): Entering AudioStreamOutALSA standby mode
I/AudioHardwareTinyALSA( 1913): Close mHandle:41b62b40
D/PowerManagerService( 2244): mIsLockZone = true mTiltAngle : 54.537903 value : 2
V/WindowOrientationListener( 2244): nearestRotation : 0 Angle: 315 tilt: 60
D/PowerManagerService( 2244): mIsLockZone = false mTiltAngle : 66.14981 value : 1
W/PowerManagerService( 2244): Timer 0x7->0x3|0x0
D/lights ( 2244): button : 2 +
I/PowerManagerService( 2244): Ulight 0x7->0x3|0x0
D/lights ( 2244): button : 2 -
D/KeyguardViewMediator( 2244): handleTimeout
D/PowerManagerService( 2244): lightSensorChangedLocked value=0 immediate=false
I/PowerManagerService( 2244): fileWriteInt : /sys/class/backlight/panel/auto_bri ghtness value : 1
D/PowerManagerService( 2244): getAutoBrightnessValue : mDynamicAutoBrightnessVal ue = 20 ( 0 < 0 <= 15 )
I/PowerManagerService( 2244): fileWriteInt : /sys/class/backlight/panel/auto_bri ghtness value : 1
D/PowerManagerService( 2244): getAutoBrightnessValue : mDynamicAutoBrightnessVal ue = 20 ( 0 < 0 <= 15 )
D/PowerManagerService( 2244): lcdValue 20
D/PowerManagerService( 2244): buttonValue 20
D/PowerManagerService( 2244): keyboardValue 0
D/PowerManagerService( 2244): lightSensorChangedLocked : mSystemPowerSaveModeEna bled:: lcdValue:10
D/PowerManagerService( 2244): lightSensorChangedLocked : mKeyboardLight : 0
D/STATUSBAR-NetworkController( 2525): onDataActivity: direction=2
D/STATUSBAR-NetworkController( 2525): refreshSignalCluster: data=2 bt=false
D/STATUSBAR-SignalClusterView( 2525): mSeparateMobileGroup=0
D/STATUSBAR-SignalClusterView( 2525): mSeparateMobileGroup=0
D/STATUSBAR-SignalClusterView( 2525): mSeparateMobileGroup=0
V/AlarmManager( 2244): waitForAlarm result :8
D/dalvikvm( 5908): GC_FOR_ALLOC freed 424K, 10% free 14625K/16199K, paused 20ms, total 20ms
D/STATUSBAR-NetworkController( 2525): onDataActivity: direction=0
D/STATUSBAR-NetworkController( 2525): refreshSignalCluster: data=2 bt=false
D/STATUSBAR-SignalClusterView( 2525): mSeparateMobileGroup=0
D/STATUSBAR-SignalClusterView( 2525): mSeparateMobileGroup=0
D/STATUSBAR-SignalClusterView( 2525): mSeparateMobileGroup=0
W/SignalStrength( 2525): getGsmLevel=3
W/SignalStrength( 2244): getGsmLevel=3
W/SignalStrength( 2244): getLevel=3 (SignalStrength: 8 -1 -1 -1 -1 -1 -1 -1 -1 - 1 -1 -1 gsm|lte 3)
W/SignalStrength( 2525): getLevel=3 (SignalStrength: 8 -1 -1 -1 -1 -1 -1 -1 -1 - 1 -1 -1 gsm|lte 3)
W/SignalStrength( 2525): getGsmLevel=3
W/SignalStrength( 2525): getLevel=3 (SignalStrength: 8 -1 -1 -1 -1 -1 -1 -1 -1 - 1 -1 -1 gsm|lte 3)
D/STATUSBAR-NetworkController( 2525): onSignalStrengthsChanged signalStrength=Si gnalStrength: 8 -1 -1 -1 -1 -1 -1 -1 -1 -1 -1 -1 gsm|lte 3 level=3
W/SignalStrength( 2244): getGsmDbm=-97
W/SignalStrength( 2244): getDbm=-97
W/SignalStrength( 2244): getGsmAsuLevel=8
W/SignalStrength( 2244): getAsuLevel=8
W/AlarmManager( 2244): FACTORY_ON= 0
W/SignalStrength( 2244): getGsmLevel=2
W/SignalStrength( 2525): getGsmLevel=2
W/SignalStrength( 2525): getLevel=2 (SignalStrength: 8 -1 -1 -1 -1 -1 -1 -1 -1 - 1 -1 -1 gsm|lte 2)
W/SignalStrength( 2244): getLevel=2 (SignalStrength: 8 -1 -1 -1 -1 -1 -1 -1 -1 - 1 -1 -1 gsm|lte 2)
W/SignalStrength( 2525): getGsmLevel=2
W/SignalStrength( 2525): getLevel=2 (SignalStrength: 8 -1 -1 -1 -1 -1 -1 -1 -1 - 1 -1 -1 gsm|lte 2)
D/STATUSBAR-NetworkController( 2525): onSignalStrengthsChanged signalStrength=Si gnalStrength: 8 -1 -1 -1 -1 -1 -1 -1 -1 -1 -1 -1 gsm|lte 2 level=2
W/SignalStrength( 2244): getGsmDbm=-97
W/SignalStrength( 2244): getDbm=-97
W/SignalStrength( 2244): getGsmAsuLevel=8
W/SignalStrength( 2244): getAsuLevel=8
W/SignalStrength( 2244): getGsmLevel=2
W/AlarmManager( 2244): FACTORY_ON= 0
W/SignalStrength( 2244): getLevel=2 (SignalStrength: 7 -1 -1 -1 -1 -1 -1 -1 -1 - 1 -1 -1 gsm|lte 2)
D/STATUSBAR-NetworkController( 2525): refreshSignalCluster: data=2 bt=false
D/STATUSBAR-SignalClusterView( 2525): mSeparateMobileGroup=0
W/SignalStrength( 2244): getGsmDbm=-99
W/SignalStrength( 2244): getDbm=-99
W/SignalStrength( 2244): getGsmAsuLevel=7
W/SignalStrength( 2244): getAsuLevel=7
W/SignalStrength( 2525): getGsmLevel=2
W/SignalStrength( 2525): getLevel=2 (SignalStrength: 7 -1 -1 -1 -1 -1 -1 -1 -1 - 1 -1 -1 gsm|lte 2)
W/SignalStrength( 2525): getGsmLevel=2
W/SignalStrength( 2525): getLevel=2 (SignalStrength: 7 -1 -1 -1 -1 -1 -1 -1 -1 - 1 -1 -1 gsm|lte 2)
D/STATUSBAR-SignalClusterView( 2525): mSeparateMobileGroup=0
D/STATUSBAR-SignalClusterView( 2525): mSeparateMobileGroup=0
D/STATUSBAR-NetworkController( 2525): onSignalStrengthsChanged signalStrength=Si gnalStrength: 7 -1 -1 -1 -1 -1 -1 -1 -1 -1 -1 -1 gsm|lte 2 level=2
W/AlarmManager( 2244): FACTORY_ON= 0
W/SignalStrength( 2525): getLevel=2 (SignalStrength: 7 -1 -1 -1 -1 -1 -1 -1 -1 - 1 -1 -1 gsm|lte 2)
W/SignalStrength( 2525): getGsmLevel=2
W/SignalStrength( 2525): getLevel=2 (SignalStrength: 7 -1 -1 -1 -1 -1 -1 -1 -1 - 1 -1 -1 gsm|lte 2)
D/STATUSBAR-SignalClusterView( 2525): mSeparateMobileGroup=0
D/STATUSBAR-SignalClusterView( 2525): mSeparateMobileGroup=0
D/STATUSBAR-NetworkController( 2525): onSignalStrengthsChanged signalStrength=Si gnalStrength: 7 -1 -1 -1 -1 -1 -1 -1 -1 -1 -1 -1 gsm|lte 2 level=2
W/AlarmManager( 2244): FACTORY_ON= 0 5ms, total 38ms
D/AbsListView( 4107): [unregisterDoubleTapMotionListener]
I/MotionRecognitionManager( 4107): .unregisterListener : / listener count = 0- >0, listener=android.widget.AbsListView$4@41e95878
D/AbsListView( 4107): [unregisterDoubleTapMotionListener]
I/MotionRecognitionManager( 4107): .unregisterListener : / listener count = 0- >0, listener=android.widget.AbsListView$4@41e153a8
D/WindowManager( 2244): mInputFocus is not null.
I/SurfaceFlinger( 1910): id=65(6) createSurf 0x400f2edc (1x1),1 flag=400, TubSet tings
I/SurfaceFlinger( 1910): SurfaceFlinger : eMagnificationFactorChanged. magnific ationFactor=1.0
I/SurfaceFlinger( 1910): SurfaceFlinger : eZoomPositionChanged. zoomX=0.0 zoomY =0.0
D/WindowManager( 2244): PhoneWindowManager: focusChangedLw
D/KeyguardViewMediator( 2244): setHidden false
D/STATUSBAR-StatusBarManagerService( 2244): setSystemUiVisibility(0x0)
D/STATUSBAR-StatusBarManagerService( 2244): manageDisableList what=0x0 pkg=Windo wManager.LayoutParams
V/LvOutput( 1913): initCheck: 0
V/LvOutput( 1913): detachEffects: detach processing for output 2, stream 1, sess ion 78
V/LvOutput( 1913): detachEffects: no output processing was attached to this stre am
V/AudioPolicyManagerBase( 1913): stopOutput() output 2, stream 1, session 78
V/AudioPolicyManagerBase( 1913): changeRefCount() stream 1, count 0
V/AudioPolicyManagerBase( 1913): getNewDevice() selected device 0
V/AudioPolicyManagerBase( 1913): setOutputDevice() output 2 device 0000 force 0 delayMs 184
V/AudioPolicyManagerBase( 1913): setOutputDevice() prevDevice 0002
V/AudioPolicyManagerBase( 1913): setOutputDevice() setting same device 0000 or n ull device for output 2
W/System.err( 4107): Removed 2131428263
W/System.err( 4107): Removed 2131428276
D/KeyguardViewMediator( 2244): setHidden false
D/KeyguardViewMediator( 2244): setHidden false
I/ClipboardServiceEx( 2244): Send intent for dismiss clipboard dialog inside hid eCurrentInputLocked() !
D/KeyguardViewMediator( 2244): setHidden false
W/System.err( 4107): Removed 2131428263
W/System.err( 4107): Removed 2131428276
D/KeyguardViewMediator( 2244): setHidden false
E/SpannableStringBuilder( 4107): SPAN_EXCLUSIVE_EXCLUSIVE spans cannot have a ze ro length
