I/NotificationService( 151): enqueueToast pkg=org.jtb.alogcat callback=android.app.ITransientNotification$Stub$Proxy@44204490 duration=1
D/alogcat ( 395): stopping ...
W/InputManagerService( 151): Window already focused, ignoring focus gain of: com.android.internal.view.IInputMethodClient$Stub$Proxy@44195b38
I/ActivityManager( 151): Start proc com.android.settings for broadcast com.android.settings/.widget.SettingsAppWidgetProvider: pid=441 uid=1000 gids={3002, 3001, 3003}
D/StatusBar( 151): DISABLE_EXPAND: yes
I/DEBUG ( 344): *** *** *** *** *** *** *** *** *** *** *** *** *** *** *** ***
I/DEBUG ( 344): Build fingerprint: 'google/passion/passion/mahimahi:2.1-update1/ERE27/24178:user/release-keys'
I/DEBUG ( 344): pid: 441, tid: 441 >>> com.android.settings <<<
I/DEBUG ( 344): signal 11 (SIGSEGV), fault addr fffffff5
I/DEBUG ( 344): r0 00000000 r1 0000c9f0 r2 00000002 r3 00000000
I/DEBUG ( 344): r4 ffffffed r5 00000006 r6 00000000 r7 4104ebd4
I/DEBUG ( 344): r8 ad00f3c0 r9 0000bcf0 10 4104eb20 fp 00000000
I/DEBUG ( 344): ip ad080090 sp bebd0658 lr ad034501 pc ad034514 cpsr 80000030
I/DEBUG ( 344): #00 pc 00034514 /system/lib/libdvm.so
I/DEBUG ( 344): #01 pc 00054664 /system/lib/libdvm.so
I/DEBUG ( 344): #02 pc 00013f98 /system/lib/libdvm.so
I/DEBUG ( 344): #03 pc 000198e4 /system/lib/libdvm.so
I/DEBUG ( 344): #04 pc 00018da8 /system/lib/libdvm.so
I/DEBUG ( 344): #05 pc 0004d850 /system/lib/libdvm.so
I/DEBUG ( 344): #06 pc 0004d882 /system/lib/libdvm.so
I/DEBUG ( 344): #07 pc 00034e38 /system/lib/libdvm.so
I/DEBUG ( 344): #08 pc 00034bca /system/lib/libdvm.so
I/DEBUG ( 344): #09 pc 00034c9c /system/lib/libdvm.so
I/DEBUG ( 344): #10 pc 00052236 /system/lib/libdvm.so
I/DEBUG ( 344): #11 pc 0005467c /system/lib/libdvm.so
I/DEBUG ( 344): #12 pc 00013f98 /system/lib/libdvm.so
I/DEBUG ( 344): #13 pc 000198e4 /system/lib/libdvm.so
I/DEBUG ( 344): #14 pc 00018da8 /system/lib/libdvm.so
I/DEBUG ( 344): #15 pc 0004d850 /system/lib/libdvm.so
I/DEBUG ( 344): #16 pc 0004d882 /system/lib/libdvm.so
I/DEBUG ( 344): #17 pc 00057faa /system/lib/libdvm.so
I/DEBUG ( 344): #18 pc 0005802e /system/lib/libdvm.so
I/DEBUG ( 344): #19 pc 0005990e /system/lib/libdvm.so
I/DEBUG ( 344): #20 pc 00013540 /system/lib/libdvm.so
I/DEBUG ( 344): #21 pc 000198e4 /system/lib/libdvm.so
I/DEBUG ( 344): #22 pc 00018da8 /system/lib/libdvm.so
I/DEBUG ( 344): #23 pc 0004d53c /system/lib/libdvm.so
I/DEBUG ( 344): #24 pc 00054ff8 /system/lib/libdvm.so
I/DEBUG ( 344): #25 pc 00013f98 /system/lib/libdvm.so
I/DEBUG ( 344): #26 pc 000198e4 /system/lib/libdvm.so
I/DEBUG ( 344): #27 pc 00018da8 /system/lib/libdvm.so
I/DEBUG ( 344): #28 pc 0004d850 /system/lib/libdvm.so
I/DEBUG ( 344): #29 pc 0003a774 /system/lib/libdvm.so
I/DEBUG ( 344): #30 pc 000296dc /system/lib/libandroid_runtime.so
I/DEBUG ( 344): #31 pc 0002a3c0 /system/lib/libandroid_runtime.so
I/DEBUG ( 344):
I/DEBUG ( 344): code around pc:
I/DEBUG ( 344): ad034504 25001c27 683ce009 d1e92c00 3c14e7f8
I/DEBUG ( 344): ad034514 280068a0 3501d000 2c006824 2000d1f7
I/DEBUG ( 344): ad034524 d0332d00 2c009c00 0069d00b 22002049
I/DEBUG ( 344):
I/DEBUG ( 344): code around lr:
I/DEBUG ( 344): ad0344f0 58ab6818 681933c4 d0064288 fbf2f025
I/DEBUG ( 344): ad034500 d1022800 25001c27 683ce009 d1e92c00
I/DEBUG ( 344): ad034510 3c14e7f8 280068a0 3501d000 2c006824
I/DEBUG ( 344):
I/DEBUG ( 344): stack:
I/DEBUG ( 344): bebd0618 0000bcf0 [heap]
I/DEBUG ( 344): bebd061c ad07ff50 /system/lib/libdvm.so
I/DEBUG ( 344): bebd0620 ad080d3c /system/lib/libdvm.so
I/DEBUG ( 344): bebd0624 00000004
I/DEBUG ( 344): bebd0628 0000001c
I/DEBUG ( 344): bebd062c ad055e0b /system/lib/libdvm.so
I/DEBUG ( 344): bebd0630 0000002e
I/DEBUG ( 344): bebd0634 00000000
I/DEBUG ( 344): bebd0638 0000bcf0 [heap]
I/DEBUG ( 344): bebd063c 00000002
I/DEBUG ( 344): bebd0640 4107b6d8 /dev/ashmem/dalvik-LinearAlloc (deleted)
I/DEBUG ( 344): bebd0644 4104ebb4
I/DEBUG ( 344): bebd0648 ad07ff50 /system/lib/libdvm.so
I/DEBUG ( 344): bebd064c 00000000
I/DEBUG ( 344): bebd0650 4104eba0
I/DEBUG ( 344): bebd0654 ad034501 /system/lib/libdvm.so
I/DEBUG ( 344): #00 bebd0658 00000001
I/DEBUG ( 344): bebd065c 0000035c
I/DEBUG ( 344): bebd0660 00000000
I/DEBUG ( 344): bebd0664 bebd06c8 [stack]
I/DEBUG ( 344): bebd0668 4104eb48
I/DEBUG ( 344): bebd066c bebd06c0 [stack]
I/DEBUG ( 344): bebd0670 4000cae8 /dev/ashmem/mspace/dalvik-heap/zygote/0 (deleted)
I/DEBUG ( 344): bebd0674 ad054669 /system/lib/libdvm.so
I/DEBUG ( 344): #01 bebd0678 417602c8 /data/dalvik-cache/system@framework@core.jar@classes.dex
I/DEBUG ( 344): bebd067c ad013f9c /system/lib/libdvm.so
I/ActivityManager( 151): Starting activity: Intent { act=android.settings.SETTINGS flg=0x10100000 cmp=com.android.settings/.Settings }
D/alogcat ( 395): stopping ...
D/alogcat ( 395): paused
I/ActivityManager( 151): Process com.android.settings (pid 441) has died.
D/Zygote ( 136): Process 441 terminated by signal (11)
W/InputManagerService( 151): Window already focused, ignoring focus gain of: com.android.internal.view.IInputMethodClient$Stub$Proxy@441cce30
I/UsageStats( 151): Unexpected resume of org.jtb.alogcat while already resumed in com.android.settings
I/NotificationService( 151): enqueueToast pkg=org.jtb.alogcat callback=android.app.ITransientNotification$Stub$Proxy@4415a808 duration=1
D/alogcat ( 395): stopping ...
D/alogcat ( 395): resumed
W/InputManagerService( 151): Window already focused, ignoring focus gain of: com.android.internal.view.IInputMethodClient$Stub$Proxy@4415b098
W/InputManagerService( 151): Window already focused, ignoring focus gain of: com.android.internal.view.IInputMethodClient$Stub$Proxy@4415bf08
D/dalvikvm( 395): GC freed 3646 objects / 365456 bytes in 135ms
I/ActivityManager( 151): Start proc com.android.settings for broadcast com.android.settings/.widget.SettingsAppWidgetProvider: pid=451 uid=1000 gids={3002, 3001, 3003}
D/StatusBar( 151): DISABLE_EXPAND: yes
I/DEBUG ( 344): *** *** *** *** *** *** *** *** *** *** *** *** *** *** *** ***
I/DEBUG ( 344): Build fingerprint: 'google/passion/passion/mahimahi:2.1-update1/ERE27/24178:user/release-keys'
I/DEBUG ( 344): pid: 451, tid: 451 >>> com.android.settings <<<
I/DEBUG ( 344): signal 11 (SIGSEGV), fault addr fffffff5
I/DEBUG ( 344): r0 00000000 r1 0000c9f0 r2 00000002 r3 00000000
I/DEBUG ( 344): r4 ffffffed r5 00000006 r6 00000000 r7 4104ebd4
I/DEBUG ( 344): r8 ad00f3c0 r9 0000bcf0 10 4104eb20 fp 00000000
I/DEBUG ( 344): ip ad080090 sp bebd0658 lr ad034501 pc ad034514 cpsr 80000030
I/DEBUG ( 344): #00 pc 00034514 /system/lib/libdvm.so
I/DEBUG ( 344): #01 pc 00054664 /system/lib/libdvm.so
I/DEBUG ( 344): #02 pc 00013f98 /system/lib/libdvm.so
I/DEBUG ( 344): #03 pc 000198e4 /system/lib/libdvm.so
I/DEBUG ( 344): #04 pc 00018da8 /system/lib/libdvm.so
I/DEBUG ( 344): #05 pc 0004d850 /system/lib/libdvm.so
I/DEBUG ( 344): #06 pc 0004d882 /system/lib/libdvm.so
I/DEBUG ( 344): #07 pc 00034e38 /system/lib/libdvm.so
I/DEBUG ( 344): #08 pc 00034bca /system/lib/libdvm.so
I/DEBUG ( 344): #09 pc 00034c9c /system/lib/libdvm.so
I/DEBUG ( 344): #10 pc 00052236 /system/lib/libdvm.so
I/DEBUG ( 344): #11 pc 0005467c /system/lib/libdvm.so
I/DEBUG ( 344): #12 pc 00013f98 /system/lib/libdvm.so
I/DEBUG ( 344): #13 pc 000198e4 /system/lib/libdvm.so
I/DEBUG ( 344): #14 pc 00018da8 /system/lib/libdvm.so
I/DEBUG ( 344): #15 pc 0004d850 /system/lib/libdvm.so
I/DEBUG ( 344): #16 pc 0004d882 /system/lib/libdvm.so
I/DEBUG ( 344): #17 pc 00057faa /system/lib/libdvm.so
I/DEBUG ( 344): #18 pc 0005802e /system/lib/libdvm.so
I/DEBUG ( 344): #19 pc 0005990e /system/lib/libdvm.so
I/DEBUG ( 344): #20 pc 00013540 /system/lib/libdvm.so
I/DEBUG ( 344): #21 pc 000198e4 /system/lib/libdvm.so
I/DEBUG ( 344): #22 pc 00018da8 /system/lib/libdvm.so
I/DEBUG ( 344): #23 pc 0004d53c /system/lib/libdvm.so
I/DEBUG ( 344): #24 pc 00054ff8 /system/lib/libdvm.so
I/DEBUG ( 344): #25 pc 00013f98 /system/lib/libdvm.so
I/DEBUG ( 344): #26 pc 000198e4 /system/lib/libdvm.so
I/DEBUG ( 344): #27 pc 00018da8 /system/lib/libdvm.so
I/DEBUG ( 344): #28 pc 0004d850 /system/lib/libdvm.so
I/DEBUG ( 344): #29 pc 0003a774 /system/lib/libdvm.so
I/DEBUG ( 344): #30 pc 000296dc /system/lib/libandroid_runtime.so
I/DEBUG ( 344): #31 pc 0002a3c0 /system/lib/libandroid_runtime.so
I/DEBUG ( 344):
I/DEBUG ( 344): code around pc:
I/DEBUG ( 344): ad034504 25001c27 683ce009 d1e92c00 3c14e7f8
I/DEBUG ( 344): ad034514 280068a0 3501d000 2c006824 2000d1f7
I/DEBUG ( 344): ad034524 d0332d00 2c009c00 0069d00b 22002049
I/DEBUG ( 344):
I/DEBUG ( 344): code around lr:
I/DEBUG ( 344): ad0344f0 58ab6818 681933c4 d0064288 fbf2f025
I/DEBUG ( 344): ad034500 d1022800 25001c27 683ce009 d1e92c00
I/DEBUG ( 344): ad034510 3c14e7f8 280068a0 3501d000 2c006824
I/DEBUG ( 344):
I/DEBUG ( 344): stack:
I/DEBUG ( 344): bebd0618 0000bcf0 [heap]
I/DEBUG ( 344): bebd061c ad07ff50 /system/lib/libdvm.so
I/DEBUG ( 344): bebd0620 ad080d3c /system/lib/libdvm.so
I/DEBUG ( 344): bebd0624 00000004
I/DEBUG ( 344): bebd0628 0000001c
I/DEBUG ( 344): bebd062c ad055e0b /system/lib/libdvm.so
I/DEBUG ( 344): bebd0630 0000002e
I/DEBUG ( 344): bebd0634 00000000
I/DEBUG ( 344): bebd0638 0000bcf0 [heap]
I/DEBUG ( 344): bebd063c 00000002
I/DEBUG ( 344): bebd0640 4107b6d8 /dev/ashmem/dalvik-LinearAlloc (deleted)
I/DEBUG ( 344): bebd0644 4104ebb4
I/DEBUG ( 344): bebd0648 ad07ff50 /system/lib/libdvm.so
I/DEBUG ( 344): bebd064c 00000000
I/DEBUG ( 344): bebd0650 4104eba0
I/DEBUG ( 344): bebd0654 ad034501 /system/lib/libdvm.so
I/DEBUG ( 344): #00 bebd0658 00000001
I/DEBUG ( 344): bebd065c 0000035c
I/DEBUG ( 344): bebd0660 00000000
I/DEBUG ( 344): bebd0664 bebd06c8 [stack]
I/DEBUG ( 344): bebd0668 4104eb48
I/DEBUG ( 344): bebd066c bebd06c0 [stack]
I/DEBUG ( 344): bebd0670 4000cae8 /dev/ashmem/mspace/dalvik-heap/zygote/0 (deleted)
I/DEBUG ( 344): bebd0674 ad054669 /system/lib/libdvm.so
I/DEBUG ( 344): #01 bebd0678 417602c8 /data/dalvik-cache/system@framework@core.jar@classes.dex
I/DEBUG ( 344): bebd067c ad013f9c /system/lib/libdvm.so
I/ActivityManager( 151): Starting activity: Intent { act=android.settings.SETTINGS flg=0x10100000 cmp=com.android.settings/.Settings }
D/alogcat ( 395): stopping ...
D/alogcat ( 395): paused
W/InputManagerService( 151): Window already focused, ignoring focus gain of: com.android.internal.view.IInputMethodClient$Stub$Proxy@44224150
I/ActivityManager( 151): Process com.android.settings (pid 451) has died.
D/Zygote ( 136): Process 451 terminated by signal (11)
I/UsageStats( 151): Unexpected resume of org.jtb.alogcat while already resumed in com.android.settings
I/NotificationService( 151): enqueueToast pkg=org.jtb.alogcat callback=android.app.ITransientNotification$Stub$Proxy@44225c68 duration=1
D/alogcat ( 395): stopping ...
D/alogcat ( 395): resumed
W/InputManagerService( 151): Window already focused, ignoring focus gain of: com.android.internal.view.IInputMethodClient$Stub$Proxy@442264f8
D/dalvikvm( 395): GC freed 12890 objects / 1470904 bytes in 128ms
I/ActivityManager( 151): Start proc com.android.settings for broadcast com.android.settings/.widget.SettingsAppWidgetProvider: pid=460 uid=1000 gids={3002, 3001, 3003}
I/ActivityManager( 151): Starting activity: Intent { act=android.intent.action.MAIN cat=[android.intent.category.HOME] flg=0x10200000 cmp=com.android.launcher/.Launcher }
D/alogcat ( 395): stopping ...
D/alogcat ( 395): paused
I/DEBUG ( 344): *** *** *** *** *** *** *** *** *** *** *** *** *** *** *** ***
I/DEBUG ( 344): Build fingerprint: 'google/passion/passion/mahimahi:2.1-update1/ERE27/24178:user/release-keys'
I/DEBUG ( 344): pid: 460, tid: 460 >>> com.android.settings <<<
I/DEBUG ( 344): signal 11 (SIGSEGV), fault addr fffffff5
I/DEBUG ( 344): r0 00000000 r1 0000c9f0 r2 00000002 r3 00000000
I/DEBUG ( 344): r4 ffffffed r5 00000006 r6 00000000 r7 4104ebd4
I/DEBUG ( 344): r8 ad00f3c0 r9 0000bcf0 10 4104eb20 fp 00000000
I/DEBUG ( 344): ip ad080090 sp bebd0658 lr ad034501 pc ad034514 cpsr 80000030
I/DEBUG ( 344): #00 pc 00034514 /system/lib/libdvm.so
I/DEBUG ( 344): #01 pc 00054664 /system/lib/libdvm.so
I/DEBUG ( 344): #02 pc 00013f98 /system/lib/libdvm.so
I/DEBUG ( 344): #03 pc 000198e4 /system/lib/libdvm.so
I/DEBUG ( 344): #04 pc 00018da8 /system/lib/libdvm.so
I/DEBUG ( 344): #05 pc 0004d850 /system/lib/libdvm.so
I/DEBUG ( 344): #06 pc 0004d882 /system/lib/libdvm.so
I/DEBUG ( 344): #07 pc 00034e38 /system/lib/libdvm.so
I/DEBUG ( 344): #08 pc 00034bca /system/lib/libdvm.so
I/DEBUG ( 344): #09 pc 00034c9c /system/lib/libdvm.so
I/DEBUG ( 344): #10 pc 00052236 /system/lib/libdvm.so
I/DEBUG ( 344): #11 pc 0005467c /system/lib/libdvm.so
I/DEBUG ( 344): #12 pc 00013f98 /system/lib/libdvm.so
I/DEBUG ( 344): #13 pc 000198e4 /system/lib/libdvm.so
I/DEBUG ( 344): #14 pc 00018da8 /system/lib/libdvm.so
I/DEBUG ( 344): #15 pc 0004d850 /system/lib/libdvm.so
I/DEBUG ( 344): #16 pc 0004d882 /system/lib/libdvm.so
I/DEBUG ( 344): #17 pc 00057faa /system/lib/libdvm.so
I/DEBUG ( 344): #18 pc 0005802e /system/lib/libdvm.so
I/DEBUG ( 344): #19 pc 0005990e /system/lib/libdvm.so
I/DEBUG ( 344): #20 pc 00013540 /system/lib/libdvm.so
I/DEBUG ( 344): #21 pc 000198e4 /system/lib/libdvm.so
I/DEBUG ( 344): #22 pc 00018da8 /system/lib/libdvm.so
I/DEBUG ( 344): #23 pc 0004d53c /system/lib/libdvm.so
I/DEBUG ( 344): #24 pc 00054ff8 /system/lib/libdvm.so
I/DEBUG ( 344): #25 pc 00013f98 /system/lib/libdvm.so
I/DEBUG ( 344): #26 pc 000198e4 /system/lib/libdvm.so
I/DEBUG ( 344): #27 pc 00018da8 /system/lib/libdvm.so
I/DEBUG ( 344): #28 pc 0004d850 /system/lib/libdvm.so
I/DEBUG ( 344): #29 pc 0003a774 /system/lib/libdvm.so
I/DEBUG ( 344): #30 pc 000296dc /system/lib/libandroid_runtime.so
I/DEBUG ( 344): #31 pc 0002a3c0 /system/lib/libandroid_runtime.so
I/DEBUG ( 344):
I/DEBUG ( 344): code around pc:
I/DEBUG ( 344): ad034504 25001c27 683ce009 d1e92c00 3c14e7f8
I/DEBUG ( 344): ad034514 280068a0 3501d000 2c006824 2000d1f7
I/DEBUG ( 344): ad034524 d0332d00 2c009c00 0069d00b 22002049
I/DEBUG ( 344):
I/DEBUG ( 344): code around lr:
I/DEBUG ( 344): ad0344f0 58ab6818 681933c4 d0064288 fbf2f025
I/DEBUG ( 344): ad034500 d1022800 25001c27 683ce009 d1e92c00
I/DEBUG ( 344): ad034510 3c14e7f8 280068a0 3501d000 2c006824
I/DEBUG ( 344):
I/DEBUG ( 344): stack:
I/DEBUG ( 344): bebd0618 0000bcf0 [heap]
I/DEBUG ( 344): bebd061c ad07ff50 /system/lib/libdvm.so
I/DEBUG ( 344): bebd0620 ad080d3c /system/lib/libdvm.so
I/DEBUG ( 344): bebd0624 00000004
I/DEBUG ( 344): bebd0628 0000001c
I/DEBUG ( 344): bebd062c ad055e0b /system/lib/libdvm.so
I/DEBUG ( 344): bebd0630 0000002e
I/DEBUG ( 344): bebd0634 00000000
I/DEBUG ( 344): bebd0638 0000bcf0 [heap]
I/DEBUG ( 344): bebd063c 00000002
I/DEBUG ( 344): bebd0640 4107b6d8 /dev/ashmem/dalvik-LinearAlloc (deleted)
I/DEBUG ( 344): bebd0644 4104ebb4
I/DEBUG ( 344): bebd0648 ad07ff50 /system/lib/libdvm.so
I/DEBUG ( 344): bebd064c 00000000
I/DEBUG ( 344): bebd0650 4104eba0
I/DEBUG ( 344): bebd0654 ad034501 /system/lib/libdvm.so
I/DEBUG ( 344): #00 bebd0658 00000001
I/DEBUG ( 344): bebd065c 0000035c
I/DEBUG ( 344): bebd0660 00000000
I/DEBUG ( 344): bebd0664 bebd06c8 [stack]
I/DEBUG ( 344): bebd0668 4104eb48
I/DEBUG ( 344): bebd066c bebd06c0 [stack]
I/DEBUG ( 344): bebd0670 4000cae8 /dev/ashmem/mspace/dalvik-heap/zygote/0 (deleted)
I/DEBUG ( 344): bebd0674 ad054669 /system/lib/libdvm.so
I/DEBUG ( 344): #01 bebd0678 417602c8 /data/dalvik-cache/system@framework@core.jar@classes.dex
I/DEBUG ( 344): bebd067c ad013f9c /system/lib/libdvm.so
I/ActivityManager( 151): Process com.android.settings (pid 460) has died.
D/Zygote ( 136): Process 460 terminated by signal (11)
I/ActivityManager( 151): Starting activity: Intent { act=android.settings.SETTINGS flg=0x10200000 cmp=com.android.settings/.Settings }
I/ActivityManager( 151): Start proc com.android.settings for activity com.android.settings/.Settings: pid=466 uid=1000 gids={3002, 3001, 3003}
W/InputManagerService( 151): Window already focused, ignoring focus gain of: com.android.internal.view.IInputMethodClient$Stub$Proxy@4423e638
D/dalvikvm( 151): GC freed 14062 objects / 833872 bytes in 203ms
I/ActivityManager( 151): Displayed activity com.android.settings/.Settings: 1199 ms (total 14892 ms)
I/ActivityManager( 151): Starting activity: Intent { act=android.intent.action.MAIN cmp=com.android.settings/.WirelessSettings }
I/DEBUG ( 344): *** *** *** *** *** *** *** *** *** *** *** *** *** *** *** ***
I/DEBUG ( 344): Build fingerprint: 'google/passion/passion/mahimahi:2.1-update1/ERE27/24178:user/release-keys'
I/DEBUG ( 344): pid: 466, tid: 466 >>> com.android.settings <<<
I/DEBUG ( 344): signal 11 (SIGSEGV), fault addr fffffff5
I/DEBUG ( 344): r0 4ecf4000 r1 00000008 r2 0000ea4c r3 00000000
I/DEBUG ( 344): r4 ffffffed r5 00000002 r6 00000000 r7 4104ec7c
I/DEBUG ( 344): r8 ad00f3c0 r9 0000bcf0 10 4104ebb0 fp 00000000
I/DEBUG ( 344): ip ad0800d4 sp bebd07e0 lr ad0277fb pc ad034514 cpsr 80000030
I/DEBUG ( 344): #00 pc 00034514 /system/lib/libdvm.so
I/DEBUG ( 344): #01 pc 00054664 /system/lib/libdvm.so
I/DEBUG ( 344): #02 pc 00013f98 /system/lib/libdvm.so
I/DEBUG ( 344): #03 pc 000198e4 /system/lib/libdvm.so
I/DEBUG ( 344): #04 pc 00018da8 /system/lib/libdvm.so
I/DEBUG ( 344): #05 pc 0004d850 /system/lib/libdvm.so
I/DEBUG ( 344): #06 pc 0004d882 /system/lib/libdvm.so
I/DEBUG ( 344): #07 pc 00034e38 /system/lib/libdvm.so
I/DEBUG ( 344): #08 pc 00034bca /system/lib/libdvm.so
I/DEBUG ( 344): #09 pc 00034c9c /system/lib/libdvm.so
I/DEBUG ( 344): #10 pc 00037270 /system/lib/libdvm.so
I/DEBUG ( 344): #11 pc 00013628 /system/lib/libdvm.so
I/DEBUG ( 344): #12 pc 000198e4 /system/lib/libdvm.so
I/DEBUG ( 344): #13 pc 00018da8 /system/lib/libdvm.so
I/DEBUG ( 344): #14 pc 0004d53c /system/lib/libdvm.so
I/DEBUG ( 344): #15 pc 00054ff8 /system/lib/libdvm.so
I/DEBUG ( 344): #16 pc 00013f98 /system/lib/libdvm.so
I/DEBUG ( 344): #17 pc 000198e4 /system/lib/libdvm.so
I/DEBUG ( 344): #18 pc 00018da8 /system/lib/libdvm.so
I/DEBUG ( 344): #19 pc 0004d850 /system/lib/libdvm.so
I/DEBUG ( 344): #20 pc 0003a774 /system/lib/libdvm.so
I/DEBUG ( 344): #21 pc 000296dc /system/lib/libandroid_runtime.so
I/DEBUG ( 344): #22 pc 0002a3c0 /system/lib/libandroid_runtime.so
I/DEBUG ( 344): #23 pc 00008cae /system/bin/app_process
I/DEBUG ( 344): #24 pc 0000c51a /system/lib/libc.so
I/DEBUG ( 344): #25 pc b0001a46 /system/bin/linker
I/DEBUG ( 344):
I/DEBUG ( 344): code around pc:
I/DEBUG ( 344): ad034504 25001c27 683ce009 d1e92c00 3c14e7f8
I/DEBUG ( 344): ad034514 280068a0 3501d000 2c006824 2000d1f7
I/DEBUG ( 344): ad034524 d0332d00 2c009c00 0069d00b 22002049
I/DEBUG ( 344):
I/DEBUG ( 344): code around lr:
I/DEBUG ( 344): ad0277e8 60a06061 1cb160e3 43281c08 f7e71c3a
I/DEBUG ( 344): ad0277f8 2800ea38 f00dd001 b005fe37 46c0bdf0
I/DEBUG ( 344): ad027808 1c04b510 d0052800 f7e76880 1c20ec3a
I/DEBUG ( 344):
I/DEBUG ( 344): stack:
I/DEBUG ( 344): bebd07a0 ad080c08 /system/lib/libdvm.so
I/DEBUG ( 344): bebd07a4 0000ea40 [heap]
I/DEBUG ( 344): bebd07a8 4000e3a8 /dev/ashmem/mspace/dalvik-heap/zygote/0 (deleted)
I/DEBUG ( 344): bebd07ac 4000cae8 /dev/ashmem/mspace/dalvik-heap/zygote/0 (deleted)
I/DEBUG ( 344): bebd07b0 00000001
I/DEBUG ( 344): bebd07b4 ad059d4d /system/lib/libdvm.so
I/DEBUG ( 344): bebd07b8 00000006
I/DEBUG ( 344): bebd07bc ad07ff50 /system/lib/libdvm.so
I/DEBUG ( 344): bebd07c0 00000010
I/DEBUG ( 344): bebd07c4 00000006
I/DEBUG ( 344): bebd07c8 ad00f3c0 /system/lib/libdvm.so
I/DEBUG ( 344): bebd07cc 4104ec60
I/DEBUG ( 344): bebd07d0 ad07ff50 /system/lib/libdvm.so
I/DEBUG ( 344): bebd07d4 00000000
I/DEBUG ( 344): bebd07d8 4104ec4c
I/DEBUG ( 344): bebd07dc ad034501 /system/lib/libdvm.so
I/DEBUG ( 344): #00 bebd07e0 00000001
I/DEBUG ( 344): bebd07e4 0000035c
I/DEBUG ( 344): bebd07e8 c17fe4e1
I/DEBUG ( 344): bebd07ec bebd0850 [stack]
I/DEBUG ( 344): bebd07f0 4104ebd8
I/DEBUG ( 344): bebd07f4 bebd0848 [stack]
I/DEBUG ( 344): bebd07f8 4000cae8 /dev/ashmem/mspace/dalvik-heap/zygote/0 (deleted)
I/DEBUG ( 344): bebd07fc ad054669 /system/lib/libdvm.so
I/DEBUG ( 344): #01 bebd0800 417602c8 /data/dalvik-cache/system@framework@core.jar@classes.dex
I/DEBUG ( 344): bebd0804 ad013f9c /system/lib/libdvm.so
I/ActivityManager( 151): Process com.android.settings (pid 466) has died.
D/Zygote ( 136): Process 466 terminated by signal (11)
I/WindowManager( 151): WIN DEATH: Window{44241490 com.android.settings/com.android.settings.Settings paused=false}
I/ActivityManager( 151): Start proc com.android.settings for activity com.android.settings/.Settings: pid=473 uid=1000 gids={3002, 3001, 3003}
I/UsageStats( 151): Unexpected resume of com.android.settings while already resumed in com.android.settings
I/ActivityManager( 151): Displayed activity com.android.settings/.Settings: 154 ms (total 1307 ms)
W/InputManagerService( 151): Got RemoteException sending setActive(false) notification to pid 466 uid 1000
W/InputManagerService( 151): Starting input on non-focused client com.android.internal.view.IInputMethodClient$Stub$Proxy@440545f0 (uid=1000 pid=473)
I/ActivityManager( 151): Starting activity: Intent { act=android.intent.action.MAIN cat=[android.intent.category.HOME] flg=0x10200000 cmp=com.android.launcher/.Launcher }
I/DEBUG ( 344): *** *** *** *** *** *** *** *** *** *** *** *** *** *** *** ***
I/DEBUG ( 344): Build fingerprint: 'google/passion/passion/mahimahi:2.1-update1/ERE27/24178:user/release-keys'
I/DEBUG ( 344): pid: 473, tid: 473 >>> com.android.settings <<<
I/DEBUG ( 344): signal 11 (SIGSEGV), fault addr fffffff5
I/DEBUG ( 344): r0 00000000 r1 0000c9f0 r2 00000002 r3 00000000
I/DEBUG ( 344): r4 ffffffed r5 00000006 r6 00000000 r7 4104ebd4
I/DEBUG ( 344): r8 ad00f3c0 r9 0000bcf0 10 4104eb20 fp 00000000
I/DEBUG ( 344): ip ad080090 sp bebd0658 lr ad034501 pc ad034514 cpsr 80000030
I/DEBUG ( 344): #00 pc 00034514 /system/lib/libdvm.so
I/DEBUG ( 344): #01 pc 00054664 /system/lib/libdvm.so
I/DEBUG ( 344): #02 pc 00013f98 /system/lib/libdvm.so
I/DEBUG ( 344): #03 pc 000198e4 /system/lib/libdvm.so
I/DEBUG ( 344): #04 pc 00018da8 /system/lib/libdvm.so
I/DEBUG ( 344): #05 pc 0004d850 /system/lib/libdvm.so
I/DEBUG ( 344): #06 pc 0004d882 /system/lib/libdvm.so
I/DEBUG ( 344): #07 pc 00034e38 /system/lib/libdvm.so
I/DEBUG ( 344): #08 pc 00034bca /system/lib/libdvm.so
I/DEBUG ( 344): #09 pc 00034c9c /system/lib/libdvm.so
I/DEBUG ( 344): #10 pc 00052236 /system/lib/libdvm.so
I/DEBUG ( 344): #11 pc 0005467c /system/lib/libdvm.so
I/DEBUG ( 344): #12 pc 00013f98 /system/lib/libdvm.so
I/DEBUG ( 344): #13 pc 000198e4 /system/lib/libdvm.so
I/DEBUG ( 344): #14 pc 00018da8 /system/lib/libdvm.so
I/DEBUG ( 344): #15 pc 0004d850 /system/lib/libdvm.so
I/DEBUG ( 344): #16 pc 0004d882 /system/lib/libdvm.so
I/DEBUG ( 344): #17 pc 00057faa /system/lib/libdvm.so
I/DEBUG ( 344): #18 pc 0005802e /system/lib/libdvm.so
I/DEBUG ( 344): #19 pc 0005990e /system/lib/libdvm.so
I/DEBUG ( 344): #20 pc 00013540 /system/lib/libdvm.so
I/DEBUG ( 344): #21 pc 000198e4 /system/lib/libdvm.so
I/DEBUG ( 344): #22 pc 00018da8 /system/lib/libdvm.so
I/DEBUG ( 344): #23 pc 0004d53c /system/lib/libdvm.so
I/DEBUG ( 344): #24 pc 00054ff8 /system/lib/libdvm.so
I/DEBUG ( 344): #25 pc 00013f98 /system/lib/libdvm.so
I/DEBUG ( 344): #26 pc 000198e4 /system/lib/libdvm.so
I/DEBUG ( 344): #27 pc 00018da8 /system/lib/libdvm.so
I/DEBUG ( 344): #28 pc 0004d850 /system/lib/libdvm.so
I/DEBUG ( 344): #29 pc 0003a774 /system/lib/libdvm.so
I/DEBUG ( 344): #30 pc 000296dc /system/lib/libandroid_runtime.so
I/DEBUG ( 344): #31 pc 0002a3c0 /system/lib/libandroid_runtime.so
I/DEBUG ( 344):
I/DEBUG ( 344): code around pc:
I/DEBUG ( 344): ad034504 25001c27 683ce009 d1e92c00 3c14e7f8
I/DEBUG ( 344): ad034514 280068a0 3501d000 2c006824 2000d1f7
I/DEBUG ( 344): ad034524 d0332d00 2c009c00 0069d00b 22002049
I/DEBUG ( 344):
I/DEBUG ( 344): code around lr:
I/DEBUG ( 344): ad0344f0 58ab6818 681933c4 d0064288 fbf2f025
I/DEBUG ( 344): ad034500 d1022800 25001c27 683ce009 d1e92c00
I/DEBUG ( 344): ad034510 3c14e7f8 280068a0 3501d000 2c006824
I/DEBUG ( 344):
I/DEBUG ( 344): stack:
I/DEBUG ( 344): bebd0618 43ff2e70 /dev/ashmem/mspace/dalvik-heap/2 (deleted)
I/DEBUG ( 344): bebd061c ad07ff50 /system/lib/libdvm.so
I/DEBUG ( 344): bebd0620 ad080d3c /system/lib/libdvm.so
I/DEBUG ( 344): bebd0624 00000004
I/DEBUG ( 344): bebd0628 0000001c
I/DEBUG ( 344): bebd062c ad055e0b /system/lib/libdvm.so
I/DEBUG ( 344): bebd0630 0000002e
I/DEBUG ( 344): bebd0634 00000000
I/DEBUG ( 344): bebd0638 0000bcf0 [heap]
I/DEBUG ( 344): bebd063c 00000002
I/DEBUG ( 344): bebd0640 4000cae8 /dev/ashmem/mspace/dalvik-heap/zygote/0 (deleted)
I/DEBUG ( 344): bebd0644 4104ebb4
I/DEBUG ( 344): bebd0648 ad07ff50 /system/lib/libdvm.so
I/DEBUG ( 344): bebd064c 00000000
I/DEBUG ( 344): bebd0650 4104eba0
I/DEBUG ( 344): bebd0654 ad034501 /system/lib/libdvm.so
I/DEBUG ( 344): #00 bebd0658 00000001
I/DEBUG ( 344): bebd065c 0000035c
I/DEBUG ( 344): bebd0660 43ff2f30 /dev/ashmem/mspace/dalvik-heap/2 (deleted)
I/DEBUG ( 344): bebd0664 bebd06c8 [stack]
I/DEBUG ( 344): bebd0668 4104eb48
I/DEBUG ( 344): bebd066c bebd06c0 [stack]
I/DEBUG ( 344): bebd0670 4000cae8 /dev/ashmem/mspace/dalvik-heap/zygote/0 (deleted)
I/DEBUG ( 344): bebd0674 ad054669 /system/lib/libdvm.so
I/DEBUG ( 344): #01 bebd0678 417602c8 /data/dalvik-cache/system@framework@core.jar@classes.dex
I/DEBUG ( 344): bebd067c ad013f9c /system/lib/libdvm.so
I/ActivityManager( 151): Process com.android.settings (pid 473) has died.
D/Zygote ( 136): Process 473 terminated by signal (11)
I/ActivityManager( 151): Start proc com.android.settings for broadcast com.android.settings/.widget.SettingsAppWidgetProvider: pid=480 uid=1000 gids={3002, 3001, 3003}
D/StatusBar( 151): DISABLE_EXPAND: yes
I/DEBUG ( 344): *** *** *** *** *** *** *** *** *** *** *** *** *** *** *** ***
I/DEBUG ( 344): Build fingerprint: 'google/passion/passion/mahimahi:2.1-update1/ERE27/24178:user/release-keys'
I/DEBUG ( 344): pid: 480, tid: 480 >>> com.android.settings <<<
I/DEBUG ( 344): signal 11 (SIGSEGV), fault addr fffffff5
I/DEBUG ( 344): r0 00000000 r1 0000c9f0 r2 00000002 r3 00000000
I/DEBUG ( 344): r4 ffffffed r5 00000006 r6 00000000 r7 4104ebd4
I/DEBUG ( 344): r8 ad00f3c0 r9 0000bcf0 10 4104eb20 fp 00000000
I/DEBUG ( 344): ip ad080090 sp bebd0658 lr ad034501 pc ad034514 cpsr 80000030
I/DEBUG ( 344): #00 pc 00034514 /system/lib/libdvm.so
I/DEBUG ( 344): #01 pc 00054664 /system/lib/libdvm.so
I/DEBUG ( 344): #02 pc 00013f98 /system/lib/libdvm.so
I/DEBUG ( 344): #03 pc 000198e4 /system/lib/libdvm.so
I/DEBUG ( 344): #04 pc 00018da8 /system/lib/libdvm.so
I/DEBUG ( 344): #05 pc 0004d850 /system/lib/libdvm.so
I/DEBUG ( 344): #06 pc 0004d882 /system/lib/libdvm.so
I/DEBUG ( 344): #07 pc 00034e38 /system/lib/libdvm.so
I/DEBUG ( 344): #08 pc 00034bca /system/lib/libdvm.so
I/DEBUG ( 344): #09 pc 00034c9c /system/lib/libdvm.so
I/DEBUG ( 344): #10 pc 00052236 /system/lib/libdvm.so
I/DEBUG ( 344): #11 pc 0005467c /system/lib/libdvm.so
I/DEBUG ( 344): #12 pc 00013f98 /system/lib/libdvm.so
I/DEBUG ( 344): #13 pc 000198e4 /system/lib/libdvm.so
I/DEBUG ( 344): #14 pc 00018da8 /system/lib/libdvm.so
I/DEBUG ( 344): #15 pc 0004d850 /system/lib/libdvm.so
I/DEBUG ( 344): #16 pc 0004d882 /system/lib/libdvm.so
I/DEBUG ( 344): #17 pc 00057faa /system/lib/libdvm.so
I/DEBUG ( 344): #18 pc 0005802e /system/lib/libdvm.so
I/DEBUG ( 344): #19 pc 0005990e /system/lib/libdvm.so
I/DEBUG ( 344): #20 pc 00013540 /system/lib/libdvm.so
I/DEBUG ( 344): #21 pc 000198e4 /system/lib/libdvm.so
I/DEBUG ( 344): #22 pc 00018da8 /system/lib/libdvm.so
I/DEBUG ( 344): #23 pc 0004d53c /system/lib/libdvm.so
I/DEBUG ( 344): #24 pc 00054ff8 /system/lib/libdvm.so
I/DEBUG ( 344): #25 pc 00013f98 /system/lib/libdvm.so
I/DEBUG ( 344): #26 pc 000198e4 /system/lib/libdvm.so
I/DEBUG ( 344): #27 pc 00018da8 /system/lib/libdvm.so
I/DEBUG ( 344): #28 pc 0004d850 /system/lib/libdvm.so
I/DEBUG ( 344): #29 pc 0003a774 /system/lib/libdvm.so
I/DEBUG ( 344): #30 pc 000296dc /system/lib/libandroid_runtime.so
I/DEBUG ( 344): #31 pc 0002a3c0 /system/lib/libandroid_runtime.so
I/DEBUG ( 344):
I/DEBUG ( 344): code around pc:
I/DEBUG ( 344): ad034504 25001c27 683ce009 d1e92c00 3c14e7f8
I/DEBUG ( 344): ad034514 280068a0 3501d000 2c006824 2000d1f7
I/DEBUG ( 344): ad034524 d0332d00 2c009c00 0069d00b 22002049
I/DEBUG ( 344):
I/DEBUG ( 344): code around lr:
I/DEBUG ( 344): ad0344f0 58ab6818 681933c4 d0064288 fbf2f025
I/DEBUG ( 344): ad034500 d1022800 25001c27 683ce009 d1e92c00
I/DEBUG ( 344): ad034510 3c14e7f8 280068a0 3501d000 2c006824
I/DEBUG ( 344):
I/DEBUG ( 344): stack:
I/DEBUG ( 344): bebd0618 0000bcf0 [heap]
I/DEBUG ( 344): bebd061c ad07ff50 /system/lib/libdvm.so
I/DEBUG ( 344): bebd0620 ad080d3c /system/lib/libdvm.so
I/DEBUG ( 344): bebd0624 00000004
I/DEBUG ( 344): bebd0628 0000001c
I/DEBUG ( 344): bebd062c ad055e0b /system/lib/libdvm.so
I/DEBUG ( 344): bebd0630 0000002e
I/DEBUG ( 344): bebd0634 00000000
I/DEBUG ( 344): bebd0638 0000bcf0 [heap]
I/DEBUG ( 344): bebd063c 00000002
I/DEBUG ( 344): bebd0640 4107b6d8 /dev/ashmem/dalvik-LinearAlloc (deleted)
I/DEBUG ( 344): bebd0644 4104ebb4
I/DEBUG ( 344): bebd0648 ad07ff50 /system/lib/libdvm.so
I/DEBUG ( 344): bebd064c 00000000
I/DEBUG ( 344): bebd0650 4104eba0
I/DEBUG ( 344): bebd0654 ad034501 /system/lib/libdvm.so
I/DEBUG ( 344): #00 bebd0658 00000001
I/DEBUG ( 344): bebd065c 0000035c
I/DEBUG ( 344): bebd0660 00000000
I/DEBUG ( 344): bebd0664 bebd06c8 [stack]
I/DEBUG ( 344): bebd0668 4104eb48
I/DEBUG ( 344): bebd066c bebd06c0 [stack]
I/DEBUG ( 344): bebd0670 4000cae8 /dev/ashmem/mspace/dalvik-heap/zygote/0 (deleted)
I/DEBUG ( 344): bebd0674 ad054669 /system/lib/libdvm.so
I/DEBUG ( 344): #01 bebd0678 417602c8 /data/dalvik-cache/system@framework@core.jar@classes.dex
I/DEBUG ( 344): bebd067c ad013f9c /system/lib/libdvm.so
I/ActivityManager( 151): Starting activity: Intent { act=android.intent.action.MAIN cat=[android.intent.category.LAUNCHER] flg=0x10100000 cmp=org.jtb.alogcat/.LogActivity }
I/NotificationService( 151): enqueueToast pkg=org.jtb.alogcat callback=android.app.ITransientNotification$Stub$Proxy@440a64d8 duration=1
D/alogcat ( 395): stopping ...
D/alogcat ( 395): resumed
I/ActivityManager( 151): Process com.android.settings (pid 480) has died.
D/Zygote ( 136): Process 480 terminated by signal (11)
D/dalvikvm( 395): GC freed 4450 objects / 426936 bytes in 123ms
D/dalvikvm( 395): GC freed 4289 objects / 521344 bytes in 107ms
I/NotificationService( 151): enqueueToast pkg=org.jtb.alogcat callback=android.app.ITransientNotification$Stub$Proxy@44014668 duration=1